000
CDUS45 KFGZ 220827
CLIPRC
CLIMATE REPORT
NATIONAL WEATHER SERVICE FLAGSTAFF, AZ
1255 AM MST MON DEC 22 2014


...................................

...THE PRESCOTT AZ AIRPORT CLIMATE SUMMARY FOR DECEMBER 21 2014...

CLIMATE NORMAL PERIOD 1981 TO 2010
CLIMATE RECORD PERIOD 1948 TO 2014


WEATHER ITEM   OBSERVED TIME   RECORD YEAR NORMAL DEPARTURE LAST
                VALUE   (LST)  VALUE       VALUE  FROM      YEAR
                                                  NORMAL
..................................................................
TEMPERATURE (F)
 YESTERDAY
  MAXIMUM         59    209 PM  70    1969  50      9       48
  MINIMUM         29    725 AM  -3    1967  25      4       26
  AVERAGE         44                        37      7

PRECIPITATION (IN)
  YESTERDAY        0.00          0.30 1997   0.04  -0.04      T
  MONTH TO DATE    1.81                      0.63   1.18     0.31
  SINCE SEP 1      4.56                      3.98   0.58     4.72
  SINCE JAN 1     12.03                     13.64  -1.61    12.94

DEGREE DAYS
 HEATING
  YESTERDAY       21                               -7
  MONTH TO DATE  431                             -122
  SINCE JUL 1   1088                             -339

 COOLING
  YESTERDAY        0                                0
  MONTH TO DATE    0                                0
  SINCE JAN 1   1039                               98
..................................................................


WIND (MPH)
  HIGHEST WIND SPEED    16   HIGHEST WIND DIRECTION     N (340)
  HIGHEST GUST SPEED    19   HIGHEST GUST DIRECTION     N (340)
  AVERAGE WIND SPEED     5.4


SKY COVER
  AVERAGE SKY COVER 0.0


WEATHER CONDITIONS
 THE FOLLOWING WEATHER WAS RECORDED YESTERDAY.
  NO SIGNIFICANT WEATHER WAS OBSERVED.


RELATIVE HUMIDITY (PERCENT)
 HIGHEST    78
 LOWEST     36

..........................................................


THE PRESCOTT AZ AIRPORT CLIMATE NORMALS FOR TODAY
                         NORMAL    RECORD    YEAR
 MAXIMUM TEMPERATURE (F)   50        67      2005
 MINIMUM TEMPERATURE (F)   25        -3      1990


SUNRISE AND SUNSET
DECEMBER 22 2014......SUNRISE   733 AM MST   SUNSET   523 PM MST
DECEMBER 23 2014......SUNRISE   734 AM MST   SUNSET   524 PM MST


-  INDICATES NEGATIVE NUMBERS.
R  INDICATES RECORD WAS SET OR TIED.
MM INDICATES DATA IS MISSING.
T  INDICATES TRACE AMOUNT.




$$
