000
CDUS45 KFGZ 040100
CLIPRC
CLIMATE REPORT
NATIONAL WEATHER SERVICE FLAGSTAFF, AZ
559 PM MST THU SEP 3 2015


...................................

...THE PRESCOTT AZ AIRPORT CLIMATE SUMMARY FOR SEPTEMBER 3 2015...
VALID TODAY AS OF 0500 PM LOCAL TIME.

CLIMATE NORMAL PERIOD 1981 TO 2010
CLIMATE RECORD PERIOD 1948 TO 2015


WEATHER ITEM   OBSERVED TIME   RECORD YEAR NORMAL DEPARTURE LAST
                VALUE   (LST)  VALUE       VALUE  FROM      YEAR
                                                  NORMAL
..................................................................
TEMPERATURE (F)
 TODAY
  MAXIMUM         84    401 PM  97    1948  85     -1       88
  MINIMUM         60    525 AM  44    1961  58      2       57
  AVERAGE         72                        71      1

PRECIPITATION (IN)
  TODAY            0.00          1.12 1970   0.07  -0.07
  MONTH TO DATE    0.00                      0.20  -0.20
  SINCE SEP 1      0.00                      0.20  -0.20
  SINCE JAN 1     12.34                      9.86   2.48

DEGREE DAYS
 HEATING
  TODAY            0                         0      0
  SINCE JUL 1      0                         1     -1

 COOLING
  TODAY            7                         6      1
  SINCE JAN 1    988                       841    147
..................................................................


WIND (MPH)
  HIGHEST WIND SPEED    21   HIGHEST WIND DIRECTION    SW (220)
  HIGHEST GUST SPEED    27   HIGHEST GUST DIRECTION    SW (220)
  AVERAGE WIND SPEED     8.4


SKY COVER
  POSSIBLE SUNSHINE  MM
  AVERAGE SKY COVER 0.3


WEATHER CONDITIONS
 THE FOLLOWING WEATHER WAS RECORDED TODAY.
  NO SIGNIFICANT WEATHER WAS OBSERVED.


RELATIVE HUMIDITY (PERCENT)
 HIGHEST    64           300 AM
 LOWEST     16          1000 AM

..........................................................


THE PRESCOTT AZ AIRPORT CLIMATE NORMALS FOR TOMORROW
                         NORMAL    RECORD    YEAR
 MAXIMUM TEMPERATURE (F)   85        96      1955
 MINIMUM TEMPERATURE (F)   57        40      1961


SUNRISE AND SUNSET
SEPTEMBER  3 2015.....SUNRISE   604 AM MST   SUNSET   654 PM MST
SEPTEMBER  4 2015.....SUNRISE   605 AM MST   SUNSET   652 PM MST


-  INDICATES NEGATIVE NUMBERS.
R  INDICATES RECORD WAS SET OR TIED.
MM INDICATES DATA IS MISSING.
T  INDICATES TRACE AMOUNT.




$$
