000
CDUS45 KFGZ 280803
CLIPRC
CLIMATE REPORT
NATIONAL WEATHER SERVICE FLAGSTAFF, AZ
102 AM MST THU APR 28 2016


...................................

...THE PRESCOTT AZ AIRPORT CLIMATE SUMMARY FOR APRIL 27 2016...

CLIMATE NORMAL PERIOD 1981 TO 2010
CLIMATE RECORD PERIOD 1948 TO 2016


WEATHER ITEM   OBSERVED TIME   RECORD YEAR NORMAL DEPARTURE LAST
                VALUE   (LST)  VALUE       VALUE  FROM      YEAR
                                                  NORMAL
..................................................................
TEMPERATURE (F)
 YESTERDAY
  MAXIMUM         66    346 PM  86    1996  71     -5       71
  MINIMUM         39    523 AM  25    1984  41     -2       39
  AVERAGE         53                        56     -3

PRECIPITATION (IN)
  YESTERDAY        0.02          0.30 1970   0.01   0.01     0.00
  MONTH TO DATE    1.10                      0.46   0.64     0.35
  SINCE SEP 1      6.23                      8.35  -2.12     8.77
  SINCE JAN 1      2.74                      4.04  -1.30     4.09

DEGREE DAYS
 HEATING
  YESTERDAY       12                                3
  MONTH TO DATE  266                              -79
  SINCE JUL 1   3595                             -497

 COOLING
  YESTERDAY        0                                0
  MONTH TO DATE    0                                0
  SINCE JAN 1      0                                0
..................................................................


WIND (MPH)
  HIGHEST WIND SPEED    25   HIGHEST WIND DIRECTION    SW (230)
  HIGHEST GUST SPEED    32   HIGHEST GUST DIRECTION     S (190)
  AVERAGE WIND SPEED    10.5


SKY COVER
  AVERAGE SKY COVER 0.3


WEATHER CONDITIONS
 THE FOLLOWING WEATHER WAS RECORDED YESTERDAY.
  LIGHT RAIN


RELATIVE HUMIDITY (PERCENT)
 HIGHEST    64
 LOWEST     22

..........................................................


THE PRESCOTT AZ AIRPORT CLIMATE NORMALS FOR TODAY
                         NORMAL    RECORD    YEAR
 MAXIMUM TEMPERATURE (F)   71        87      2007
 MINIMUM TEMPERATURE (F)   42        26      1970


SUNRISE AND SUNSET
APRIL 28 2016.........SUNRISE   542 AM MST   SUNSET   713 PM MST
APRIL 29 2016.........SUNRISE   541 AM MST   SUNSET   713 PM MST


-  INDICATES NEGATIVE NUMBERS.
R  INDICATES RECORD WAS SET OR TIED.
MM INDICATES DATA IS MISSING.
T  INDICATES TRACE AMOUNT.




$$
