000
CDUS45 KFGZ 250733
CLIPRC
CLIMATE REPORT
NATIONAL WEATHER SERVICE FLAGSTAFF, AZ
1231 AM MST MON MAY 25 2015


...................................

...THE PRESCOTT AZ AIRPORT CLIMATE SUMMARY FOR MAY 24 2015...

CLIMATE NORMAL PERIOD 1981 TO 2010
CLIMATE RECORD PERIOD 1948 TO 2015


WEATHER ITEM   OBSERVED TIME   RECORD YEAR NORMAL DEPARTURE LAST
                VALUE   (LST)  VALUE       VALUE  FROM      YEAR
                                                  NORMAL
..................................................................
TEMPERATURE (F)
 YESTERDAY
  MAXIMUM         68    446 PM  92    2001  79    -11       73
  MINIMUM         46    558 AM  35    1965  49     -3       44
  AVERAGE         57                        64     -7

PRECIPITATION (IN)
  YESTERDAY        0.00          0.37 1965   0.02  -0.02     0.00
  MONTH TO DATE    1.03                      0.36   0.67      T
  SINCE SEP 1      9.80                      8.75   1.05     5.69
  SINCE JAN 1      5.12                      4.44   0.68     0.97

DEGREE DAYS
 HEATING
  YESTERDAY        8                                5
  MONTH TO DATE  212                               84
  SINCE JUL 1   3471                             -776

 COOLING
  YESTERDAY        0                               -2
  MONTH TO DATE    2                              -21
  SINCE JAN 1      3                              -22
..................................................................


WIND (MPH)
  HIGHEST WIND SPEED    15   HIGHEST WIND DIRECTION     W (250)
  HIGHEST GUST SPEED    19   HIGHEST GUST DIRECTION     W (270)
  AVERAGE WIND SPEED     6.2


SKY COVER
  AVERAGE SKY COVER 0.5


WEATHER CONDITIONS
 THE FOLLOWING WEATHER WAS RECORDED YESTERDAY.
  NO SIGNIFICANT WEATHER WAS OBSERVED.


RELATIVE HUMIDITY (PERCENT)
 HIGHEST    65
 LOWEST     29

..........................................................


THE PRESCOTT AZ AIRPORT CLIMATE NORMALS FOR TODAY
                         NORMAL    RECORD    YEAR
 MAXIMUM TEMPERATURE (F)   80        94      1951
 MINIMUM TEMPERATURE (F)   49        33      1980


SUNRISE AND SUNSET
MAY 25 2015...........SUNRISE   521 AM MST   SUNSET   733 PM MST
MAY 26 2015...........SUNRISE   520 AM MST   SUNSET   734 PM MST


-  INDICATES NEGATIVE NUMBERS.
R  INDICATES RECORD WAS SET OR TIED.
MM INDICATES DATA IS MISSING.
T  INDICATES TRACE AMOUNT.




$$
