000
CDUS45 KFGZ 210740
CLIPRC
CLIMATE REPORT
NATIONAL WEATHER SERVICE FLAGSTAFF, AZ
1238 AM MST MON AUG 21 2017


...................................

...THE PRESCOTT AZ AIRPORT CLIMATE SUMMARY FOR AUGUST 20 2017...

CLIMATE NORMAL PERIOD 1981 TO 2010
CLIMATE RECORD PERIOD 1948 TO 2017


WEATHER ITEM   OBSERVED TIME   RECORD YEAR NORMAL DEPARTURE LAST
                VALUE   (LST)  VALUE       VALUE  FROM      YEAR
                                                  NORMAL
..................................................................
TEMPERATURE (F)
 YESTERDAY
  MAXIMUM         85    354 PM  97    2009  86     -1       85
  MINIMUM         63    648 AM  50    1979  60      3       61
  AVERAGE         74                        73      1

PRECIPITATION (IN)
  YESTERDAY        T             1.40 1957   0.09  -0.09     0.10
  MONTH TO DATE    2.19                      1.78   0.41     3.58
  SINCE SEP 1     18.36                     13.13   5.23    11.97
  SINCE JAN 1     11.61                      8.82   2.79     8.48

DEGREE DAYS
 HEATING
  YESTERDAY        0                                0
  MONTH TO DATE    0                                0
  SINCE JUL 1      0                                0

 COOLING
  YESTERDAY        9                                1
  MONTH TO DATE  160                              -23
  SINCE JAN 1    902                              164
..................................................................


WIND (MPH)
  HIGHEST WIND SPEED    15   HIGHEST WIND DIRECTION     E (80)
  HIGHEST GUST SPEED    21   HIGHEST GUST DIRECTION     E (90)
  AVERAGE WIND SPEED     5.7


SKY COVER
  AVERAGE SKY COVER 0.3


WEATHER CONDITIONS
 THE FOLLOWING WEATHER WAS RECORDED YESTERDAY.
  THUNDERSTORM
  LIGHT RAIN


RELATIVE HUMIDITY (PERCENT)
 HIGHEST    73
 LOWEST     27

..........................................................


THE PRESCOTT AZ AIRPORT CLIMATE NORMALS FOR TODAY
                         NORMAL    RECORD    YEAR
 MAXIMUM TEMPERATURE (F)   86        96      2007
 MINIMUM TEMPERATURE (F)   60        48      1990


SUNRISE AND SUNSET
AUGUST 21 2017........SUNRISE   555 AM MST   SUNSET   710 PM MST
AUGUST 22 2017........SUNRISE   556 AM MST   SUNSET   709 PM MST


-  INDICATES NEGATIVE NUMBERS.
R  INDICATES RECORD WAS SET OR TIED.
MM INDICATES DATA IS MISSING.
T  INDICATES TRACE AMOUNT.




$$
