000
CDUS45 KFGZ 020101
CLIPRC
CLIMATE REPORT
NATIONAL WEATHER SERVICE FLAGSTAFF, AZ
600 PM MST MON SEP 1 2014


...................................

...THE PRESCOTT AZ AIRPORT CLIMATE SUMMARY FOR SEPTEMBER 1 2014...
VALID TODAY AS OF 0500 PM LOCAL TIME.

CLIMATE NORMAL PERIOD 1981 TO 2010
CLIMATE RECORD PERIOD 1948 TO 2014


WEATHER ITEM   OBSERVED TIME   RECORD YEAR NORMAL DEPARTURE LAST
                VALUE   (LST)  VALUE       VALUE  FROM      YEAR
                                                  NORMAL
..................................................................
TEMPERATURE (F)
 TODAY
  MAXIMUM         87    426 PM 101    1950  85      2       84
  MINIMUM         57    559 AM  45    1951  58     -1       61
  AVERAGE         72                        72      0

PRECIPITATION (IN)
  TODAY            0.00          0.82 1991   0.07  -0.07
  MONTH TO DATE    0.00                      0.07  -0.07
  SINCE SEP 1      0.00                      0.07  -0.07
  SINCE JAN 1      7.47                      9.73  -2.26

DEGREE DAYS
 HEATING
  TODAY            0                         0      0
  SINCE JUL 1      3                         1      2

 COOLING
  TODAY            7                         7      0
  SINCE JAN 1    901                       828     73
..................................................................


WIND (MPH)
  HIGHEST WIND SPEED    13   HIGHEST WIND DIRECTION     N (350)
  HIGHEST GUST SPEED    20   HIGHEST GUST DIRECTION     N (20)
  AVERAGE WIND SPEED     5.3


SKY COVER
  POSSIBLE SUNSHINE  MM
  AVERAGE SKY COVER 0.0


WEATHER CONDITIONS
 THE FOLLOWING WEATHER WAS RECORDED TODAY.
  NO SIGNIFICANT WEATHER WAS OBSERVED.


RELATIVE HUMIDITY (PERCENT)
 HIGHEST    62           600 AM
 LOWEST     21           400 PM

..........................................................


THE PRESCOTT AZ AIRPORT CLIMATE NORMALS FOR TOMORROW
                         NORMAL    RECORD    YEAR
 MAXIMUM TEMPERATURE (F)   85        99      1948
 MINIMUM TEMPERATURE (F)   58        44      1951


SUNRISE AND SUNSET
SEPTEMBER  1 2014.....SUNRISE   603 AM MST   SUNSET   656 PM MST
SEPTEMBER  2 2014.....SUNRISE   603 AM MST   SUNSET   655 PM MST


-  INDICATES NEGATIVE NUMBERS.
R  INDICATES RECORD WAS SET OR TIED.
MM INDICATES DATA IS MISSING.
T  INDICATES TRACE AMOUNT.




$$
