000
CDUS45 KFGZ 110737
CLIPRC
CLIMATE REPORT
NATIONAL WEATHER SERVICE FLAGSTAFF, AZ
1236 AM MST MON DEC 11 2017


...................................

...THE PRESCOTT AZ AIRPORT CLIMATE SUMMARY FOR DECEMBER 10 2017...

CLIMATE NORMAL PERIOD 1981 TO 2010
CLIMATE RECORD PERIOD 1948 TO 2017


WEATHER ITEM   OBSERVED TIME   RECORD YEAR NORMAL DEPARTURE LAST
                VALUE   (LST)  VALUE       VALUE  FROM      YEAR
                                                  NORMAL
..................................................................
TEMPERATURE (F)
 YESTERDAY
  MAXIMUM         62    309 PM  71    1950  52     10       61
  MINIMUM         24    807 AM  10    2013  25     -1       28
                                      1972
  AVERAGE         43                        38      5

PRECIPITATION (IN)
  YESTERDAY        0.00          0.96 1965   0.03  -0.03     0.00
  MONTH TO DATE    0.00                      0.30  -0.30     0.00
  SINCE SEP 1      0.53                      3.65  -3.12     4.09
  SINCE JAN 1     12.38                     13.31  -0.93    14.85

DEGREE DAYS
 HEATING
  YESTERDAY       22                               -4
  MONTH TO DATE  199                              -55
  SINCE JUL 1    744                             -384

 COOLING
  YESTERDAY        0                                0
  MONTH TO DATE    0                                0
  SINCE JAN 1   1145                              204
..................................................................


WIND (MPH)
  HIGHEST WIND SPEED    10   HIGHEST WIND DIRECTION     S (200)
  HIGHEST GUST SPEED    14   HIGHEST GUST DIRECTION     S (180)
  AVERAGE WIND SPEED     3.0


SKY COVER
  AVERAGE SKY COVER 0.0


WEATHER CONDITIONS
 THE FOLLOWING WEATHER WAS RECORDED YESTERDAY.
  NO SIGNIFICANT WEATHER WAS OBSERVED.


RELATIVE HUMIDITY (PERCENT)
 HIGHEST    46
 LOWEST      9

..........................................................


THE PRESCOTT AZ AIRPORT CLIMATE NORMALS FOR TODAY
                         NORMAL    RECORD    YEAR
 MAXIMUM TEMPERATURE (F)   51        73      1950
 MINIMUM TEMPERATURE (F)   25         2      1949


SUNRISE AND SUNSET
DECEMBER 11 2017......SUNRISE   727 AM MST   SUNSET   519 PM MST
DECEMBER 12 2017......SUNRISE   728 AM MST   SUNSET   520 PM MST


-  INDICATES NEGATIVE NUMBERS.
R  INDICATES RECORD WAS SET OR TIED.
MM INDICATES DATA IS MISSING.
T  INDICATES TRACE AMOUNT.




$$
