000
CDUS45 KFGZ 220816
CLIPRC
CLIMATE REPORT
NATIONAL WEATHER SERVICE FLAGSTAFF, AZ
114 AM MST THU FEB 22 2018


...................................

...THE PRESCOTT AZ AIRPORT CLIMATE SUMMARY FOR FEBRUARY 21 2018...

CLIMATE NORMAL PERIOD 1981 TO 2010
CLIMATE RECORD PERIOD 1948 TO 2018


WEATHER ITEM   OBSERVED TIME   RECORD YEAR NORMAL DEPARTURE LAST
                VALUE   (LST)  VALUE       VALUE  FROM      YEAR
                                                  NORMAL
..................................................................
TEMPERATURE (F)
 YESTERDAY
  MAXIMUM         44    238 PM  73    2016  56    -12       66
  MINIMUM         16    654 AM   7    1955  29    -13       34
  AVERAGE         30                        42    -12

PRECIPITATION (IN)
  YESTERDAY        0.00          0.73 2000   0.06  -0.06     0.00
  MONTH TO DATE    0.20                      1.02  -0.82     0.48
  SINCE SEP 1      1.44                      6.45  -5.01     9.16
  SINCE JAN 1      0.91                      2.14  -1.23     2.41

DEGREE DAYS
 HEATING
  YESTERDAY       35                               12
  MONTH TO DATE  422                              -81
  SINCE JUL 1   2271                             -749

 COOLING
  YESTERDAY        0                                0
  MONTH TO DATE    0                                0
  SINCE JAN 1      0                                0
..................................................................


WIND (MPH)
  HIGHEST WIND SPEED    16   HIGHEST WIND DIRECTION    SW (230)
  HIGHEST GUST SPEED    23   HIGHEST GUST DIRECTION     S (200)
  AVERAGE WIND SPEED     7.0


SKY COVER
  AVERAGE SKY COVER 0.4


WEATHER CONDITIONS
 THE FOLLOWING WEATHER WAS RECORDED YESTERDAY.
  NO SIGNIFICANT WEATHER WAS OBSERVED.


RELATIVE HUMIDITY (PERCENT)
 HIGHEST    73
 LOWEST     17

..........................................................


THE PRESCOTT AZ AIRPORT CLIMATE NORMALS FOR TODAY
                         NORMAL    RECORD    YEAR
 MAXIMUM TEMPERATURE (F)   56        71      2002
 MINIMUM TEMPERATURE (F)   29        10      1955


SUNRISE AND SUNSET
FEBRUARY 22 2018......SUNRISE   707 AM MST   SUNSET   620 PM MST
FEBRUARY 23 2018......SUNRISE   706 AM MST   SUNSET   620 PM MST


-  INDICATES NEGATIVE NUMBERS.
R  INDICATES RECORD WAS SET OR TIED.
MM INDICATES DATA IS MISSING.
T  INDICATES TRACE AMOUNT.




$$
