000
CDUS45 KFGZ 250840
CLIPRC
CLIMATE REPORT
NATIONAL WEATHER SERVICE FLAGSTAFF, AZ
137 AM MST FRI JUL 25 2014


...................................

...THE PRESCOTT AZ AIRPORT CLIMATE SUMMARY FOR JULY 24 2014...

CLIMATE NORMAL PERIOD 1981 TO 2010
CLIMATE RECORD PERIOD 1948 TO 2014


WEATHER ITEM   OBSERVED TIME   RECORD YEAR NORMAL DEPARTURE LAST
                VALUE   (LST)  VALUE       VALUE  FROM      YEAR
                                                  NORMAL
..................................................................
TEMPERATURE (F)
 YESTERDAY
  MAXIMUM         90   1113 AM 101    1996  89      1       90
  MINIMUM         68   1159 PM  54    1995  63      5       63
  AVERAGE         79                        76      3

PRECIPITATION (IN)
  YESTERDAY        0.05          1.52 1970   0.09  -0.04     0.00
  MONTH TO DATE    1.14                      1.48  -0.34     0.85
  SINCE SEP 1      6.83                     10.72  -3.89     5.33
  SINCE JAN 1      2.11                      6.41  -4.30     3.37

DEGREE DAYS
 HEATING
  YESTERDAY        0                                0
  MONTH TO DATE    0                                0
  SINCE JUL 1      0                                0

 COOLING
  YESTERDAY       14                                3
  MONTH TO DATE  285                               28
  SINCE JAN 1    591                              106
..................................................................


WIND (MPH)
  HIGHEST WIND SPEED    23   HIGHEST WIND DIRECTION     N (10)
  HIGHEST GUST SPEED    29   HIGHEST GUST DIRECTION    NW (310)
  AVERAGE WIND SPEED     8.3


SKY COVER
  AVERAGE SKY COVER 0.6


WEATHER CONDITIONS
 THE FOLLOWING WEATHER WAS RECORDED YESTERDAY.
  THUNDERSTORM
  LIGHT RAIN


RELATIVE HUMIDITY (PERCENT)
 HIGHEST    61
 LOWEST     27

..........................................................


THE PRESCOTT AZ AIRPORT CLIMATE NORMALS FOR TODAY
                         NORMAL    RECORD    YEAR
 MAXIMUM TEMPERATURE (F)   89        99      1995
 MINIMUM TEMPERATURE (F)   63        55      1986


SUNRISE AND SUNSET
JULY 25 2014..........SUNRISE   535 AM MST   SUNSET   737 PM MST
JULY 26 2014..........SUNRISE   536 AM MST   SUNSET   737 PM MST


-  INDICATES NEGATIVE NUMBERS.
R  INDICATES RECORD WAS SET OR TIED.
MM INDICATES DATA IS MISSING.
T  INDICATES TRACE AMOUNT.




$$
