000
CDUS45 KFGZ 270800
CLIPRC
CLIMATE REPORT
NATIONAL WEATHER SERVICE FLAGSTAFF, AZ
1250 AM MST TUE JUN 27 2017


...................................

...THE PRESCOTT AZ AIRPORT CLIMATE SUMMARY FOR JUNE 26 2017...

CLIMATE NORMAL PERIOD 1981 TO 2010
CLIMATE RECORD PERIOD 1948 TO 2017


WEATHER ITEM   OBSERVED TIME   RECORD YEAR NORMAL DEPARTURE LAST
                VALUE   (LST)  VALUE       VALUE  FROM      YEAR
                                                  NORMAL
..................................................................
TEMPERATURE (F)
 YESTERDAY
  MAXIMUM         97    402 PM 103    1990  89      8       97
  MINIMUM         65    349 AM  46    1985  58      7       64
  AVERAGE         81                        74      7

PRECIPITATION (IN)
  YESTERDAY        0.00          0.20 1981   0.02  -0.02     0.00
  MONTH TO DATE    0.00                      0.30  -0.30     0.04
  SINCE SEP 1     11.65                      9.15   2.50     7.31
  SINCE JAN 1      4.90                      4.84   0.06     3.82

DEGREE DAYS
 HEATING
  YESTERDAY        0                                0
  MONTH TO DATE    6                              -10
  SINCE JUL 1   3543                             -736

 COOLING
  YESTERDAY       16                                7
  MONTH TO DATE  277                              129
  SINCE JAN 1    310                              120
..................................................................


WIND (MPH)
  HIGHEST WIND SPEED    23   HIGHEST WIND DIRECTION     W (260)
  HIGHEST GUST SPEED    33   HIGHEST GUST DIRECTION    SW (240)
  AVERAGE WIND SPEED    10.0


SKY COVER
  AVERAGE SKY COVER 0.0


WEATHER CONDITIONS
 THE FOLLOWING WEATHER WAS RECORDED YESTERDAY.
  NO SIGNIFICANT WEATHER WAS OBSERVED.


RELATIVE HUMIDITY (PERCENT)
 HIGHEST    42
 LOWEST      7

..........................................................


THE PRESCOTT AZ AIRPORT CLIMATE NORMALS FOR TODAY
                         NORMAL    RECORD    YEAR
 MAXIMUM TEMPERATURE (F)   89       100      1986
 MINIMUM TEMPERATURE (F)   58        41      1965


SUNRISE AND SUNSET
JUNE 27 2017..........SUNRISE   519 AM MST   SUNSET   747 PM MST
JUNE 28 2017..........SUNRISE   519 AM MST   SUNSET   747 PM MST


-  INDICATES NEGATIVE NUMBERS.
R  INDICATES RECORD WAS SET OR TIED.
MM INDICATES DATA IS MISSING.
T  INDICATES TRACE AMOUNT.




$$
