218
CDUS45 KFGZ 180821
CLIPRC
CLIMATE REPORT
NATIONAL WEATHER SERVICE FLAGSTAFF, AZ
121 AM MST WED OCT 18 2017


...................................

...THE PRESCOTT AZ AIRPORT CLIMATE SUMMARY FOR OCTOBER 17 2017...

CLIMATE NORMAL PERIOD 1981 TO 2010
CLIMATE RECORD PERIOD 1948 TO 2017


WEATHER ITEM   OBSERVED TIME   RECORD YEAR NORMAL DEPARTURE LAST
                VALUE   (LST)  VALUE       VALUE  FROM      YEAR
                                                  NORMAL
..................................................................
TEMPERATURE (F)
 YESTERDAY
  MAXIMUM         83    326 PM  86    2009  71     12       76
  MINIMUM         44    542 AM  27    1998  41      3       51
  AVERAGE         64                        56      8

PRECIPITATION (IN)
  YESTERDAY        0.00          0.71 1972   0.03  -0.03     0.00
  MONTH TO DATE    0.00                      0.54  -0.54     0.58
  SINCE SEP 1      0.53                      2.05  -1.52     2.91
  SINCE JAN 1     12.38                     11.71   0.67    13.67

DEGREE DAYS
 HEATING
  YESTERDAY        1                               -8
  MONTH TO DATE   72                              -36
  SINCE JUL 1    141                               -5

 COOLING
  YESTERDAY        0                                0
  MONTH TO DATE    3                               -2
  SINCE JAN 1   1144                              204
..................................................................


WIND (MPH)
  HIGHEST WIND SPEED    12   HIGHEST WIND DIRECTION     N (20)
  HIGHEST GUST SPEED    14   HIGHEST GUST DIRECTION     N (10)
  AVERAGE WIND SPEED     4.1


SKY COVER
  AVERAGE SKY COVER 0.0


WEATHER CONDITIONS
 THE FOLLOWING WEATHER WAS RECORDED YESTERDAY.
  HAZE


RELATIVE HUMIDITY (PERCENT)
 HIGHEST    50
 LOWEST     14

..........................................................


THE PRESCOTT AZ AIRPORT CLIMATE NORMALS FOR TODAY
                         NORMAL    RECORD    YEAR
 MAXIMUM TEMPERATURE (F)   71        86      2003
 MINIMUM TEMPERATURE (F)   41        29      1984


SUNRISE AND SUNSET
OCTOBER 18 2017.......SUNRISE   638 AM MST   SUNSET   551 PM MST
OCTOBER 19 2017.......SUNRISE   639 AM MST   SUNSET   550 PM MST


-  INDICATES NEGATIVE NUMBERS.
R  INDICATES RECORD WAS SET OR TIED.
MM INDICATES DATA IS MISSING.
T  INDICATES TRACE AMOUNT.




$$
