000
CDUS46 KPDT 290836 RRA
CLIPSC

CLIMATE REPORT
NATIONAL WEATHER SERVICE PENDLETON OR
132 AM PDT SAT APR 29 2017


...................................

...THE PASCO WA CLIMATE SUMMARY FOR APRIL 28 2017...

CLIMATE NORMAL PERIOD 1981 TO 2010
CLIMATE RECORD PERIOD 1948 TO 2017


WEATHER ITEM   OBSERVED TIME   RECORD YEAR NORMAL DEPARTURE LAST
                VALUE   (LST)  VALUE       VALUE  FROM      YEAR
                                                  NORMAL
..................................................................
TEMPERATURE (F)
 YESTERDAY
  MAXIMUM         67    339 PM  86    2015  71     -4       75
  MINIMUM         37    428 AM  30    1996  40     -3       45
  AVERAGE         52                        56     -4       60

PRECIPITATION (IN)
  YESTERDAY        0.00          0.58 1995   0.02  -0.02     0.00
  MONTH TO DATE    1.19                      0.61   0.58     0.28
  SINCE OCT 1      8.96                      6.43   2.53     5.79
  SINCE JAN 1      5.19                      3.48   1.71     3.03

SNOWFALL (IN)
  YESTERDAY        0.0
  SNOW DEPTH       0

DEGREE DAYS
 HEATING
  YESTERDAY       13                        10      3        5
  MONTH TO DATE  349                       344      5      180
  SINCE MAR 1    882                       922    -40      709
  SINCE JUL 1   5204                      4805    399     4227

 COOLING
  YESTERDAY        0                         0      0        0
  MONTH TO DATE    0                         0      0        4
  SINCE MAR 1      0                         0      0        4
  SINCE JAN 1      0                         0      0        4
..................................................................


WIND (MPH)
  RESULTANT WIND SPEED   6   RESULTANT WIND DIRECTION  SW (220)
  HIGHEST WIND SPEED    14   HIGHEST WIND DIRECTION     S (190)
  HIGHEST GUST SPEED    19   HIGHEST GUST DIRECTION    SW (240)


SKY COVER
  POSSIBLE SUNSHINE  MM
  AVERAGE SKY COVER 0.2


WEATHER CONDITIONS
 THE FOLLOWING WEATHER WAS RECORDED YESTERDAY.
  NO SIGNIFICANT WEATHER WAS OBSERVED.


RELATIVE HUMIDITY (PERCENT)
 HIGHEST    70
 LOWEST     26
 AVERAGE    48

..........................................................


THE PASCO WA CLIMATE NORMALS FOR TODAY
                         NORMAL    RECORD    YEAR
 MAXIMUM TEMPERATURE (F)   71        89      1998
 MINIMUM TEMPERATURE (F)   40        31      2014


SUNRISE AND SUNSET
APRIL 29 2017.........SUNRISE   545 AM PDT   SUNSET   803 PM PDT
APRIL 30 2017.........SUNRISE   544 AM PDT   SUNSET   804 PM PDT


-  INDICATES NEGATIVE NUMBERS.
R  INDICATES RECORD WAS SET OR TIED.
MM INDICATES DATA IS MISSING.
T  INDICATES TRACE AMOUNT.

$$
