000
CDUS46 KPDT 230039
CLIPSC

CLIMATE REPORT
NATIONAL WEATHER SERVICE PENDLETON OR
439 PM PST SAT NOV 22 2014


...................................

...THE PASCO WA CLIMATE SUMMARY FOR NOVEMBER 22 2014...
VALID TODAY AS OF 0400 PM LOCAL TIME.

CLIMATE NORMAL PERIOD 1981 TO 2010
CLIMATE RECORD PERIOD 1948 TO 2014


WEATHER ITEM   OBSERVED TIME   RECORD YEAR NORMAL DEPARTURE LAST
                VALUE   (LST)  VALUE       VALUE  FROM      YEAR
                                                  NORMAL
..................................................................
TEMPERATURE (F)
 TODAY
  MAXIMUM         50    304 PM  66    2011  47      3       39
  MINIMUM         31    301 AM   9    2013  31      0        9
  AVERAGE         41                        39      2       24

PRECIPITATION (IN)
  TODAY            0.01          0.44 1992   0.04  -0.03     0.00
  MONTH TO DATE    0.46                      0.76  -0.30     0.40
  SINCE OCT 1      1.17                      1.41  -0.24     0.44
  SINCE JAN 1      4.28                      7.29  -3.01     4.75

SNOWFALL (IN)
  TODAY            0.0
  SNOW DEPTH       0

DEGREE DAYS
 HEATING
  TODAY           24                        26     -2       41
  MONTH TO DATE  603                       490    113      493
  SINCE SEP 1    884                       996   -112     1046
  SINCE JUL 1    884                      1008   -124     1046

 COOLING
  TODAY            0                         0      0        0
  MONTH TO DATE    0                         0      0        0
  SINCE SEP 1     73                        53     20      133
  SINCE JAN 1    991                       710    281      995
..................................................................


WIND (MPH)
  RESULTANT WIND SPEED   4   RESULTANT WIND DIRECTION  SW (220)
  HIGHEST WIND SPEED    17   HIGHEST WIND DIRECTION    SW (230)
  HIGHEST GUST SPEED    22   HIGHEST GUST DIRECTION    SW (220)


SKY COVER
  POSSIBLE SUNSHINE  MM
  AVERAGE SKY COVER 0.3


WEATHER CONDITIONS
 THE FOLLOWING WEATHER WAS RECORDED TODAY.
  LIGHT RAIN
  FOG


RELATIVE HUMIDITY (PERCENT)
 HIGHEST   100
 LOWEST     71
 AVERAGE    86

..........................................................


THE PASCO WA CLIMATE NORMALS FOR TOMORROW
                         NORMAL    RECORD    YEAR
 MAXIMUM TEMPERATURE (F)   46        70      2011
 MINIMUM TEMPERATURE (F)   31        -5      2010


SUNRISE AND SUNSET
NOVEMBER 22 2014......SUNRISE   707 AM PST   SUNSET   417 PM PST
NOVEMBER 23 2014......SUNRISE   709 AM PST   SUNSET   417 PM PST


-  INDICATES NEGATIVE NUMBERS.
R  INDICATES RECORD WAS SET OR TIED.
MM INDICATES DATA IS MISSING.
T  INDICATES TRACE AMOUNT.

$$
