000
CDUS46 KPDT 290829
CLIPSC

CLIMATE REPORT
NATIONAL WEATHER SERVICE PENDLETON OR
127 AM PDT FRI JUL 29 2016


...................................

...THE PASCO WA CLIMATE SUMMARY FOR JULY 28 2016...

CLIMATE NORMAL PERIOD 1981 TO 2010
CLIMATE RECORD PERIOD 1948 TO 2016


WEATHER ITEM   OBSERVED TIME   RECORD YEAR NORMAL DEPARTURE LAST
                VALUE   (LST)  VALUE       VALUE  FROM      YEAR
                                                  NORMAL
..................................................................
TEMPERATURE (F)
 YESTERDAY
  MAXIMUM        102    428 PM 110    1998  93      9       88
  MINIMUM         60    459 AM  48    2015  58      2       48
  AVERAGE         81                        75      6       68

PRECIPITATION (IN)
  YESTERDAY        0.00         MM      MM   0.01  -0.01     0.00
  MONTH TO DATE    0.33                      0.27   0.06      T
  SINCE OCT 1      8.10                      8.15  -0.05     5.57
  SINCE JAN 1      5.34                      5.20   0.14     3.20

SNOWFALL (IN)
  YESTERDAY        0.0
  SNOW DEPTH       0

DEGREE DAYS
 HEATING
  YESTERDAY        0                         0      0        0
  MONTH TO DATE    0                         1     -1        0
  SINCE JUN 1     30                        33     -3        1
  SINCE JUL 1      0                         1     -1        0

 COOLING
  YESTERDAY       16                        10      6        3
  MONTH TO DATE  231                       237     -6      358
  SINCE JUN 1    407                       346     61      674
  SINCE JAN 1    440                       379     61      756
..................................................................


WIND (MPH)
  RESULTANT WIND SPEED   3   RESULTANT WIND DIRECTION   N (20)
  HIGHEST WIND SPEED    12   HIGHEST WIND DIRECTION     N (340)
  HIGHEST GUST SPEED    15   HIGHEST GUST DIRECTION     N (10)


SKY COVER
  POSSIBLE SUNSHINE  MM
  AVERAGE SKY COVER 0.0


WEATHER CONDITIONS
 THE FOLLOWING WEATHER WAS RECORDED YESTERDAY.
  NO SIGNIFICANT WEATHER WAS OBSERVED.


RELATIVE HUMIDITY (PERCENT)
 HIGHEST    84
 LOWEST     16
 AVERAGE    50

..........................................................


THE PASCO WA CLIMATE NORMALS FOR TODAY
                         NORMAL    RECORD    YEAR
 MAXIMUM TEMPERATURE (F)   93       107      2014
 MINIMUM TEMPERATURE (F)   58        48      2015


SUNRISE AND SUNSET
JULY 29 2016..........SUNRISE   535 AM PDT   SUNSET   830 PM PDT
JULY 30 2016..........SUNRISE   536 AM PDT   SUNSET   829 PM PDT


-  INDICATES NEGATIVE NUMBERS.
R  INDICATES RECORD WAS SET OR TIED.
MM INDICATES DATA IS MISSING.
T  INDICATES TRACE AMOUNT.




$$
