000
CDUS46 KPDT 300851
CLIPSC

CLIMATE REPORT
NATIONAL WEATHER SERVICE PENDLETON OR
127 AM PDT WED JUL 30 2014


...................................

...THE PASCO WA CLIMATE SUMMARY FOR JULY 29 2014...

CLIMATE NORMAL PERIOD 1981 TO 2010
CLIMATE RECORD PERIOD 1948 TO 2014


WEATHER ITEM   OBSERVED TIME   RECORD YEAR NORMAL DEPARTURE LAST
                VALUE   (LST)  VALUE       VALUE  FROM      YEAR
                                                  NORMAL
..................................................................
TEMPERATURE (F)
 YESTERDAY
  MAXIMUM        107R   444 PM 105    2003  93     14       91
  MINIMUM         58    458 AM  54    2011  58      0       59
                                      1989
  AVERAGE         83                        75      8       75

PRECIPITATION (IN)
  YESTERDAY        0.00         MM      MM   0.00   0.00     0.00
  MONTH TO DATE    0.03                      0.27  -0.24      T
  SINCE OCT 1      3.17                      8.15  -4.98     6.30
  SINCE JAN 1      2.59                      5.20  -2.61     2.94

SNOWFALL (IN)
  YESTERDAY        0.0
  SNOW DEPTH       0

DEGREE DAYS
 HEATING
  YESTERDAY        0                         0      0        0
  MONTH TO DATE    0                         1     -1        0
  SINCE JUN 1     18                        33    -15       19
  SINCE JUL 1      0                         1     -1        0

 COOLING
  YESTERDAY       18                        10      8       10
  MONTH TO DATE  400                       247    153      356
  SINCE JUN 1    511                       356    155      480
  SINCE JAN 1    545                       389    156      526
..................................................................


WIND (MPH)
  RESULTANT WIND SPEED   2   RESULTANT WIND DIRECTION  NW (330)
  HIGHEST WIND SPEED    20   HIGHEST WIND DIRECTION     W (250)
  HIGHEST GUST SPEED    29   HIGHEST GUST DIRECTION    SW (230)


SKY COVER
  POSSIBLE SUNSHINE  MM
  AVERAGE SKY COVER 0.0


WEATHER CONDITIONS
 THE FOLLOWING WEATHER WAS RECORDED YESTERDAY.
  NO SIGNIFICANT WEATHER WAS OBSERVED.


RELATIVE HUMIDITY (PERCENT)
 HIGHEST    93
 LOWEST     12
 AVERAGE    53

..........................................................


THE PASCO WA CLIMATE NORMALS FOR TODAY
                         NORMAL    RECORD    YEAR
 MAXIMUM TEMPERATURE (F)   93       107      2003
 MINIMUM TEMPERATURE (F)   58        53      2001


SUNRISE AND SUNSET
JULY 30 2014..........SUNRISE   536 AM PDT   SUNSET   829 PM PDT
JULY 31 2014..........SUNRISE   537 AM PDT   SUNSET   828 PM PDT


-  INDICATES NEGATIVE NUMBERS.
R  INDICATES RECORD WAS SET OR TIED.
MM INDICATES DATA IS MISSING.
T  INDICATES TRACE AMOUNT.




$$
