826
CDUS46 KSGX 250020
CLIPSP


CLIMATE REPORT
NATIONAL WEATHER SERVICE SAN DIEGO, CA
419 PM PST TUE JAN 24 2017


...................................

...THE PALM SPRINGS INTL AIRPORT CA CLIMATE SUMMARY FOR JANUARY 24 2017...
VALID TODAY AS OF 0400 PM LOCAL TIME.

CLIMATE NORMAL PERIOD 1981 TO 2010
CLIMATE RECORD PERIOD 1893 TO 2017


WEATHER ITEM   OBSERVED TIME   RECORD YEAR NORMAL DEPARTURE LAST
                VALUE   (LST)  VALUE       VALUE  FROM      YEAR
                                                  NORMAL
..................................................................
TEMPERATURE (F)
 TODAY
  MAXIMUM         59    123 PM  89    1951  70    -11       72
                                      1948
  MINIMUM         38    109 AM  23    1937  47     -9       44
  AVERAGE         49                        58     -9       58

PRECIPITATION (IN)
  TODAY            0.00          0.21 1995   0.02  -0.02     0.00
                                      1940
  MONTH TO DATE    3.53                      0.90   2.63     2.12
  SINCE OCT 1      5.32                      2.75   2.57     2.31
  SINCE JAN 1      3.53                      0.90   2.63     2.12

DEGREE DAYS
 HEATING
  TODAY           16                         7      9        7
  MONTH TO DATE  234                       192     42      221
  SINCE DEC 1    456                       482    -26      516
  SINCE JUL 1    517                       578    -61      623

 COOLING
  TODAY            0                         0      0        0
  MONTH TO DATE    0                         0      0        0
  SINCE DEC 1      1                         4     -3        0
  SINCE JAN 1      0                         0      0        0
..................................................................


WIND (MPH)
  RESULTANT WIND SPEED   1   RESULTANT WIND DIRECTION   S (170)
  HIGHEST WIND SPEED     8   HIGHEST WIND DIRECTION    SE (130)
  HIGHEST GUST SPEED    11   HIGHEST GUST DIRECTION     S (170)
  AVERAGE WIND SPEED     3.5


SKY COVER
  POSSIBLE SUNSHINE  MM
  AVERAGE SKY COVER 0.1


WEATHER CONDITIONS
 THE FOLLOWING WEATHER WAS RECORDED TODAY.
  NO SIGNIFICANT WEATHER WAS OBSERVED.


RELATIVE HUMIDITY (PERCENT)
 HIGHEST    93          1200 AM
 LOWEST     38           100 PM
 AVERAGE    66

..........................................................


THE PALM SPRINGS INTL AIRPORT CA CLIMATE NORMALS FOR TOMORROW
                         NORMAL    RECORD    YEAR
 MAXIMUM TEMPERATURE (F)   70        90      1948
 MINIMUM TEMPERATURE (F)   47        28      1932


SUNRISE AND SUNSET
JANUARY 24 2017.......SUNRISE   647 AM PST   SUNSET   509 PM PST
JANUARY 25 2017.......SUNRISE   647 AM PST   SUNSET   510 PM PST


-  INDICATES NEGATIVE NUMBERS.
R  INDICATES RECORD WAS SET OR TIED.
MM INDICATES DATA IS MISSING.
T  INDICATES TRACE AMOUNT.




$$
