000
CDUS46 KSGX 301417
CLIPSP


CLIMATE REPORT
NATIONAL WEATHER SERVICE SAN DIEGO, CA
716 AM PDT SAT APR 30 2016


...................................

...THE PALM SPRINGS INTL AIRPORT CA CLIMATE SUMMARY FOR APRIL 29 2016...

CLIMATE NORMAL PERIOD 1981 TO 2010
CLIMATE RECORD PERIOD 1893 TO 2016


WEATHER ITEM   OBSERVED TIME   RECORD YEAR NORMAL DEPARTURE LAST
                VALUE   (LST)  VALUE       VALUE  FROM      YEAR
                                                  NORMAL
..................................................................
TEMPERATURE (F)
 YESTERDAY
  MAXIMUM         86    241 PM 106    2013  88     -2      100
                                      1959
  MINIMUM         59    517 AM  39    1970  61     -2       72
  AVERAGE         73                        74     -1       86

PRECIPITATION (IN)
  YESTERDAY        0.00          0.60 1942   0.01  -0.01     0.00
  MONTH TO DATE    0.14                      0.11   0.03      T
  SINCE OCT 1      2.61                      4.60  -1.99     2.09
  SINCE JAN 1      2.42                      2.75  -0.33     1.22

DEGREE DAYS
 HEATING
  YESTERDAY        0                         0      0        0
  MONTH TO DATE    0                        17    -17        1
  SINCE MAR 1     28                        90    -62       30
  SINCE JUL 1    738                       868   -130      401

 COOLING
  YESTERDAY        8                        10     -2       21
  MONTH TO DATE  276                       190     86      259
  SINCE MAR 1    463                       283    180      570
  SINCE JAN 1    613                       310    303      690
..................................................................


WIND (MPH)
  RESULTANT WIND SPEED   8   RESULTANT WIND DIRECTION  NW (330)
  HIGHEST WIND SPEED    26   HIGHEST WIND DIRECTION    NW (310)
  HIGHEST GUST SPEED    34   HIGHEST GUST DIRECTION    NW (310)
  AVERAGE WIND SPEED     8.8


SKY COVER
  POSSIBLE SUNSHINE  MM
  AVERAGE SKY COVER 0.1


WEATHER CONDITIONS
 THE FOLLOWING WEATHER WAS RECORDED YESTERDAY.
  NO SIGNIFICANT WEATHER WAS OBSERVED.


RELATIVE HUMIDITY (PERCENT)
 HIGHEST    57           500 AM
 LOWEST     20           200 PM
 AVERAGE    39

..........................................................


THE PALM SPRINGS INTL AIRPORT CA CLIMATE NORMALS FOR TODAY
                         NORMAL    RECORD    YEAR
 MAXIMUM TEMPERATURE (F)   89       106      1996
 MINIMUM TEMPERATURE (F)   61        40      1942


SUNRISE AND SUNSET
APRIL 30 2016.........SUNRISE   558 AM PDT   SUNSET   729 PM PDT
MAY  1 2016...........SUNRISE   557 AM PDT   SUNSET   730 PM PDT


-  INDICATES NEGATIVE NUMBERS.
R  INDICATES RECORD WAS SET OR TIED.
MM INDICATES DATA IS MISSING.
T  INDICATES TRACE AMOUNT.




$$
