000
CDUS46 KSGX 260017
CLIPSP


CLIMATE REPORT
NATIONAL WEATHER SERVICE SAN DIEGO, CA
517 PM PDT MON MAY 25 2015


...................................

...THE PALM SPRINGS INTL AIRPORT CA CLIMATE SUMMARY FOR MAY 25 2015...
VALID TODAY AS OF 0500 PM LOCAL TIME.

CLIMATE NORMAL PERIOD 1981 TO 2010
CLIMATE RECORD PERIOD 1893 TO 2015


WEATHER ITEM   OBSERVED TIME   RECORD YEAR NORMAL DEPARTURE LAST
                VALUE   (LST)  VALUE       VALUE  FROM      YEAR
                                                  NORMAL
..................................................................
TEMPERATURE (F)
 TODAY
  MAXIMUM         91    322 PM 115    1951  96     -5      103
  MINIMUM         63    444 AM  48    1953  67     -4       69
  AVERAGE         77                        81     -4       86

PRECIPITATION (IN)
  TODAY            0.00          T    2012   0.00   0.00     0.00
  MONTH TO DATE    0.12                      0.12   0.00      T
  SINCE OCT 1      2.21                      4.72  -2.51     0.93
  SINCE JAN 1      1.34                      2.87  -1.53     0.75

SNOWFALL (IN)
  TODAY            0.0
  MONTH TO DATE    0.0
  SINCE MAR 1      0.0
  SINCE JUL 1      0.0
  SNOW DEPTH       0

DEGREE DAYS
 HEATING
  TODAY            0                         0      0        0
  MONTH TO DATE    6                         0      6        0
  SINCE MAR 1     36                        94    -58       20
  SINCE JUL 1    407                       872   -465      431

 COOLING
  TODAY           12                        16     -4       21
  MONTH TO DATE  237                       335    -98      386
  SINCE MAR 1    828                       628    200      851
  SINCE JAN 1    948                       655    293      959
..................................................................


WIND (MPH)
  RESULTANT WIND SPEED   4   RESULTANT WIND DIRECTION   N (340)
  HIGHEST WIND SPEED    20   HIGHEST WIND DIRECTION    NW (330)
  HIGHEST GUST SPEED    25   HIGHEST GUST DIRECTION     N (340)
  AVERAGE WIND SPEED     5.6


SKY COVER
  POSSIBLE SUNSHINE  MM
  AVERAGE SKY COVER 0.0


WEATHER CONDITIONS
 THE FOLLOWING WEATHER WAS RECORDED TODAY.
  NO SIGNIFICANT WEATHER WAS OBSERVED.


RELATIVE HUMIDITY (PERCENT)
 HIGHEST    63           400 AM
 LOWEST     24           200 PM
 AVERAGE    44

..........................................................


THE PALM SPRINGS INTL AIRPORT CA CLIMATE NORMALS FOR TOMORROW
                         NORMAL    RECORD    YEAR
 MAXIMUM TEMPERATURE (F)   96       114      1951
 MINIMUM TEMPERATURE (F)   67        45      1953


SUNRISE AND SUNSET
MAY 25 2015...........SUNRISE   539 AM PDT   SUNSET   747 PM PDT
MAY 26 2015...........SUNRISE   539 AM PDT   SUNSET   748 PM PDT


-  INDICATES NEGATIVE NUMBERS.
R  INDICATES RECORD WAS SET OR TIED.
MM INDICATES DATA IS MISSING.
T  INDICATES TRACE AMOUNT.




$$
