000
CDUS45 KPUB 291029
CLIPUB


CLIMATE REPORT
NATIONAL WEATHER SERVICE PUEBLO
429 AM MDT SUN MAR 29 2015


...................................

...THE PUEBLO CO CLIMATE SUMMARY FOR MARCH 28 2015...

CLIMATE NORMAL PERIOD 1981 TO 2010
CLIMATE RECORD PERIOD 1888 TO 2015


WEATHER ITEM   OBSERVED TIME   RECORD YEAR NORMAL DEPARTURE LAST
                VALUE   (LST)  VALUE       VALUE  FROM      YEAR
                                                  NORMAL
..................................................................
TEMPERATURE (F)
 YESTERDAY
  MAXIMUM         80    518 PM  84    1986  62     18       63
                                      1963
  MINIMUM         36    603 AM  -6    1899  29      7       33
  AVERAGE         58                        45     13       48

PRECIPITATION (IN)
  YESTERDAY        0.00          0.42 1981   0.04  -0.04     0.00
  MONTH TO DATE    0.57                      0.83  -0.26     0.76
  SINCE MAR 1      0.57                      0.83  -0.26     0.76
  SINCE JAN 1      1.95                      1.48   0.47     1.49

SNOWFALL (IN)
  YESTERDAY        0.0           7.3  1972   0.2   -0.2      0.0
  MONTH TO DATE    1.7                       5.1   -3.4      2.4
  SINCE MAR 1      1.7                       5.1   -3.4      2.4
  SINCE JUL 1     42.8                      26.9   15.9     21.0
  SNOW DEPTH       0

DEGREE DAYS
 HEATING
  YESTERDAY        7                        20    -13       17
  MONTH TO DATE  580                       644    -64      630
  SINCE MAR 1    580                       644    -64      630
  SINCE JUL 1   4602                      4947   -345     4835

 COOLING
  YESTERDAY        0                         0      0        0
  MONTH TO DATE    0                         0      0        0
  SINCE MAR 1      0                         0      0        0
  SINCE JAN 1      0                         0      0        0
..................................................................


WIND (MPH)
  HIGHEST WIND SPEED    18   HIGHEST WIND DIRECTION    NW (300)
  HIGHEST GUST SPEED    24   HIGHEST GUST DIRECTION     S (160)
  AVERAGE WIND SPEED     9.9


SKY COVER
  POSSIBLE SUNSHINE  MM
  AVERAGE SKY COVER 0.0


WEATHER CONDITIONS
 THE FOLLOWING WEATHER WAS RECORDED YESTERDAY.
  NO SIGNIFICANT WEATHER WAS OBSERVED.


RELATIVE HUMIDITY (PERCENT)
 HIGHEST    75           600 AM
 LOWEST      9           500 PM
 AVERAGE    42

..........................................................


THE PUEBLO CO CLIMATE NORMALS FOR TODAY
                         NORMAL    RECORD    YEAR
 MAXIMUM TEMPERATURE (F)   62        86      1943
 MINIMUM TEMPERATURE (F)   29         7      1975
                                             1926


SUNRISE AND SUNSET
MARCH 29 2015.........SUNRISE   648 AM MDT   SUNSET   718 PM MDT
MARCH 30 2015.........SUNRISE   646 AM MDT   SUNSET   719 PM MDT


-  INDICATES NEGATIVE NUMBERS.
R  INDICATES RECORD WAS SET OR TIED.
MM INDICATES DATA IS MISSING.
T  INDICATES TRACE AMOUNT.




$$
