000
CDUS45 KPUB 281025
CLIPUB


CLIMATE REPORT
NATIONAL WEATHER SERVICE PUEBLO
424 AM MDT WED SEP 28 2016


...................................

...THE PUEBLO CO CLIMATE SUMMARY FOR SEPTEMBER 27 2016...

CLIMATE NORMAL PERIOD 1981 TO 2010
CLIMATE RECORD PERIOD 1888 TO 2016


WEATHER ITEM   OBSERVED TIME   RECORD YEAR NORMAL DEPARTURE LAST
                VALUE   (LST)  VALUE       VALUE  FROM      YEAR
                                                  NORMAL
..................................................................
TEMPERATURE (F)
 YESTERDAY
  MAXIMUM         88        MM  94    2010  77     11       92
                                      1953
  MINIMUM         55        MM  29    1908  42     13       49
  AVERAGE         72                        60     12       71

PRECIPITATION (IN)
  YESTERDAY        0.00          0.82 1976   0.02  -0.02     0.00
  MONTH TO DATE    0.05                      0.71  -0.66     0.03
  SINCE SEP 1      0.05                      0.71  -0.66     0.03
  SINCE JAN 1     10.37                     10.94  -0.57    15.05

SNOWFALL (IN)
  YESTERDAY        0.0           4.3  1935   0.0    0.0      0.0
  MONTH TO DATE    0.0                       0.2   -0.2      0.0
  SINCE SEP 1      0.0                       0.2   -0.2      0.0
  SINCE JUL 1      T                         0.2   -0.2      0.0
  SNOW DEPTH       0

DEGREE DAYS
 HEATING
  YESTERDAY        0                         6     -6        0
  MONTH TO DATE   20                        74    -54        0
  SINCE SEP 1     20                        74    -54        0
  SINCE JUL 1     20                        79    -59        0

 COOLING
  YESTERDAY        7                         1      6        6
  MONTH TO DATE  171                        80     91      210
  SINCE SEP 1    171                        80     91      210
  SINCE JAN 1   1336                       891    445     1256
..................................................................


WIND (MPH)
  HIGHEST WIND SPEED    12   HIGHEST WIND DIRECTION     N (360)
  HIGHEST GUST SPEED    17   HIGHEST GUST DIRECTION    SE (120)
  AVERAGE WIND SPEED     5.8


SKY COVER
  POSSIBLE SUNSHINE  MM
  AVERAGE SKY COVER 0.0


WEATHER CONDITIONS
 THE FOLLOWING WEATHER WAS RECORDED YESTERDAY.
  NO SIGNIFICANT WEATHER WAS OBSERVED.


RELATIVE HUMIDITY (PERCENT)
 HIGHEST    59          1200 AM
 LOWEST     12           300 PM
 AVERAGE    36

..........................................................


THE PUEBLO CO CLIMATE NORMALS FOR TODAY
                         NORMAL    RECORD    YEAR
 MAXIMUM TEMPERATURE (F)   76        94      1998
 MINIMUM TEMPERATURE (F)   42        27      1999


SUNRISE AND SUNSET
SEPTEMBER 28 2016.....SUNRISE   652 AM MDT   SUNSET   645 PM MDT
SEPTEMBER 29 2016.....SUNRISE   652 AM MDT   SUNSET   643 PM MDT


-  INDICATES NEGATIVE NUMBERS.
R  INDICATES RECORD WAS SET OR TIED.
MM INDICATES DATA IS MISSING.
T  INDICATES TRACE AMOUNT.




$$
