000
CDUS45 KPUB 120024
CLIPUB


CLIMATE REPORT
NATIONAL WEATHER SERVICE PUEBLO
524 PM MST THU FEB 11 2016


...................................

...THE PUEBLO CO CLIMATE SUMMARY FOR FEBRUARY 11 2016...
VALID TODAY AS OF 0500 PM LOCAL TIME.

CLIMATE NORMAL PERIOD 1981 TO 2010
CLIMATE RECORD PERIOD 1888 TO 2016


WEATHER ITEM   OBSERVED TIME   RECORD YEAR NORMAL DEPARTURE LAST
                VALUE   (LST)  VALUE       VALUE  FROM      YEAR
                                                  NORMAL
..................................................................
TEMPERATURE (F)
 TODAY
  MAXIMUM         74    424 PM  77    1962  49     25       50
                                      1951
  MINIMUM         27    707 AM -20    1899  16     11       29
  AVERAGE         51                        33     18       40

PRECIPITATION (IN)
  TODAY            0.00          0.25 1905   0.01  -0.01     0.10
  MONTH TO DATE    0.35                      0.10   0.25     0.20
  SINCE DEC 1      1.28                      0.83   0.45     0.69
  SINCE JAN 1      0.88                      0.45   0.43     0.45

SNOWFALL (IN)
  TODAY            0.0           4.2  1995   0.2   -0.2      0.0
  MONTH TO DATE    5.8                       1.7    4.1       T
  SINCE DEC 1     17.8                      13.7    4.1      7.7
  SINCE JUL 1     24.2                      19.7    4.5     17.6
  SNOW DEPTH       0

DEGREE DAYS
 HEATING
  TODAY           14                        32    -18       25
  MONTH TO DATE  357                       364     -7      222
  SINCE DEC 1   2288                      2515   -227     2258
  SINCE JUL 1   3162                      3796   -634     3420

 COOLING
  TODAY            0                         0      0        0
  MONTH TO DATE    0                         0      0        0
  SINCE DEC 1      0                         0      0        0
  SINCE JAN 1      0                         0      0        0
..................................................................


WIND (MPH)
  HIGHEST WIND SPEED    18   HIGHEST WIND DIRECTION     W (280)
  HIGHEST GUST SPEED    22   HIGHEST GUST DIRECTION     W (270)
  AVERAGE WIND SPEED     3.9


SKY COVER
  POSSIBLE SUNSHINE  MM
  AVERAGE SKY COVER 0.0


WEATHER CONDITIONS
 THE FOLLOWING WEATHER WAS RECORDED TODAY.
  NO SIGNIFICANT WEATHER WAS OBSERVED.


RELATIVE HUMIDITY (PERCENT)
 HIGHEST    69           200 AM
 LOWEST      9           300 PM
 AVERAGE    39

..........................................................


THE PUEBLO CO CLIMATE NORMALS FOR TOMORROW
                         NORMAL    RECORD    YEAR
 MAXIMUM TEMPERATURE (F)   50        76      1962
 MINIMUM TEMPERATURE (F)   16       -27      1899


SUNRISE AND SUNSET
FEBRUARY 11 2016......SUNRISE   654 AM MST   SUNSET   532 PM MST
FEBRUARY 12 2016......SUNRISE   652 AM MST   SUNSET   533 PM MST


-  INDICATES NEGATIVE NUMBERS.
R  INDICATES RECORD WAS SET OR TIED.
MM INDICATES DATA IS MISSING.
T  INDICATES TRACE AMOUNT.




$$
