000
CDUS45 KPUB 210023
CLIPUB


CLIMATE REPORT
NATIONAL WEATHER SERVICE PUEBLO
623 PM MDT SAT SEP 20 2014


...................................

...THE PUEBLO CO CLIMATE SUMMARY FOR SEPTEMBER 20 2014...
VALID TODAY AS OF 0500 PM LOCAL TIME.

CLIMATE NORMAL PERIOD 1981 TO 2010
CLIMATE RECORD PERIOD 1888 TO 2014


WEATHER ITEM   OBSERVED TIME   RECORD YEAR NORMAL DEPARTURE LAST
                VALUE   (LST)  VALUE       VALUE  FROM      YEAR
                                                  NORMAL
..................................................................
TEMPERATURE (F)
 TODAY
  MAXIMUM         90    224 PM  96    1970  80     10       75
  MINIMUM         56    559 AM  32    1995  46     10       56
  AVERAGE         73                        63     10       66

PRECIPITATION (IN)
  TODAY            0.00          0.40 1997   0.02  -0.02      T
  MONTH TO DATE    0.13                      0.56  -0.43     1.02
  SINCE SEP 1      0.13                      0.56  -0.43     1.02
  SINCE JAN 1      9.73                     10.79  -1.06     8.82

SNOWFALL (IN)
  TODAY            0.0           1.8  1995   0.0    0.0      0.0
  MONTH TO DATE    0.0                       0.1   -0.1      0.0
  SINCE SEP 1      0.0                       0.1   -0.1      0.0
  SINCE JUL 1      T                         0.1   -0.1       T
  SNOW DEPTH       0

DEGREE DAYS
 HEATING
  TODAY            0                         4     -4        0
  MONTH TO DATE   46                        38      8        2
  SINCE SEP 1     46                        38      8        2
  SINCE JUL 1     47                        43      4        2

 COOLING
  TODAY            8                         2      6        1
  MONTH TO DATE   96                        73     23      150
  SINCE SEP 1     96                        73     23      150
  SINCE JAN 1    971                       884     87     1210
..................................................................


WIND (MPH)
  HIGHEST WIND SPEED    20   HIGHEST WIND DIRECTION    SE (120)
  HIGHEST GUST SPEED    25   HIGHEST GUST DIRECTION     E (100)
  AVERAGE WIND SPEED     7.5


SKY COVER
  POSSIBLE SUNSHINE  MM
  AVERAGE SKY COVER 0.0


WEATHER CONDITIONS
 THE FOLLOWING WEATHER WAS RECORDED TODAY.
  NO SIGNIFICANT WEATHER WAS OBSERVED.


RELATIVE HUMIDITY (PERCENT)
 HIGHEST    66           600 AM
 LOWEST     21           200 PM
 AVERAGE    44

..........................................................


THE PUEBLO CO CLIMATE NORMALS FOR TOMORROW
                         NORMAL    RECORD    YEAR
 MAXIMUM TEMPERATURE (F)   80        93      1926
 MINIMUM TEMPERATURE (F)   45        27      1983


SUNRISE AND SUNSET
SEPTEMBER 20 2014.....SUNRISE   644 AM MDT   SUNSET   658 PM MDT
SEPTEMBER 21 2014.....SUNRISE   645 AM MDT   SUNSET   657 PM MDT


-  INDICATES NEGATIVE NUMBERS.
R  INDICATES RECORD WAS SET OR TIED.
MM INDICATES DATA IS MISSING.
T  INDICATES TRACE AMOUNT.




$$
