000
CDUS45 KPUB 171148
CLIPUB


CLIMATE REPORT
NATIONAL WEATHER SERVICE PUEBLO
448 AM MST SUN DEC 17 2017


...................................

...THE PUEBLO CO CLIMATE SUMMARY FOR DECEMBER 16 2017...

CLIMATE NORMAL PERIOD 1981 TO 2010
CLIMATE RECORD PERIOD 1888 TO 2017


WEATHER ITEM   OBSERVED TIME   RECORD YEAR NORMAL DEPARTURE LAST
                VALUE   (LST)  VALUE       VALUE  FROM      YEAR
                                                  NORMAL
..................................................................
TEMPERATURE (F)
 YESTERDAY
  MAXIMUM         61   1211 PM  70    1939  45     16       69
  MINIMUM         19    449 AM  -8    1940  14      5       18
  AVERAGE         40                        30     10       44

PRECIPITATION (IN)
  YESTERDAY        0.00          0.36 1909   0.01  -0.01     0.00
  MONTH TO DATE    0.01                      0.21  -0.20      T
  SINCE DEC 1      0.01                      0.21  -0.20      T
  SINCE JAN 1     15.99                     12.40   3.59    11.15

SNOWFALL (IN)
  YESTERDAY        0.0           2.9  1909   0.2   -0.2      0.0
  MONTH TO DATE    0.2                       2.9   -2.7      0.3
  SINCE DEC 1      0.2                       2.9   -2.7      0.3
  SINCE JUL 1      1.6                       8.9   -7.3      0.3
  SNOW DEPTH       0

DEGREE DAYS
 HEATING
  YESTERDAY       25                        36    -11       21
  MONTH TO DATE  423                       548   -125      560
  SINCE DEC 1    423                       548   -125      560
  SINCE JUL 1   1444                      1829   -385     1342

 COOLING
  YESTERDAY        0                         0      0        0
  MONTH TO DATE    0                         0      0        0
  SINCE DEC 1      0                         0      0        0
  SINCE JAN 1   1027                       897    130     1358
..................................................................


WIND (MPH)
  HIGHEST WIND SPEED    25   HIGHEST WIND DIRECTION    NE (40)
  HIGHEST GUST SPEED    32   HIGHEST GUST DIRECTION     N (20)
  AVERAGE WIND SPEED     9.3


SKY COVER
  POSSIBLE SUNSHINE  MM
  AVERAGE SKY COVER 0.0


WEATHER CONDITIONS
 THE FOLLOWING WEATHER WAS RECORDED YESTERDAY.
  NO SIGNIFICANT WEATHER WAS OBSERVED.


RELATIVE HUMIDITY (PERCENT)
 HIGHEST    68           200 AM
 LOWEST     10          1200 PM
 AVERAGE    39

..........................................................


THE PUEBLO CO CLIMATE NORMALS FOR TODAY
                         NORMAL    RECORD    YEAR
 MAXIMUM TEMPERATURE (F)   45        82      1980
 MINIMUM TEMPERATURE (F)   14       -19      2016


SUNRISE AND SUNSET
DECEMBER 17 2017......SUNRISE   709 AM MST   SUNSET   440 PM MST
DECEMBER 18 2017......SUNRISE   710 AM MST   SUNSET   440 PM MST


-  INDICATES NEGATIVE NUMBERS.
R  INDICATES RECORD WAS SET OR TIED.
MM INDICATES DATA IS MISSING.
T  INDICATES TRACE AMOUNT.




$$
