000
CDUS46 KOTX 220842
CLIPUW


CLIMATE REPORT
NATIONAL WEATHER SERVICE SPOKANE, WA
142 AM PDT FRI MAY 22 2015


...................................

...THE PULLMAN-MOSCOW  AIRPORT CLIMATE SUMMARY FOR MAY 21 2015...

CLIMATE NORMAL PERIOD 1981 TO 2010
CLIMATE RECORD PERIOD 9999 TO 9999


WEATHER ITEM   OBSERVED TIME   RECORD YEAR NORMAL DEPARTURE LAST
                VALUE   (LST)  VALUE       VALUE  FROM      YEAR
                                                  NORMAL
..................................................................
TEMPERATURE (F)
 YESTERDAY
  MAXIMUM         75   1257 PM  85    1958  66      9       74
  MINIMUM         47    410 AM  27    1973  43      4       39
  AVERAGE         61                        54      7       57

PRECIPITATION (IN)
  YESTERDAY        0.05          0.65 1986   0.04   0.01     0.00
  MONTH TO DATE    1.62                      1.12   0.50     0.64
  SINCE OCT 1     15.30                     13.27   2.03    12.69
  SINCE JAN 1      8.45                      8.07   0.38     9.35

SNOWFALL (IN)
  YESTERDAY       MM

DEGREE DAYS
 HEATING
  YESTERDAY        4                        11     -7        8
  MONTH TO DATE  231                       272    -41      231
  SINCE MAR 1   1401                      1596   -195     1504
  SINCE JUL 1   5232                      6299  -1067     6355

 COOLING
  YESTERDAY        0                         0      0        0
  MONTH TO DATE    0                         0      0        1
  SINCE MAR 1      0                         0      0        1
  SINCE JAN 1      0                         0      0        1
..................................................................


WIND (MPH)
  HIGHEST WIND SPEED    13   HIGHEST WIND DIRECTION     E (100)
  HIGHEST GUST SPEED    15   HIGHEST GUST DIRECTION     E (90)
  AVERAGE WIND SPEED     3.6


SKY COVER
  POSSIBLE SUNSHINE  MM
  AVERAGE SKY COVER 0.2


WEATHER CONDITIONS
 THE FOLLOWING WEATHER WAS RECORDED YESTERDAY.
  THUNDERSTORM
  LIGHT RAIN


RELATIVE HUMIDITY (PERCENT)
 HIGHEST    93           100 AM
 LOWEST     44          1200 PM
 AVERAGE    69

..........................................................


THE PULLMAN-MOSCOW  AIRPORT CLIMATE NORMALS FOR TODAY
                         NORMAL    RECORD    YEAR
 MAXIMUM TEMPERATURE (F)   66        88      1958
 MINIMUM TEMPERATURE (F)   43        30      1960


SUNRISE AND SUNSET
MAY 22 2015...........SUNRISE   506 AM PDT   SUNSET   824 PM PDT
MAY 23 2015...........SUNRISE   505 AM PDT   SUNSET   826 PM PDT


-  INDICATES NEGATIVE NUMBERS.
R  INDICATES RECORD WAS SET OR TIED.
MM INDICATES DATA IS MISSING.
T  INDICATES TRACE AMOUNT.




$$
