000
CDUS46 KOTX 110830
CLIPUW


CLIMATE REPORT
NATIONAL WEATHER SERVICE SPOKANE, WA
1230 AM PST THU FEB 11 2016


...................................

...THE PULLMAN-MOSCOW  AIRPORT CLIMATE SUMMARY FOR FEBRUARY 10 2016...

CLIMATE NORMAL PERIOD 1981 TO 2010
CLIMATE RECORD PERIOD 9999 TO 9999


WEATHER ITEM   OBSERVED TIME   RECORD YEAR NORMAL DEPARTURE LAST
                VALUE   (LST)  VALUE       VALUE  FROM      YEAR
                                                  NORMAL
..................................................................
TEMPERATURE (F)
 YESTERDAY
  MAXIMUM         50    421 PM  57    1963  40     10       49
  MINIMUM         35   1240 AM  -2    1981  28      7       41
  AVERAGE         43                        34      9       45

PRECIPITATION (IN)
  YESTERDAY        0.00          1.14 1996   0.05  -0.05     0.10
  MONTH TO DATE    0.18                      0.63  -0.45     1.86
  SINCE OCT 1     10.79                      7.65   3.14    10.32
  SINCE JAN 1      2.80                      2.45   0.35     3.47

SNOWFALL (IN)
  YESTERDAY       MM

DEGREE DAYS
 HEATING
  YESTERDAY       22                        31     -9       20
  MONTH TO DATE  268                       315    -47      210
  SINCE DEC 1   2226                      2430   -204     2045
  SINCE JUL 1   3683                      4174   -491     3382

 COOLING
  YESTERDAY        0                         0      0        0
  MONTH TO DATE    0                         0      0        0
  SINCE DEC 1      0                         0      0        0
  SINCE JAN 1      0                         0      0        0
..................................................................


WIND (MPH)
  HIGHEST WIND SPEED    20   HIGHEST WIND DIRECTION    SE (150)
  HIGHEST GUST SPEED    24   HIGHEST GUST DIRECTION    SE (130)
  AVERAGE WIND SPEED     7.9


SKY COVER
  POSSIBLE SUNSHINE  MM
  AVERAGE SKY COVER 0.3


WEATHER CONDITIONS
 THE FOLLOWING WEATHER WAS RECORDED YESTERDAY.
  NO SIGNIFICANT WEATHER WAS OBSERVED.


RELATIVE HUMIDITY (PERCENT)
 HIGHEST    82          1200 AM
 LOWEST     56          1200 PM
 AVERAGE    69

..........................................................


THE PULLMAN-MOSCOW  AIRPORT CLIMATE NORMALS FOR TODAY
                         NORMAL    RECORD    YEAR
 MAXIMUM TEMPERATURE (F)   41        55      1991
 MINIMUM TEMPERATURE (F)   28        -4      1948


SUNRISE AND SUNSET
FEBRUARY 11 2016......SUNRISE   659 AM PST   SUNSET   507 PM PST
FEBRUARY 12 2016......SUNRISE   658 AM PST   SUNSET   508 PM PST


-  INDICATES NEGATIVE NUMBERS.
R  INDICATES RECORD WAS SET OR TIED.
MM INDICATES DATA IS MISSING.
T  INDICATES TRACE AMOUNT.




$$
