000
CDUS46 KOTX 310832
CLIPUW


CLIMATE REPORT
NATIONAL WEATHER SERVICE SPOKANE, WA
130 AM PDT MON AUG 31 2015


...................................

...THE PULLMAN-MOSCOW  AIRPORT CLIMATE SUMMARY FOR AUGUST 30 2015...

CLIMATE NORMAL PERIOD 1981 TO 2010
CLIMATE RECORD PERIOD 9999 TO 9999


WEATHER ITEM   OBSERVED TIME   RECORD YEAR NORMAL DEPARTURE LAST
                VALUE   (LST)  VALUE       VALUE  FROM      YEAR
                                                  NORMAL
..................................................................
TEMPERATURE (F)
 YESTERDAY
  MAXIMUM         64    414 PM  96    1967  79    -15       74
  MINIMUM         51    357 AM  35    1965  47      4       57
  AVERAGE         58                        63     -5       66

PRECIPITATION (IN)
  YESTERDAY        0.02          0.73 1977   0.02   0.00     0.00
  MONTH TO DATE    0.15                      0.61  -0.46     0.50
  SINCE OCT 1     16.78                     16.09   0.69    14.78
  SINCE JAN 1      9.93                     10.89  -0.96    11.44

SNOWFALL (IN)
  YESTERDAY       MM

DEGREE DAYS
 HEATING
  YESTERDAY        7                         4      3        0
  MONTH TO DATE   33                        63    -30        7
  SINCE JUN 1    131                       333   -202      221
  SINCE JUL 1     52                       127    -75       17

 COOLING
  YESTERDAY        0                         2     -2        1
  MONTH TO DATE  134                        89     45      136
  SINCE JUN 1    396                       184    212      326
  SINCE JAN 1    408                       189    219      327
..................................................................


WIND (MPH)
  HIGHEST WIND SPEED    26   HIGHEST WIND DIRECTION     W (280)
  HIGHEST GUST SPEED    32   HIGHEST GUST DIRECTION     W (280)
  AVERAGE WIND SPEED    10.6


SKY COVER
  POSSIBLE SUNSHINE  MM
  AVERAGE SKY COVER 0.6


WEATHER CONDITIONS
 THE FOLLOWING WEATHER WAS RECORDED YESTERDAY.
  LIGHT RAIN


RELATIVE HUMIDITY (PERCENT)
 HIGHEST    86          1200 PM
 LOWEST     48           400 PM
 AVERAGE    67

..........................................................


THE PULLMAN-MOSCOW  AIRPORT CLIMATE NORMALS FOR TODAY
                         NORMAL    RECORD    YEAR
 MAXIMUM TEMPERATURE (F)   79       100      1967
 MINIMUM TEMPERATURE (F)   47        31      1942


SUNRISE AND SUNSET
AUGUST 31 2015........SUNRISE   607 AM PDT   SUNSET   730 PM PDT
SEPTEMBER  1 2015.....SUNRISE   608 AM PDT   SUNSET   728 PM PDT


-  INDICATES NEGATIVE NUMBERS.
R  INDICATES RECORD WAS SET OR TIED.
MM INDICATES DATA IS MISSING.
T  INDICATES TRACE AMOUNT.




$$
