000
CDUS46 KOTX 260824
CLIPUW


CLIMATE REPORT
NATIONAL WEATHER SERVICE SPOKANE, WA
123 AM PDT MON JUN 26 2017


...................................

...THE PULLMAN-MOSCOW  AIRPORT CLIMATE SUMMARY FOR JUNE 25 2017...

CLIMATE NORMAL PERIOD 1981 TO 2010
CLIMATE RECORD PERIOD 9999 TO 9999


WEATHER ITEM   OBSERVED TIME   RECORD YEAR NORMAL DEPARTURE LAST
                VALUE   (LST)  VALUE       VALUE  FROM      YEAR
                                                  NORMAL
..................................................................
TEMPERATURE (F)
 YESTERDAY
  MAXIMUM         93    521 PM  97    1992  75     18       74
  MINIMUM         53    202 AM  34    1985  46      7       43
  AVERAGE         73                        60     13       59

PRECIPITATION (IN)
  YESTERDAY        0.00                      0.03  -0.03     0.00
  MONTH TO DATE    0.94                      0.92   0.02     0.94
  SINCE OCT 1     23.19                     14.63   8.56    18.96
  SINCE JAN 1     14.78                      9.43   5.35    10.97

SNOWFALL (IN)
  YESTERDAY       MM

DEGREE DAYS
 HEATING
  YESTERDAY        0                         5     -5        6
  MONTH TO DATE  129                       182    -53      165
  SINCE JUN 1    129                       182    -53      165
  SINCE JUL 1   6496                      6582    -86     5609

 COOLING
  YESTERDAY        8                         1      7        0
  MONTH TO DATE   36                         4     32       28
  SINCE JUN 1     36                         4     32       28
  SINCE JAN 1     56                         9     47       29
..................................................................


WIND (MPH)
  HIGHEST WIND SPEED    17   HIGHEST WIND DIRECTION     E (110)
  HIGHEST GUST SPEED    22   HIGHEST GUST DIRECTION     E (90)
  AVERAGE WIND SPEED     5.6


SKY COVER
  POSSIBLE SUNSHINE  MM
  AVERAGE SKY COVER 0.0


WEATHER CONDITIONS
 THE FOLLOWING WEATHER WAS RECORDED YESTERDAY.
  HAZE


RELATIVE HUMIDITY (PERCENT)
 HIGHEST    72          1200 AM
 LOWEST     13           400 PM
 AVERAGE    43

..........................................................


THE PULLMAN-MOSCOW  AIRPORT CLIMATE NORMALS FOR TODAY
                         NORMAL    RECORD    YEAR
 MAXIMUM TEMPERATURE (F)   75        96      1992
 MINIMUM TEMPERATURE (F)   47        35      1976


SUNRISE AND SUNSET
JUNE 26 2017..........SUNRISE   456 AM PDT   SUNSET   846 PM PDT
JUNE 27 2017..........SUNRISE   457 AM PDT   SUNSET   846 PM PDT


-  INDICATES NEGATIVE NUMBERS.
R  INDICATES RECORD WAS SET OR TIED.
MM INDICATES DATA IS MISSING.
T  INDICATES TRACE AMOUNT.




$$
