000
CDUS46 KOTX 160822
CLIPUW


CLIMATE REPORT
NATIONAL WEATHER SERVICE SPOKANE, WA
1221 AM PST TUE JAN 16 2018


...................................

...THE PULLMAN-MOSCOW  AIRPORT CLIMATE SUMMARY FOR JANUARY 15 2018...

CLIMATE NORMAL PERIOD 1981 TO 2010
CLIMATE RECORD PERIOD 9999 TO 9999


WEATHER ITEM   OBSERVED TIME   RECORD YEAR NORMAL DEPARTURE LAST
                VALUE   (LST)  VALUE       VALUE  FROM      YEAR
                                                  NORMAL
..................................................................
TEMPERATURE (F)
 YESTERDAY
  MAXIMUM         50    230 PM  52    2011  36     14       11
                                      2010
                                      1974
  MINIMUM         37    711 AM -16    1950  27     10       -2
  AVERAGE         44                        32     12        5

PRECIPITATION (IN)
  YESTERDAY        0.00                      0.06  -0.06      T
  MONTH TO DATE    1.42                      0.70   0.72     0.90
  SINCE OCT 1     10.28                      5.90   4.38     9.31
  SINCE JAN 1      1.42                      0.70   0.72     0.90

SNOWFALL (IN)
  YESTERDAY       MM

DEGREE DAYS
 HEATING
  YESTERDAY       21                        33    -12       60
  MONTH TO DATE  426                       514    -88      755
  SINCE DEC 1   1548                      1594    -46     1985
  SINCE JUL 1   3031                      3338   -307     3333

 COOLING
  YESTERDAY        0                         0      0        0
  MONTH TO DATE    0                         0      0        0
  SINCE DEC 1      0                         0      0        0
  SINCE JAN 1      0                         0      0        0
..................................................................


WIND (MPH)
  HIGHEST WIND SPEED    24   HIGHEST WIND DIRECTION    SE (120)
  HIGHEST GUST SPEED    29   HIGHEST GUST DIRECTION    SE (120)
  AVERAGE WIND SPEED    15.2


SKY COVER
  POSSIBLE SUNSHINE  MM
  AVERAGE SKY COVER 0.0


WEATHER CONDITIONS
 THE FOLLOWING WEATHER WAS RECORDED YESTERDAY.
  NO SIGNIFICANT WEATHER WAS OBSERVED.


RELATIVE HUMIDITY (PERCENT)
 HIGHEST    86          1200 AM
 LOWEST     70           700 PM
 AVERAGE    78

..........................................................


THE PULLMAN-MOSCOW  AIRPORT CLIMATE NORMALS FOR TODAY
                         NORMAL    RECORD    YEAR
 MAXIMUM TEMPERATURE (F)   36        55      2011
 MINIMUM TEMPERATURE (F)   27        -7      1930


SUNRISE AND SUNSET
JANUARY 16 2018.......SUNRISE   728 AM PST   SUNSET   429 PM PST
JANUARY 17 2018.......SUNRISE   727 AM PST   SUNSET   430 PM PST


-  INDICATES NEGATIVE NUMBERS.
R  INDICATES RECORD WAS SET OR TIED.
MM INDICATES DATA IS MISSING.
T  INDICATES TRACE AMOUNT.




$$
