000
CDUS46 KOTX 170834
CLIPUW


CLIMATE REPORT
NATIONAL WEATHER SERVICE SPOKANE, WA
134 AM PDT WED SEP 17 2014


...................................

...THE PULLMAN-MOSCOW  AIRPORT CLIMATE SUMMARY FOR SEPTEMBER 16 2014...

CLIMATE NORMAL PERIOD 1981 TO 2010
CLIMATE RECORD PERIOD 9999 TO 9999


WEATHER ITEM   OBSERVED TIME   RECORD YEAR NORMAL DEPARTURE LAST
                VALUE   (LST)  VALUE       VALUE  FROM      YEAR
                                                  NORMAL
..................................................................
TEMPERATURE (F)
 YESTERDAY
  MAXIMUM         87   1157 AM  95    1998  73     14       72
  MINIMUM         51   1145 PM  28    1971  43      8       49
  AVERAGE         69                        58     11       61

PRECIPITATION (IN)
  YESTERDAY        0.00          1.61 1947   0.02  -0.02     0.01
  MONTH TO DATE    0.03                      0.36  -0.33     0.53
  SINCE OCT 1     14.81                     16.47  -1.66    16.95
  SINCE JAN 1     11.47                     11.27   0.20     9.41

SNOWFALL (IN)
  YESTERDAY       MM            MM      MM  MM     MM       MM
  MONTH TO DATE   MM                        MM     MM       MM
  SINCE SEP 1     MM                        MM     MM       MM
  SINCE JUL 1     MM                        MM     MM       MM
  SNOW DEPTH      MM

DEGREE DAYS
 HEATING
  YESTERDAY        0                         7     -7        4
  MONTH TO DATE   79                        90    -11       16
  SINCE SEP 1     79                        90    -11       16
  SINCE JUL 1    104                       223   -119       56

 COOLING
  YESTERDAY        4                         1      3        0
  MONTH TO DATE    5                        20    -15       69
  SINCE SEP 1      5                        20    -15       69
  SINCE JAN 1    332                       210    122      331
..................................................................


WIND (MPH)
  HIGHEST WIND SPEED    16   HIGHEST WIND DIRECTION     W (280)
  HIGHEST GUST SPEED    20   HIGHEST GUST DIRECTION     W (280)
  AVERAGE WIND SPEED     5.1


SKY COVER
  POSSIBLE SUNSHINE  MM
  AVERAGE SKY COVER 0.0


WEATHER CONDITIONS
 THE FOLLOWING WEATHER WAS RECORDED YESTERDAY.
  HAZE


RELATIVE HUMIDITY (PERCENT)
 HIGHEST    43           200 AM
 LOWEST     14           200 PM
 AVERAGE    29

..........................................................


THE PULLMAN-MOSCOW  AIRPORT CLIMATE NORMALS FOR TODAY
                         NORMAL    RECORD    YEAR
 MAXIMUM TEMPERATURE (F)   73        95      1981
 MINIMUM TEMPERATURE (F)   43        25      1965


SUNRISE AND SUNSET
SEPTEMBER 17 2014.....SUNRISE   629 AM PDT   SUNSET   656 PM PDT
SEPTEMBER 18 2014.....SUNRISE   630 AM PDT   SUNSET   654 PM PDT


-  INDICATES NEGATIVE NUMBERS.
R  INDICATES RECORD WAS SET OR TIED.
MM INDICATES DATA IS MISSING.
T  INDICATES TRACE AMOUNT.




$$
