000
CDUS46 KOTX 190831
CLIPUW


CLIMATE REPORT
NATIONAL WEATHER SERVICE SPOKANE, WA
1231 AM PST SUN NOV 19 2017


...................................

...THE PULLMAN-MOSCOW  AIRPORT CLIMATE SUMMARY FOR NOVEMBER 18 2017...

CLIMATE NORMAL PERIOD 1981 TO 2010
CLIMATE RECORD PERIOD 9999 TO 9999


WEATHER ITEM   OBSERVED TIME   RECORD YEAR NORMAL DEPARTURE LAST
                VALUE   (LST)  VALUE       VALUE  FROM      YEAR
                                                  NORMAL
..................................................................
TEMPERATURE (F)
 YESTERDAY
  MAXIMUM         45    154 PM  62    1897  42      3       40
  MINIMUM         33    544 AM   5    1975  30      3       31
  AVERAGE         39                        36      3       36

PRECIPITATION (IN)
  YESTERDAY        0.00                      0.08  -0.08     0.00
  MONTH TO DATE    1.23                      1.37  -0.14     0.73
  SINCE OCT 1      3.71                      2.71   1.00     5.74
  SINCE JAN 1     19.32                     14.40   4.92    18.06

SNOWFALL (IN)
  YESTERDAY       MM

DEGREE DAYS
 HEATING
  YESTERDAY       26                        29     -3       29
  MONTH TO DATE  468                       466      2      276
  SINCE SEP 1   1188                      1239    -51      944
  SINCE JUL 1   1211                      1372   -161     1046

 COOLING
  YESTERDAY        0                         0      0        0
  MONTH TO DATE    0                         0      0        0
  SINCE SEP 1     83                        23     60        6
  SINCE JAN 1    517                       213    304      203
..................................................................


WIND (MPH)
  HIGHEST WIND SPEED    15   HIGHEST WIND DIRECTION    SE (150)
  HIGHEST GUST SPEED    17   HIGHEST GUST DIRECTION    SE (150)
  AVERAGE WIND SPEED     7.1


SKY COVER
  POSSIBLE SUNSHINE  MM
  AVERAGE SKY COVER 0.2


WEATHER CONDITIONS
 THE FOLLOWING WEATHER WAS RECORDED YESTERDAY.
  NO SIGNIFICANT WEATHER WAS OBSERVED.


RELATIVE HUMIDITY (PERCENT)
 HIGHEST    89           300 AM
 LOWEST     53           200 PM
 AVERAGE    71

..........................................................


THE PULLMAN-MOSCOW  AIRPORT CLIMATE NORMALS FOR TODAY
                         NORMAL    RECORD    YEAR
 MAXIMUM TEMPERATURE (F)   42        64      1936
 MINIMUM TEMPERATURE (F)   30        10      1985
                                             1975


SUNRISE AND SUNSET
NOVEMBER 19 2017......SUNRISE   657 AM PST   SUNSET   410 PM PST
NOVEMBER 20 2017......SUNRISE   659 AM PST   SUNSET   409 PM PST


-  INDICATES NEGATIVE NUMBERS.
R  INDICATES RECORD WAS SET OR TIED.
MM INDICATES DATA IS MISSING.
T  INDICATES TRACE AMOUNT.




$$
