000
CDUS41 KBOX 310552
CLIPVD


CLIMATE REPORT
NATIONAL WEATHER SERVICE TAUNTON MA
152 AM EDT TUE MAY 31 2016


...................................

...THE PROVIDENCE RI CLIMATE SUMMARY FOR MAY 30 2016...

CLIMATE NORMAL PERIOD 1981 TO 2010
CLIMATE RECORD PERIOD 1904 TO 2016


WEATHER ITEM   OBSERVED TIME   RECORD YEAR NORMAL DEPARTURE LAST
                VALUE   (LST)  VALUE       VALUE  FROM      YEAR
                                                  NORMAL
..................................................................
TEMPERATURE (F)
 YESTERDAY
  MAXIMUM         74    328 PM  94    1929  73      1       85
  MINIMUM         57    611 AM  37    1970  53      4       56
  AVERAGE         66                        63      3       71

PRECIPITATION (IN)
  YESTERDAY        1.50          2.42 1948   0.13   1.37     0.00
  MONTH TO DATE    3.18                      3.42  -0.24     0.51
  SINCE MAR 1      9.77                     12.79  -3.02     7.42
  SINCE JAN 1     18.12                     19.94  -1.82    13.77

SNOWFALL (IN)
  YESTERDAY        0.0           0.0  2015   0.0    0.0      0.0
  MONTH TO DATE    0.0                       0.0    0.0      0.0
  SINCE MAR 1      9.3                       6.1    3.2     16.3
  SINCE JUL 1     28.7                      33.8   -5.1     76.2
  SNOW DEPTH       0

DEGREE DAYS
 HEATING
  YESTERDAY        0                         4     -4        0
  MONTH TO DATE  218                       221     -3      122
  SINCE MAR 1   1374                      1509   -135     1586
  SINCE JUL 1   4745                      5571   -826     5948

 COOLING
  YESTERDAY        1                         2     -1        6
  MONTH TO DATE   40                        19     21       63
  SINCE MAR 1     40                        21     19       63
  SINCE JAN 1     40                        21     19       63
..................................................................


WIND (MPH)
  RESULTANT WIND SPEED   5   RESULTANT WIND DIRECTION  SW (220)
  HIGHEST WIND SPEED    17   HIGHEST WIND DIRECTION    SW (230)
  HIGHEST GUST SPEED    22   HIGHEST GUST DIRECTION    SW (230)
  AVERAGE WIND SPEED     6.2


SKY COVER
  POSSIBLE SUNSHINE  MM
  AVERAGE SKY COVER 0.9


WEATHER CONDITIONS
 THE FOLLOWING WEATHER WAS RECORDED YESTERDAY.
  HEAVY RAIN
  RAIN
  LIGHT RAIN
  FOG


RELATIVE HUMIDITY (PERCENT)
 HIGHEST    93           300 AM
 LOWEST     79           400 PM
 AVERAGE    86

..........................................................


THE PROVIDENCE RI CLIMATE NORMALS FOR TODAY
                         NORMAL    RECORD    YEAR
 MAXIMUM TEMPERATURE (F)   73        95      1944
 MINIMUM TEMPERATURE (F)   53        37      1961


SUNRISE AND SUNSET
MAY 31 2016...........SUNRISE   514 AM EDT   SUNSET   814 PM EDT
JUNE  1 2016..........SUNRISE   513 AM EDT   SUNSET   814 PM EDT


-  INDICATES NEGATIVE NUMBERS.
R  INDICATES RECORD WAS SET OR TIED.
MM INDICATES DATA IS MISSING.
T  INDICATES TRACE AMOUNT.




$$
