000
CDUS41 KBOX 190608
CLIPVD


CLIMATE REPORT
NATIONAL WEATHER SERVICE TAUNTON MA
202 AM EDT SAT AUG 19 2017


...................................

...THE PROVIDENCE RI CLIMATE SUMMARY FOR AUGUST 18 2017...

CLIMATE NORMAL PERIOD 1981 TO 2010
CLIMATE RECORD PERIOD 1904 TO 2017


WEATHER ITEM   OBSERVED TIME   RECORD YEAR NORMAL DEPARTURE LAST
                VALUE   (LST)  VALUE       VALUE  FROM      YEAR
                                                  NORMAL
..................................................................
TEMPERATURE (F)
 YESTERDAY
  MAXIMUM         80   1139 AM  94    2009  81     -1       89
  MINIMUM         64   1231 AM  50    1923  63      1       67
  AVERAGE         72                        72      0       78

PRECIPITATION (IN)
  YESTERDAY        0.30          2.85 1955   0.12   0.18      T
  MONTH TO DATE    1.12                      2.12  -1.00     1.97
  SINCE JUN 1      8.84                      9.05  -0.21     6.97
  SINCE JAN 1     33.86                     29.12   4.74    25.09

SNOWFALL (IN)
  YESTERDAY        0.0           0.0  2002   0.0    0.0      0.0
                                      2001
                                      2000
  MONTH TO DATE    0.0                       0.0    0.0      0.0
  SINCE JUN 1      0.0                       0.0    0.0      0.0
  SINCE JUL 1      0.0                       0.0    0.0      0.0
  SNOW DEPTH       0

DEGREE DAYS
 HEATING
  YESTERDAY        0                         0      0        0
  MONTH TO DATE    0                         0      0        0
  SINCE JUN 1     56                        46     10       12
  SINCE JUL 1      7                         3      4        0

 COOLING
  YESTERDAY        7                         7      0       13
  MONTH TO DATE  136                       149    -13      212
  SINCE JUN 1    559                       547     12      695
  SINCE JAN 1    617                       573     44      746
..................................................................


WIND (MPH)
  RESULTANT WIND SPEED   8   RESULTANT WIND DIRECTION   S (180)
  HIGHEST WIND SPEED    22   HIGHEST WIND DIRECTION     S (200)
  HIGHEST GUST SPEED    27   HIGHEST GUST DIRECTION     S (200)
  AVERAGE WIND SPEED    10.1


SKY COVER
  POSSIBLE SUNSHINE  MM
  AVERAGE SKY COVER 0.8


WEATHER CONDITIONS
 THE FOLLOWING WEATHER WAS RECORDED YESTERDAY.
  THUNDERSTORM
  HEAVY RAIN
  LIGHT RAIN
  FOG


RELATIVE HUMIDITY (PERCENT)
 HIGHEST   100           600 PM
 LOWEST     79          1100 AM
 AVERAGE    90

..........................................................


THE PROVIDENCE RI CLIMATE NORMALS FOR TODAY
                         NORMAL    RECORD    YEAR
 MAXIMUM TEMPERATURE (F)   81        94      2002
 MINIMUM TEMPERATURE (F)   63        48      1918


SUNRISE AND SUNSET
AUGUST 19 2017........SUNRISE   558 AM EDT   SUNSET   739 PM EDT
AUGUST 20 2017........SUNRISE   559 AM EDT   SUNSET   738 PM EDT


-  INDICATES NEGATIVE NUMBERS.
R  INDICATES RECORD WAS SET OR TIED.
MM INDICATES DATA IS MISSING.
T  INDICATES TRACE AMOUNT.




$$
