000
CDUS41 KBOX 220529
CLIPVD


CLIMATE REPORT
NATIONAL WEATHER SERVICE TAUNTON MA
1229 AM EST THU FEB 22 2018


...................................

...THE PROVIDENCE RI CLIMATE SUMMARY FOR FEBRUARY 21 2018...

CLIMATE NORMAL PERIOD 1981 TO 2010
CLIMATE RECORD PERIOD 1904 TO 2018


WEATHER ITEM   OBSERVED TIME   RECORD YEAR NORMAL DEPARTURE LAST
                VALUE   (LST)  VALUE       VALUE  FROM      YEAR
                                                  NORMAL
..................................................................
TEMPERATURE (F)
 YESTERDAY
  MAXIMUM         64R   428 PM  63    1930  42     22       44
  MINIMUM         55   1200 AM  -5    2015  25     30       27
  AVERAGE         60                        33     27       36

PRECIPITATION (IN)
  YESTERDAY        0.00          1.38 1989   0.12  -0.12     0.00
  MONTH TO DATE    4.17                      2.38   1.79     2.07
  SINCE DEC 1     13.23                     10.46   2.77    10.17
  SINCE JAN 1     10.66                      6.24   4.42     7.03

SNOWFALL (IN)
  YESTERDAY        0.0           8.1  1947   0.3   -0.3      0.0
  MONTH TO DATE    5.7                       6.6   -0.9     16.8
  SINCE DEC 1     33.9                      24.3    9.6     38.2
  SINCE JUL 1     33.9                      25.8    8.1     38.2
  SNOW DEPTH       0

DEGREE DAYS
 HEATING
  YESTERDAY        5                        32    -27       29
  MONTH TO DATE  565                       707   -142      688
  SINCE DEC 1   2710                      2769    -59     2545
  SINCE JUL 1   3524                      3844   -320     3432

 COOLING
  YESTERDAY        0                         0      0        0
  MONTH TO DATE    0                         0      0        0
  SINCE DEC 1      0                         0      0        0
  SINCE JAN 1      0                         0      0        0
..................................................................


WIND (MPH)
  RESULTANT WIND SPEED  10   RESULTANT WIND DIRECTION  SW (240)
  HIGHEST WIND SPEED    22   HIGHEST WIND DIRECTION    SW (230)
  HIGHEST GUST SPEED    28   HIGHEST GUST DIRECTION    SW (230)
  AVERAGE WIND SPEED    10.9


SKY COVER
  POSSIBLE SUNSHINE  MM
  AVERAGE SKY COVER 0.6


WEATHER CONDITIONS
 THE FOLLOWING WEATHER WAS RECORDED YESTERDAY.
  NO SIGNIFICANT WEATHER WAS OBSERVED.


RELATIVE HUMIDITY (PERCENT)
 HIGHEST   100           200 AM
 LOWEST     67          1100 PM
 AVERAGE    84

..........................................................


THE PROVIDENCE RI CLIMATE NORMALS FOR TODAY
                         NORMAL    RECORD    YEAR
 MAXIMUM TEMPERATURE (F)   42        65      1991
 MINIMUM TEMPERATURE (F)   25         1      1918


SUNRISE AND SUNSET
FEBRUARY 22 2018......SUNRISE   631 AM EST   SUNSET   528 PM EST
FEBRUARY 23 2018......SUNRISE   630 AM EST   SUNSET   529 PM EST


-  INDICATES NEGATIVE NUMBERS.
R  INDICATES RECORD WAS SET OR TIED.
MM INDICATES DATA IS MISSING.
T  INDICATES TRACE AMOUNT.




$$
