000
CDUS41 KBOX 270544
CLIPVD


CLIMATE REPORT
NATIONAL WEATHER SERVICE TAUNTON MA
1236 AM EST THU NOV 27 2014


...................................

...THE PROVIDENCE RI CLIMATE SUMMARY FOR NOVEMBER 26 2014...

CLIMATE NORMAL PERIOD 1981 TO 2010
CLIMATE RECORD PERIOD 1904 TO 2014


WEATHER ITEM   OBSERVED TIME   RECORD YEAR NORMAL DEPARTURE LAST
                VALUE   (LST)  VALUE       VALUE  FROM      YEAR
                                                  NORMAL
..................................................................
TEMPERATURE (F)
 YESTERDAY
  MAXIMUM         48    425 AM  67    2001  49     -1       45
  MINIMUM         34   1159 PM  10    1938  33      1       34
  AVERAGE         41                        41      0       40

PRECIPITATION (IN)
  YESTERDAY        1.53          1.91 2000   0.15   1.38     0.22
  MONTH TO DATE    5.39                      3.87   1.52     1.51
  SINCE SEP 1      9.43                     11.72  -2.29     6.71
  SINCE JAN 1     40.88                     42.32  -1.44    37.52

SNOWFALL (IN)
  YESTERDAY        T             1.8  1985   0.1   -0.1      0.0
  MONTH TO DATE    1.0                       1.1   -0.1      0.1
  SINCE SEP 1      1.0                       1.1   -0.1      0.1
  SINCE JUL 1      1.0                       1.1   -0.1      0.1
  SNOW DEPTH       0

DEGREE DAYS
 HEATING
  YESTERDAY       24                        24      0       25
  MONTH TO DATE  564                       519     45      568
  SINCE SEP 1    916                       968    -52      981
  SINCE JUL 1    916                       977    -61      981

 COOLING
  YESTERDAY        0                         0      0        0
  MONTH TO DATE    0                         0      0        0
  SINCE SEP 1    127                        88     39       70
  SINCE JAN 1    709                       744    -35      892
..................................................................


WIND (MPH)
  RESULTANT WIND SPEED  10   RESULTANT WIND DIRECTION   N (0)
  HIGHEST WIND SPEED    28   HIGHEST WIND DIRECTION     N (10)
  HIGHEST GUST SPEED    37   HIGHEST GUST DIRECTION     N (10)
  AVERAGE WIND SPEED    13.6


SKY COVER
  POSSIBLE SUNSHINE  MM
  AVERAGE SKY COVER 0.9


WEATHER CONDITIONS
 THE FOLLOWING WEATHER WAS RECORDED YESTERDAY.
  HEAVY RAIN
  RAIN
  LIGHT RAIN
  SNOW
  LIGHT SNOW
  SLEET
  FOG


RELATIVE HUMIDITY (PERCENT)
 HIGHEST   100           600 PM
 LOWEST     46           400 AM
 AVERAGE    73

..........................................................


THE PROVIDENCE RI CLIMATE NORMALS FOR TODAY
                         NORMAL    RECORD    YEAR
 MAXIMUM TEMPERATURE (F)   49        76      2013
 MINIMUM TEMPERATURE (F)   33         9      1932


SUNRISE AND SUNSET
NOVEMBER 27 2014......SUNRISE   649 AM EST   SUNSET   417 PM EST
NOVEMBER 28 2014......SUNRISE   650 AM EST   SUNSET   417 PM EST


-  INDICATES NEGATIVE NUMBERS.
R  INDICATES RECORD WAS SET OR TIED.
MM INDICATES DATA IS MISSING.
T  INDICATES TRACE AMOUNT.




$$
