000
CDUS43 KLOT 180645
CLIPWK


CLIMATE REPORT
NATIONAL WEATHER SERVICE CHICAGO IL
1244 AM CST THU DEC 18 2014


...................................

...THE CHICAGO EXECUTIVE CLIMATE SUMMARY FOR DECEMBER 17 2014...

CLIMATE NORMAL PERIOD 1981 TO 2010
CLIMATE RECORD PERIOD 1996 TO 2014


WEATHER ITEM   OBSERVED TIME   RECORD YEAR NORMAL DEPARTURE LAST
                VALUE   (LST)  VALUE       VALUE  FROM      YEAR
                                                  NORMAL
..................................................................
TEMPERATURE (F)
 YESTERDAY
  MAXIMUM         29    129 AM  53    2006  34     -5       34
  MINIMUM         24   1159 PM   0    2000  20      4       17
  AVERAGE         27                        27      0       26

PRECIPITATION (IN)
  YESTERDAY        0.00          0.13 2013   0.05  -0.05      T
  MONTH TO DATE    0.26                      1.08  -0.82     0.17
  SINCE DEC 1      0.26                      1.08  -0.82     0.17
  SINCE JAN 1     32.37                     32.60  -0.23    28.54

DEGREE DAYS
 HEATING
  YESTERDAY       38                        38      0       39
  MONTH TO DATE  543                       598    -55      714
  SINCE DEC 1    543                       598    -55      714
  SINCE JUL 1   1946                      1868     78     1985

 COOLING
  YESTERDAY        0                         0      0        0
  MONTH TO DATE    0                         0      0        0
  SINCE DEC 1      0                         0      0        0
  SINCE JAN 1    780                       789     -9      918
..................................................................


WIND (MPH)
  RESULTANT WIND SPEED  10   RESULTANT WIND DIRECTION   W (290)
  HIGHEST WIND SPEED    17   HIGHEST WIND DIRECTION     W (290)
  HIGHEST GUST SPEED    25   HIGHEST GUST DIRECTION     W (290)
  AVERAGE WIND SPEED    10.2



WEATHER CONDITIONS
 THE FOLLOWING WEATHER WAS RECORDED YESTERDAY.
  NO SIGNIFICANT WEATHER WAS OBSERVED.


..........................................................


THE CHICAGO EXECUTIVE CLIMATE NORMALS FOR TODAY
                         NORMAL    RECORD    YEAR
 MAXIMUM TEMPERATURE (F)   34        55      2002
 MINIMUM TEMPERATURE (F)   20         0      2000


SUNRISE AND SUNSET
DECEMBER 18 2014......SUNRISE   715 AM CST   SUNSET   422 PM CST
DECEMBER 19 2014......SUNRISE   715 AM CST   SUNSET   422 PM CST


-  INDICATES NEGATIVE NUMBERS.
R  INDICATES RECORD WAS SET OR TIED.
MM INDICATES DATA IS MISSING.
T  INDICATES TRACE AMOUNT.




$$
