000
CDUS43 KLOT 240631
CLIPWK


CLIMATE REPORT
NATIONAL WEATHER SERVICE CHICAGO IL
131 AM CDT FRI OCT 24 2014


...................................

...THE CHICAGO EXECUTIVE CLIMATE SUMMARY FOR OCTOBER 23 2014...

CLIMATE NORMAL PERIOD 1981 TO 2010
CLIMATE RECORD PERIOD 1996 TO 2014


WEATHER ITEM   OBSERVED TIME   RECORD YEAR NORMAL DEPARTURE LAST
                VALUE   (LST)  VALUE       VALUE  FROM      YEAR
                                                  NORMAL
..................................................................
TEMPERATURE (F)
 YESTERDAY
  MAXIMUM         62        MM  76    2004  59      3       48
  MINIMUM         33        MM  31    2013  41     -8       31
  AVERAGE         48                        50     -2       40

PRECIPITATION (IN)
  YESTERDAY        0.00          0.91 2009   0.10  -0.10     0.00
                                      2004
  MONTH TO DATE    3.42                      2.25   1.17     2.00
  SINCE SEP 1      5.33                      5.46  -0.13     4.03
  SINCE JAN 1     30.85                     27.94   2.91    24.90

DEGREE DAYS
 HEATING
  YESTERDAY       17                        15      2       25
  MONTH TO DATE  274                       273      1      224
  SINCE SEP 1    389                       375     14      304
  SINCE JUL 1    393                       385      8      314

 COOLING
  YESTERDAY        0                         0      0        0
  MONTH TO DATE    4                        11     -7       22
  SINCE SEP 1     92                        92      0      158
  SINCE JAN 1    780                       789     -9      918
..................................................................


WIND (MPH)
  RESULTANT WIND SPEED   5   RESULTANT WIND DIRECTION   S (190)
  HIGHEST WIND SPEED    14   HIGHEST WIND DIRECTION     S (200)
  HIGHEST GUST SPEED    MM   HIGHEST GUST DIRECTION    MM
  AVERAGE WIND SPEED     5.4



WEATHER CONDITIONS
 THE FOLLOWING WEATHER WAS RECORDED YESTERDAY.
  FOG
  HAZE


..........................................................


THE CHICAGO EXECUTIVE CLIMATE NORMALS FOR TODAY
                         NORMAL    RECORD    YEAR
 MAXIMUM TEMPERATURE (F)   59        78      2012
 MINIMUM TEMPERATURE (F)   40        27      1999


SUNRISE AND SUNSET
OCTOBER 24 2014.......SUNRISE   715 AM CDT   SUNSET   556 PM CDT
OCTOBER 25 2014.......SUNRISE   716 AM CDT   SUNSET   555 PM CDT


-  INDICATES NEGATIVE NUMBERS.
R  INDICATES RECORD WAS SET OR TIED.
MM INDICATES DATA IS MISSING.
T  INDICATES TRACE AMOUNT.




$$
