000
CDUS43 KLOT 230633
CLIPWK


CLIMATE REPORT
NATIONAL WEATHER SERVICE CHICAGO IL
133 AM CDT THU MAR 23 2017


...................................

...THE CHICAGO EXECUTIVE CLIMATE SUMMARY FOR MARCH 22 2017...

CLIMATE NORMAL PERIOD 1981 TO 2010
CLIMATE RECORD PERIOD 1996 TO 2017


WEATHER ITEM   OBSERVED TIME   RECORD YEAR NORMAL DEPARTURE LAST
                VALUE   (LST)  VALUE       VALUE  FROM      YEAR
                                                  NORMAL
..................................................................
TEMPERATURE (F)
 YESTERDAY
  MAXIMUM         34    109 PM  84    2012  48    -14       61
  MINIMUM         25   1155 PM  15    2002  30     -5       38
  AVERAGE         30                        40    -10       50

PRECIPITATION (IN)
  YESTERDAY        0.00          0.29 2012   0.08  -0.08     0.00
  MONTH TO DATE    0.70                      1.47  -0.77     1.16
  SINCE MAR 1      0.70                      1.47  -0.77     1.16
  SINCE JAN 1      4.15                      4.05   0.10     2.82

DEGREE DAYS
 HEATING
  YESTERDAY       35                        26      9       15
  MONTH TO DATE  653                       636     17      495
  SINCE MAR 1    653                       636     17      495
  SINCE JUL 1   4642                      5374   -732     4558

 COOLING
  YESTERDAY        0                         0      0        0
  MONTH TO DATE    0                         0      0        0
  SINCE MAR 1      0                         0      0        0
  SINCE JAN 1      0                         0      0        0
..................................................................


WIND (MPH)
  RESULTANT WIND SPEED   8   RESULTANT WIND DIRECTION  NE (50)
  HIGHEST WIND SPEED    21   HIGHEST WIND DIRECTION    NE (30)
  HIGHEST GUST SPEED    29   HIGHEST GUST DIRECTION    NE (40)
  AVERAGE WIND SPEED     7.8



WEATHER CONDITIONS
 THE FOLLOWING WEATHER WAS RECORDED YESTERDAY.
  NO SIGNIFICANT WEATHER WAS OBSERVED.


..........................................................


THE CHICAGO EXECUTIVE CLIMATE NORMALS FOR TODAY
                         NORMAL    RECORD    YEAR
 MAXIMUM TEMPERATURE (F)   49        73      2007
 MINIMUM TEMPERATURE (F)   31        19      2014


SUNRISE AND SUNSET
MARCH 23 2017.........SUNRISE   649 AM CDT   SUNSET   708 PM CDT
MARCH 24 2017.........SUNRISE   648 AM CDT   SUNSET   709 PM CDT


-  INDICATES NEGATIVE NUMBERS.
R  INDICATES RECORD WAS SET OR TIED.
MM INDICATES DATA IS MISSING.
T  INDICATES TRACE AMOUNT.




$$
