000
CDUS43 KLOT 300636
CLIPWK


CLIMATE REPORT
NATIONAL WEATHER SERVICE CHICAGO IL
136 AM CDT MON MAR 30 2015


...................................

...THE CHICAGO EXECUTIVE CLIMATE SUMMARY FOR MARCH 29 2015...

CLIMATE NORMAL PERIOD 1981 TO 2010
CLIMATE RECORD PERIOD 1996 TO 2015


WEATHER ITEM   OBSERVED TIME   RECORD YEAR NORMAL DEPARTURE LAST
                VALUE   (LST)  VALUE       VALUE  FROM      YEAR
                                                  NORMAL
..................................................................
TEMPERATURE (F)
 YESTERDAY
  MAXIMUM         47    528 PM  79    1998  51     -4       40
  MINIMUM         24   1211 AM  23    2008  32     -8       27
  AVERAGE         36                        42     -6       34

PRECIPITATION (IN)
  YESTERDAY        0.02          0.74 2009   0.08  -0.06     0.00
  MONTH TO DATE    0.31                      2.08  -1.77     0.55
  SINCE MAR 1      0.31                      2.08  -1.77     0.55
  SINCE JAN 1      1.00                      4.66  -3.66     2.68

DEGREE DAYS
 HEATING
  YESTERDAY       29                        23      6       31
  MONTH TO DATE  890                       806     84     1013
  SINCE MAR 1    890                       806     84     1013
  SINCE JUL 1   6018                      5544    474     6372

 COOLING
  YESTERDAY        0                         0      0        0
  MONTH TO DATE    0                         0      0        0
  SINCE MAR 1      0                         0      0        0
  SINCE JAN 1      0                         0      0        0
..................................................................


WIND (MPH)
  RESULTANT WIND SPEED  12   RESULTANT WIND DIRECTION   S (200)
  HIGHEST WIND SPEED    31   HIGHEST WIND DIRECTION     S (200)
  HIGHEST GUST SPEED    39   HIGHEST GUST DIRECTION     S (190)
  AVERAGE WIND SPEED    15.1



WEATHER CONDITIONS
 THE FOLLOWING WEATHER WAS RECORDED YESTERDAY.
  LIGHT RAIN
  HAZE


..........................................................


THE CHICAGO EXECUTIVE CLIMATE NORMALS FOR TODAY
                         NORMAL    RECORD    YEAR
 MAXIMUM TEMPERATURE (F)   52        78      1998
 MINIMUM TEMPERATURE (F)   33        23      2014


SUNRISE AND SUNSET
MARCH 30 2015.........SUNRISE   638 AM CDT   SUNSET   715 PM CDT
MARCH 31 2015.........SUNRISE   636 AM CDT   SUNSET   716 PM CDT


-  INDICATES NEGATIVE NUMBERS.
R  INDICATES RECORD WAS SET OR TIED.
MM INDICATES DATA IS MISSING.
T  INDICATES TRACE AMOUNT.




$$
