000
CDUS41 KGYX 222045
CLIPWM


CLIMATE REPORT
NATIONAL WEATHER SERVICE GRAY ME
445 PM EDT TUE AUG 22 2017


...................................

...THE PORTLAND ME CLIMATE SUMMARY FOR AUGUST 22 2017...
VALID TODAY AS OF 0400 PM LOCAL TIME.

CLIMATE NORMAL PERIOD 1981 TO 2010
CLIMATE RECORD PERIOD 1941 TO 2017


WEATHER ITEM   OBSERVED TIME   RECORD YEAR NORMAL DEPARTURE LAST
                VALUE   (LST)  VALUE       VALUE  FROM      YEAR
                                                  NORMAL
..................................................................
TEMPERATURE (F)
 TODAY
  MAXIMUM         82    224 PM  91    2003  77      5       78
                                      1955
  MINIMUM         61    505 AM  40    1982  58      3       57
  AVERAGE         72                        67      5       68

PRECIPITATION (IN)
  TODAY            0.00          1.85 1885   0.10  -0.10     0.69
  MONTH TO DATE    2.22                      2.25  -0.03     1.85
  SINCE JUN 1      5.89                      9.65  -3.76     7.97
  SINCE JAN 1     29.93                     28.85   1.08    23.48

SNOWFALL (IN)
  TODAY            0.0           0.0  2002   0.0    0.0      0.0
                                      2001
                                      2000
  MONTH TO DATE    0.0                       0.0    0.0      0.0
  SINCE JUN 1      0.0                       0.0    0.0      0.0
  SINCE JUL 1      0.0                       0.0    0.0      0.0
  SNOW DEPTH       0

DEGREE DAYS
 HEATING
  TODAY            0                         1     -1        0
  MONTH TO DATE    1                        13    -12        1
  SINCE JUN 1     99                       136    -37       80
  SINCE JUL 1     14                        30    -16       14

 COOLING
  TODAY            7                         3      4        3
  MONTH TO DATE  104                        95      9      160
  SINCE JUN 1    340                       296     44      408
  SINCE JAN 1    357                       303     54      424
..................................................................


WIND (MPH)
  HIGHEST WIND SPEED    21   HIGHEST WIND DIRECTION     S (190)
  HIGHEST GUST SPEED    28   HIGHEST GUST DIRECTION     S (190)
  AVERAGE WIND SPEED     5.0


SKY COVER
  POSSIBLE SUNSHINE  MM
  AVERAGE SKY COVER 0.3


WEATHER CONDITIONS
 THE FOLLOWING WEATHER WAS RECORDED TODAY.
  FOG


RELATIVE HUMIDITY (PERCENT)
 HIGHEST   100           600 AM
 LOWEST     65           200 PM
 AVERAGE    83

..........................................................


THE PORTLAND ME CLIMATE NORMALS FOR TOMORROW
                         NORMAL    RECORD    YEAR
 MAXIMUM TEMPERATURE (F)   77        94      1947
 MINIMUM TEMPERATURE (F)   57        39      1957


SUNRISE AND SUNSET
AUGUST 22 2017........SUNRISE   554 AM EDT   SUNSET   733 PM EDT
AUGUST 23 2017........SUNRISE   555 AM EDT   SUNSET   732 PM EDT


-  INDICATES NEGATIVE NUMBERS.
R  INDICATES RECORD WAS SET OR TIED.
MM INDICATES DATA IS MISSING.
T  INDICATES TRACE AMOUNT.




$$
