000
CDUS41 KGYX 250842
CLIPWM


CLIMATE REPORT
NATIONAL WEATHER SERVICE GRAY ME
442 AM EDT SUN JUN 25 2017


...................................

...THE PORTLAND ME CLIMATE SUMMARY FOR JUNE 24 2017...

CLIMATE NORMAL PERIOD 1981 TO 2010
CLIMATE RECORD PERIOD 1941 TO 2017


WEATHER ITEM   OBSERVED TIME   RECORD YEAR NORMAL DEPARTURE LAST
                VALUE   (LST)  VALUE       VALUE  FROM      YEAR
                                                  NORMAL
..................................................................
TEMPERATURE (F)
 YESTERDAY
  MAXIMUM         85    155 PM  93    1976  76      9       76
  MINIMUM         65    416 AM  40    1941  56      9       53
  AVERAGE         75                        66      9       65

PRECIPITATION (IN)
  YESTERDAY        0.00          1.77 1906   0.11  -0.11     0.00
  MONTH TO DATE    1.82                      3.12  -1.30     2.77
  SINCE JUN 1      1.82                      3.12  -1.30     2.77
  SINCE JAN 1     25.86                     22.32   3.54    18.28

SNOWFALL (IN)
  YESTERDAY        0.0           0.0  2002   0.0    0.0      0.0
                                      2001
                                      2000
  MONTH TO DATE    0.0                       0.0    0.0      0.0
  SINCE JUN 1      0.0                       0.0    0.0      0.0
  SINCE JUL 1     95.3                      61.9   33.4     51.8
  SNOW DEPTH       0

DEGREE DAYS
 HEATING
  YESTERDAY        0                         2     -2        0
  MONTH TO DATE   81                        97    -16       65
  SINCE JUN 1     81                        97    -16       65
  SINCE JUL 1   6601                      7098   -497     6184

 COOLING
  YESTERDAY       10                         3      7        0
  MONTH TO DATE   81                        40     41       17
  SINCE JUN 1     81                        40     41       17
  SINCE JAN 1     98                        47     51       33
..................................................................


WIND (MPH)
  RESULTANT WIND SPEED   6   RESULTANT WIND DIRECTION   W (270)
  HIGHEST WIND SPEED    21   HIGHEST WIND DIRECTION    NW (320)
  HIGHEST GUST SPEED    29   HIGHEST GUST DIRECTION    NW (330)
  AVERAGE WIND SPEED     8.6


SKY COVER
  AVERAGE SKY COVER 0.6


WEATHER CONDITIONS
 THE FOLLOWING WEATHER WAS RECORDED YESTERDAY.
  FOG


RELATIVE HUMIDITY (PERCENT)
 HIGHEST    97           600 AM
 LOWEST     31           500 PM
 AVERAGE    64

..........................................................


THE PORTLAND ME CLIMATE NORMALS FOR TODAY
                         NORMAL    RECORD    YEAR
 MAXIMUM TEMPERATURE (F)   76        94      2005
                                             1943
 MINIMUM TEMPERATURE (F)   56        44      1953


SUNRISE AND SUNSET
JUNE 25 2017..........SUNRISE   501 AM EDT   SUNSET   827 PM EDT
JUNE 26 2017..........SUNRISE   501 AM EDT   SUNSET   827 PM EDT


-  INDICATES NEGATIVE NUMBERS.
R  INDICATES RECORD WAS SET OR TIED.
MM INDICATES DATA IS MISSING.
T  INDICATES TRACE AMOUNT.




$$
