000
CDUS41 KGYX 200807
CLIPWM


CLIMATE REPORT
NATIONAL WEATHER SERVICE GRAY ME
407 AM EDT SAT SEP 20 2014


...................................

...THE PORTLAND ME CLIMATE SUMMARY FOR SEPTEMBER 19 2014...

CLIMATE NORMAL PERIOD 1981 TO 2010
CLIMATE RECORD PERIOD 1941 TO 2014


WEATHER ITEM   OBSERVED TIME   RECORD YEAR NORMAL DEPARTURE LAST
                VALUE   (LST)  VALUE       VALUE  FROM      YEAR
                                                  NORMAL
..................................................................
TEMPERATURE (F)
 YESTERDAY
  MAXIMUM         57    145 PM  87    1983  69    -12       73
  MINIMUM         36   1152 PM  31    1964  49    -13       44
  AVERAGE         47                        59    -12       59

PRECIPITATION (IN)
  YESTERDAY        0.00          1.57 1889   0.13  -0.13     0.00
  MONTH TO DATE    0.53                      2.18  -1.65     6.38
  SINCE SEP 1      0.53                      2.18  -1.65     6.38
  SINCE JAN 1     38.73                     31.92   6.81    34.60

SNOWFALL (IN)
  YESTERDAY        0.0           0.0  2002   0.0    0.0      0.0
                                      2001
                                      2000
  MONTH TO DATE    0.0                       0.0    0.0      0.0
  SINCE SEP 1      0.0                       0.0    0.0      0.0
  SINCE JUL 1      0.0                       0.0    0.0      0.0
  SNOW DEPTH       0

DEGREE DAYS
 HEATING
  YESTERDAY       18                         7     11        6
  MONTH TO DATE  109                        78     31       88
  SINCE SEP 1    109                        78     31       88
  SINCE JUL 1    133                       123     10      106

 COOLING
  YESTERDAY        0                         1     -1        0
  MONTH TO DATE   42                        26     16       37
  SINCE SEP 1     42                        26     16       37
  SINCE JAN 1    340                       354    -14      454
..................................................................


WIND (MPH)
  RESULTANT WIND SPEED   1   RESULTANT WIND DIRECTION   N (350)
  HIGHEST WIND SPEED    14   HIGHEST WIND DIRECTION    NE (50)
  HIGHEST GUST SPEED    17   HIGHEST GUST DIRECTION     N (360)
  AVERAGE WIND SPEED     6.4


SKY COVER
  AVERAGE SKY COVER 0.1


WEATHER CONDITIONS
 THE FOLLOWING WEATHER WAS RECORDED YESTERDAY.
  NO SIGNIFICANT WEATHER WAS OBSERVED.


RELATIVE HUMIDITY (PERCENT)
 HIGHEST    85           300 AM
 LOWEST     32           100 PM
 AVERAGE    59

..........................................................


THE PORTLAND ME CLIMATE NORMALS FOR TODAY
                         NORMAL    RECORD    YEAR
 MAXIMUM TEMPERATURE (F)   68        87      1985
 MINIMUM TEMPERATURE (F)   49        27      1964


SUNRISE AND SUNSET
SEPTEMBER 20 2014.....SUNRISE   626 AM EDT   SUNSET   642 PM EDT
SEPTEMBER 21 2014.....SUNRISE   627 AM EDT   SUNSET   641 PM EDT


-  INDICATES NEGATIVE NUMBERS.
R  INDICATES RECORD WAS SET OR TIED.
MM INDICATES DATA IS MISSING.
T  INDICATES TRACE AMOUNT.




$$
