000
CDUS41 KGYX 040804
CLIPWM


CLIMATE REPORT
NATIONAL WEATHER SERVICE GRAY ME
404 AM EDT TUE AUG 4 2015


...................................

...THE PORTLAND ME CLIMATE SUMMARY FOR AUGUST 3 2015...

CLIMATE NORMAL PERIOD 1981 TO 2010
CLIMATE RECORD PERIOD 1941 TO 2015


WEATHER ITEM   OBSERVED TIME   RECORD YEAR NORMAL DEPARTURE LAST
                VALUE   (LST)  VALUE       VALUE  FROM      YEAR
                                                  NORMAL
..................................................................
TEMPERATURE (F)
 YESTERDAY
  MAXIMUM         81    246 PM  91    2002  79      2       72
                                      1990
  MINIMUM         64    452 AM  45    1976  60      4       56
  AVERAGE         73                        69      4       64

PRECIPITATION (IN)
  YESTERDAY        0.15          2.81 2008   0.10   0.05      T
  MONTH TO DATE    0.15                      0.32  -0.17      T
  SINCE JUN 1      7.81                      7.72   0.09    10.42
  SINCE JAN 1     24.42                     26.92  -2.50    29.64

SNOWFALL (IN)
  YESTERDAY        0.0           0.0  2002   0.0    0.0      0.0
                                      2001
                                      2000
  MONTH TO DATE    0.0                       0.0    0.0      0.0
  SINCE JUN 1      0.0                       0.0    0.0      0.0
  SINCE JUL 1      0.0                       0.0    0.0      0.0
  SNOW DEPTH       0

DEGREE DAYS
 HEATING
  YESTERDAY        0                         0      0        1
  MONTH TO DATE    0                         0      0        1
  SINCE JUN 1    154                       123     31       78
  SINCE JUL 1     10                        17     -7        1

 COOLING
  YESTERDAY        8                         5      3        0
  MONTH TO DATE   22                        15      7        8
  SINCE JUN 1    208                       216     -8      223
  SINCE JAN 1    248                       223     25      223
..................................................................


WIND (MPH)
  RESULTANT WIND SPEED   9   RESULTANT WIND DIRECTION   S (190)
  HIGHEST WIND SPEED    22   HIGHEST WIND DIRECTION     S (180)
  HIGHEST GUST SPEED    32   HIGHEST GUST DIRECTION     S (160)
  AVERAGE WIND SPEED     8.5


SKY COVER
  AVERAGE SKY COVER 0.2


WEATHER CONDITIONS
 THE FOLLOWING WEATHER WAS RECORDED YESTERDAY.
  THUNDERSTORM
  LIGHT RAIN
  FOG


RELATIVE HUMIDITY (PERCENT)
 HIGHEST    90           700 AM
 LOWEST     58           200 PM
 AVERAGE    74

..........................................................


THE PORTLAND ME CLIMATE NORMALS FOR TODAY
                         NORMAL    RECORD    YEAR
 MAXIMUM TEMPERATURE (F)   79        93      1988
 MINIMUM TEMPERATURE (F)   60        45      1959


SUNRISE AND SUNSET
AUGUST  4 2015........SUNRISE   533 AM EDT   SUNSET   801 PM EDT
AUGUST  5 2015........SUNRISE   534 AM EDT   SUNSET   759 PM EDT


-  INDICATES NEGATIVE NUMBERS.
R  INDICATES RECORD WAS SET OR TIED.
MM INDICATES DATA IS MISSING.
T  INDICATES TRACE AMOUNT.




$$
