000
CDUS46 KSGX 240017
CLIRAL


CLIMATE REPORT
NATIONAL WEATHER SERVICE SAN DIEGO, CA
417 PM PST THU FEB 23 2017


...................................

...THE RIVERSIDE MUNI AIRPORT CA CLIMATE SUMMARY FOR FEBRUARY 23 2017...
VALID TODAY AS OF 0400 PM LOCAL TIME.

CLIMATE NORMAL PERIOD 1981 TO 2010
CLIMATE RECORD PERIOD 1893 TO 2017


WEATHER ITEM   OBSERVED TIME   RECORD YEAR NORMAL DEPARTURE LAST
                VALUE   (LST)  VALUE       VALUE  FROM      YEAR
                                                  NORMAL
..................................................................
TEMPERATURE (F)
 TODAY
  MAXIMUM         59    220 PM  89    1921  68     -9       83
  MINIMUM         39    551 AM  28    1953  45     -6       51
  AVERAGE         49                        56     -7       67

PRECIPITATION (IN)
  TODAY            0.00          1.40 1944   0.14  -0.14     0.00
  MONTH TO DATE    1.75                      2.45  -0.70     0.24
  SINCE OCT 1     12.49                      8.20   4.29     4.00
  SINCE JAN 1      7.23                      5.39   1.84     2.83

DEGREE DAYS
 HEATING
  TODAY           16                         9      7        0
  MONTH TO DATE  171                       222    -51       83
  SINCE DEC 1    784                       867    -83      715
  SINCE JUL 1    888                      1067   -179      877

 COOLING
  TODAY            0                         0      0        2
  MONTH TO DATE    0                         0      0       63
  SINCE DEC 1      0                         8     -8       65
  SINCE JAN 1      0                         6     -6       63
..................................................................


WIND (MPH)
  RESULTANT WIND SPEED   1   RESULTANT WIND DIRECTION   S (200)
  HIGHEST WIND SPEED    18   HIGHEST WIND DIRECTION     W (250)
  HIGHEST GUST SPEED    23   HIGHEST GUST DIRECTION     W (260)
  AVERAGE WIND SPEED     3.9


SKY COVER
  POSSIBLE SUNSHINE  MM
  AVERAGE SKY COVER 0.0


WEATHER CONDITIONS
 THE FOLLOWING WEATHER WAS RECORDED TODAY.
  NO SIGNIFICANT WEATHER WAS OBSERVED.


RELATIVE HUMIDITY (PERCENT)
 HIGHEST    96           500 AM
 LOWEST     28           200 PM
 AVERAGE    62

..........................................................


THE RIVERSIDE MUNI AIRPORT CA CLIMATE NORMALS FOR TOMORROW
                         NORMAL    RECORD    YEAR
 MAXIMUM TEMPERATURE (F)   68        92      1968
                                             1921
 MINIMUM TEMPERATURE (F)   45        30      1935
                                             1894


SUNRISE AND SUNSET
FEBRUARY 23 2017......SUNRISE   625 AM PST   SUNSET   541 PM PST
FEBRUARY 24 2017......SUNRISE   624 AM PST   SUNSET   542 PM PST


-  INDICATES NEGATIVE NUMBERS.
R  INDICATES RECORD WAS SET OR TIED.
MM INDICATES DATA IS MISSING.
T  INDICATES TRACE AMOUNT.




$$
