000
CDUS46 KSGX 010021
CLIRAL


CLIMATE REPORT
NATIONAL WEATHER SERVICE SAN DIEGO, CA
521 PM PDT TUE JUN 30 2015


...................................

...THE RIVERSIDE MUNI AIRPORT CA CLIMATE SUMMARY FOR JUNE 30 2015...
VALID TODAY AS OF 0500 PM LOCAL TIME.

CLIMATE NORMAL PERIOD 1981 TO 2010
CLIMATE RECORD PERIOD 1893 TO 2015


WEATHER ITEM   OBSERVED TIME   RECORD YEAR NORMAL DEPARTURE LAST
                VALUE   (LST)  VALUE       VALUE  FROM      YEAR
                                                  NORMAL
..................................................................
TEMPERATURE (F)
 TODAY
  MAXIMUM        100    101 PM 104    1985  89     11       90
  MINIMUM         70    505 AM  44    1916  62      8       65
  AVERAGE         85                        76      9       78

PRECIPITATION (IN)
  TODAY            T   R         0.00 2002   0.00   0.00     0.00
                                      2001
                                      2000
  MONTH TO DATE    T                         0.10  -0.10     0.00
  SINCE OCT 1      5.75                     12.00  -6.25     2.71
  SINCE JAN 1      2.52                      9.19  -6.67     1.72

SNOWFALL (IN)
  TODAY            0.0
  MONTH TO DATE    0.0
  SINCE JUN 1      0.0
  SINCE JUL 1      0.0
  SNOW DEPTH       0

DEGREE DAYS
 HEATING
  TODAY            0                         0      0        0
  MONTH TO DATE    0                         0      0        0
  SINCE JUN 1      0                         2     -2        0
  SINCE JUL 1    764                      1446   -682      803

 COOLING
  TODAY           20                        11      9       13
  MONTH TO DATE  371                       220    151      287
  SINCE JUN 1    371                       220    151      287
  SINCE JAN 1    680                       397    283      665
..................................................................


WIND (MPH)
  RESULTANT WIND SPEED   1   RESULTANT WIND DIRECTION  SW (210)
  HIGHEST WIND SPEED    26   HIGHEST WIND DIRECTION     S (170)
  HIGHEST GUST SPEED    38   HIGHEST GUST DIRECTION     S (160)
  AVERAGE WIND SPEED     4.2


SKY COVER
  POSSIBLE SUNSHINE  MM
  AVERAGE SKY COVER 0.4


WEATHER CONDITIONS
 THE FOLLOWING WEATHER WAS RECORDED TODAY.
  THUNDERSTORM
  LIGHT RAIN
  HAZE


RELATIVE HUMIDITY (PERCENT)
 HIGHEST    66           300 AM
 LOWEST     21           100 PM
 AVERAGE    44

..........................................................


THE RIVERSIDE MUNI AIRPORT CA CLIMATE NORMALS FOR TOMORROW
                         NORMAL    RECORD    YEAR
 MAXIMUM TEMPERATURE (F)   90       108      1985
 MINIMUM TEMPERATURE (F)   62        45      1956


SUNRISE AND SUNSET
JUNE 30 2015..........SUNRISE   542 AM PDT   SUNSET   805 PM PDT
JULY  1 2015..........SUNRISE   542 AM PDT   SUNSET   805 PM PDT


-  INDICATES NEGATIVE NUMBERS.
R  INDICATES RECORD WAS SET OR TIED.
MM INDICATES DATA IS MISSING.
T  INDICATES TRACE AMOUNT.




$$
