000
CDUS46 KSGX 280017
CLIRAL


CLIMATE REPORT
NATIONAL WEATHER SERVICE SAN DIEGO, CA
517 PM PDT THU APR 27 2017


...................................

...THE RIVERSIDE MUNI AIRPORT CA CLIMATE SUMMARY FOR APRIL 27 2017...
VALID TODAY AS OF 0500 PM LOCAL TIME.

CLIMATE NORMAL PERIOD 1981 TO 2010
CLIMATE RECORD PERIOD 1893 TO 2017


WEATHER ITEM   OBSERVED TIME   RECORD YEAR NORMAL DEPARTURE LAST
                VALUE   (LST)  VALUE       VALUE  FROM      YEAR
                                                  NORMAL
..................................................................
TEMPERATURE (F)
 TODAY
  MAXIMUM         78    149 PM 101    2004  78      0       74
  MINIMUM         55    620 AM  38    1945  52      3       50
                                      1912
                                      1904
  AVERAGE         67                        65      2       62

PRECIPITATION (IN)
  TODAY            0.00          0.87 1960   0.03  -0.03     0.00
  MONTH TO DATE    0.10                      0.73  -0.63     0.44
  SINCE OCT 1     13.19                     11.53   1.66     5.22
  SINCE JAN 1      7.93                      8.72  -0.79     4.05

DEGREE DAYS
 HEATING
  TODAY            0                         2     -2        3
  MONTH TO DATE   31                       101    -70       25
  SINCE MAR 1    129                       306   -177      126
  SINCE JUL 1   1093                      1414   -321     1003

 COOLING
  TODAY            2                         2      0        0
  MONTH TO DATE   61                        36     25       84
  SINCE MAR 1    120                        48     72      113
  SINCE JAN 1    120                        57     63      189
..................................................................


WIND (MPH)
  RESULTANT WIND SPEED   3   RESULTANT WIND DIRECTION   W (270)
  HIGHEST WIND SPEED    17   HIGHEST WIND DIRECTION     W (270)
  HIGHEST GUST SPEED    22   HIGHEST GUST DIRECTION     W (280)
  AVERAGE WIND SPEED     4.3


SKY COVER
  POSSIBLE SUNSHINE  MM
  AVERAGE SKY COVER 0.3


WEATHER CONDITIONS
 THE FOLLOWING WEATHER WAS RECORDED TODAY.
  NO SIGNIFICANT WEATHER WAS OBSERVED.


RELATIVE HUMIDITY (PERCENT)
 HIGHEST    93           300 AM
 LOWEST     38           400 PM
 AVERAGE    66

..........................................................


THE RIVERSIDE MUNI AIRPORT CA CLIMATE NORMALS FOR TOMORROW
                         NORMAL    RECORD    YEAR
 MAXIMUM TEMPERATURE (F)   78       101      1921
 MINIMUM TEMPERATURE (F)   53        30      1894


SUNRISE AND SUNSET
APRIL 27 2017.........SUNRISE   605 AM PDT   SUNSET   731 PM PDT
APRIL 28 2017.........SUNRISE   604 AM PDT   SUNSET   731 PM PDT


-  INDICATES NEGATIVE NUMBERS.
R  INDICATES RECORD WAS SET OR TIED.
MM INDICATES DATA IS MISSING.
T  INDICATES TRACE AMOUNT.




$$
