744
CDUS46 KSGX 230018
CLIRAL


CLIMATE REPORT
NATIONAL WEATHER SERVICE SAN DIEGO, CA
518 PM PDT SUN OCT 22 2017


...................................

...THE RIVERSIDE MUNI AIRPORT CA CLIMATE SUMMARY FOR OCTOBER 22 2017...
VALID TODAY AS OF 0500 PM LOCAL TIME.

CLIMATE NORMAL PERIOD 1981 TO 2010
CLIMATE RECORD PERIOD 1893 TO 2017


WEATHER ITEM   OBSERVED TIME   RECORD YEAR NORMAL DEPARTURE LAST
                VALUE   (LST)  VALUE       VALUE  FROM      YEAR
                                                  NORMAL
..................................................................
TEMPERATURE (F)
 TODAY
  MAXIMUM         94    323 PM 103    1917  80     14       91
  MINIMUM         58    614 AM  34    1949  53      5       54
  AVERAGE         76                        67      9       73

PRECIPITATION (IN)
  TODAY            0.00          0.73 1941   0.02  -0.02     0.00
  MONTH TO DATE    T                         0.16  -0.16     0.03
  SINCE OCT 1      T                         0.16  -0.16     0.03
  SINCE JAN 1      8.46                      9.75  -1.29     4.31

DEGREE DAYS
 HEATING
  TODAY            0                         1     -1        0
  MONTH TO DATE    0                        12    -12        0
  SINCE SEP 1      1                        14    -13        0
  SINCE JUL 1      1                        14    -13        0

 COOLING
  TODAY           11                         3      8        8
  MONTH TO DATE  168                       114     54      153
  SINCE SEP 1    515                       448     67      503
  SINCE JAN 1   2163                      1706    457     2172
..................................................................


WIND (MPH)
  RESULTANT WIND SPEED   7   RESULTANT WIND DIRECTION  NE (40)
  HIGHEST WIND SPEED    16   HIGHEST WIND DIRECTION    NE (30)
  HIGHEST GUST SPEED    26   HIGHEST GUST DIRECTION    NE (30)
  AVERAGE WIND SPEED     7.7


SKY COVER
  POSSIBLE SUNSHINE  MM
  AVERAGE SKY COVER 0.0


WEATHER CONDITIONS
 THE FOLLOWING WEATHER WAS RECORDED TODAY.
  NO SIGNIFICANT WEATHER WAS OBSERVED.


RELATIVE HUMIDITY (PERCENT)
 HIGHEST    35           100 AM
 LOWEST     10          1100 AM
 AVERAGE    23

..........................................................


THE RIVERSIDE MUNI AIRPORT CA CLIMATE NORMALS FOR TOMORROW
                         NORMAL    RECORD    YEAR
 MAXIMUM TEMPERATURE (F)   80       101      1959
 MINIMUM TEMPERATURE (F)   53        31      1906


SUNRISE AND SUNSET
OCTOBER 22 2017.......SUNRISE   701 AM PDT   SUNSET   607 PM PDT
OCTOBER 23 2017.......SUNRISE   702 AM PDT   SUNSET   606 PM PDT


-  INDICATES NEGATIVE NUMBERS.
R  INDICATES RECORD WAS SET OR TIED.
MM INDICATES DATA IS MISSING.
T  INDICATES TRACE AMOUNT.




$$
