653
CDUS46 KSGX 061521
CLIRAL


CLIMATE REPORT
NATIONAL WEATHER SERVICE SAN DIEGO, CA
721 AM PST SAT FEB 6 2016


...................................

...THE RIVERSIDE MUNI AIRPORT CA CLIMATE SUMMARY FOR FEBRUARY 5 2016...

CLIMATE NORMAL PERIOD 1981 TO 2010
CLIMATE RECORD PERIOD 1893 TO 2016


WEATHER ITEM   OBSERVED TIME   RECORD YEAR NORMAL DEPARTURE LAST
                VALUE   (LST)  VALUE       VALUE  FROM      YEAR
                                                  NORMAL
..................................................................
TEMPERATURE (F)
 YESTERDAY
  MAXIMUM         74    326 PM  87    1995  66      8       85
  MINIMUM         46    636 AM  26    1955  44      2       46
                                      1946
  AVERAGE         60                        55      5       66

PRECIPITATION (IN)
  YESTERDAY        0.00          1.28 1931   0.07  -0.07     0.00
  MONTH TO DATE    0.00                      0.29  -0.29     0.00
  SINCE OCT 1      3.76                      6.04  -2.28     3.81
  SINCE JAN 1      2.59                      3.23  -0.64     0.58

DEGREE DAYS
 HEATING
  YESTERDAY        5                        10     -5        0
  MONTH TO DATE   61                        50     11       11
  SINCE DEC 1    693                       695     -2      464
  SINCE JUL 1    855                       895    -40      528

 COOLING
  YESTERDAY        0                         0      0        1
  MONTH TO DATE    0                         0      0        1
  SINCE DEC 1      2                         8     -6       13
  SINCE JAN 1      0                         6     -6        8
..................................................................


WIND (MPH)
  RESULTANT WIND SPEED   6   RESULTANT WIND DIRECTION  NE (50)
  HIGHEST WIND SPEED    15   HIGHEST WIND DIRECTION     N (10)
  HIGHEST GUST SPEED    28   HIGHEST GUST DIRECTION     N (20)
  AVERAGE WIND SPEED     7.3


SKY COVER
  POSSIBLE SUNSHINE  MM
  AVERAGE SKY COVER 0.0


WEATHER CONDITIONS
 THE FOLLOWING WEATHER WAS RECORDED YESTERDAY.
  NO SIGNIFICANT WEATHER WAS OBSERVED.


RELATIVE HUMIDITY (PERCENT)
 HIGHEST    39           400 AM
 LOWEST     13           200 PM
 AVERAGE    26

..........................................................


THE RIVERSIDE MUNI AIRPORT CA CLIMATE NORMALS FOR TODAY
                         NORMAL    RECORD    YEAR
 MAXIMUM TEMPERATURE (F)   66        89      1963
 MINIMUM TEMPERATURE (F)   44        22      2003


SUNRISE AND SUNSET
FEBRUARY  6 2016......SUNRISE   643 AM PST   SUNSET   525 PM PST
FEBRUARY  7 2016......SUNRISE   642 AM PST   SUNSET   526 PM PST


-  INDICATES NEGATIVE NUMBERS.
R  INDICATES RECORD WAS SET OR TIED.
MM INDICATES DATA IS MISSING.
T  INDICATES TRACE AMOUNT.




$$
