000
CDUS43 KUNR 011835
CLIRAP


CLIMATE REPORT
NATIONAL WEATHER SERVICE RAPID CITY SD
1235 PM MDT FRI AUG 1 2014


...................................

...THE RAPID CITY AIRPORT SD CLIMATE SUMMARY FOR AUGUST 1 2014...
VALID AS OF 1100 AM LOCAL TIME.

CLIMATE NORMAL PERIOD 1981 TO 2010
CLIMATE RECORD PERIOD 1942 TO 2014


WEATHER ITEM   OBSERVED TIME   RECORD YEAR NORMAL DEPARTURE LAST
                VALUE   (LST)  VALUE       VALUE  FROM      YEAR
                                                  NORMAL
..................................................................
TEMPERATURE (F)
 TODAY
  MAXIMUM         89   1047 AM 102    1964  89      0       81
                                      1955
  MINIMUM         54    236 AM  42    2009  59     -5       56
  AVERAGE         72                        74     -2       69

PRECIPITATION (IN)
  TODAY            0.00          0.71 1945   0.06  -0.06     0.22
  MONTH TO DATE    0.00                      0.06  -0.06     0.22
  SINCE JUN 1      7.19                      4.44   2.75     4.25
  SINCE JAN 1     12.58                     11.13   1.45    11.87

SNOWFALL (IN)
  TODAY            0.0                       0.0    0.0      0.0
  MONTH TO DATE    0.0                       0.0    0.0      0.0
  SINCE JUN 1      0.0                       0.0    0.0      0.0
  SINCE JUL 1      0.0                       0.0    0.0      0.0
  SNOW DEPTH       0

DEGREE DAYS
 HEATING
  TODAY            0                         0      0        0
  MONTH TO DATE    0                         0      0        0
  SINCE JUN 1    150                       114     36       85
  SINCE JUL 1     22                        15      7        5

 COOLING
  TODAY            7                         9     -2        4
  MONTH TO DATE    7                         9     -2        4
  SINCE JUN 1    196                       343   -147      342
  SINCE JAN 1    216                       358   -142      350
..................................................................


WIND (MPH)
  HIGHEST WIND SPEED    10   HIGHEST WIND DIRECTION    SE (120)
  HIGHEST GUST SPEED    13   HIGHEST GUST DIRECTION    SE (130)
  AVERAGE WIND SPEED     3.5


SKY COVER
  AVERAGE SKY COVER 0.0


WEATHER CONDITIONS
 THE FOLLOWING WEATHER WAS RECORDED TODAY.
  THUNDERSTORM


RELATIVE HUMIDITY (PERCENT)
 HIGHEST    80           100 AM
 LOWEST     27          1100 AM
 AVERAGE    54

..........................................................


THE RAPID CITY AIRPORT SD CLIMATE NORMALS FOR TOMORROW
                         NORMAL    RECORD    YEAR
 MAXIMUM TEMPERATURE (F)   88       100      2005
                                             1996
 MINIMUM TEMPERATURE (F)   59        47      1971


SUNRISE AND SUNSET
AUGUST  1 2014........SUNRISE   540 AM MDT   SUNSET   816 PM MDT
AUGUST  2 2014........SUNRISE   541 AM MDT   SUNSET   815 PM MDT


-  INDICATES NEGATIVE NUMBERS.
R  INDICATES RECORD WAS SET OR TIED.
MM INDICATES DATA IS MISSING.
T  INDICATES TRACE AMOUNT.




$$
