000
CDUS43 KUNR 270036
CLIRAP


CLIMATE REPORT
NATIONAL WEATHER SERVICE RAPID CITY SD
635 PM MDT MON JUN 26 2017


...................................

...THE RAPID CITY AIRPORT SD CLIMATE SUMMARY FOR JUNE 26 2017...
VALID TODAY AS OF 0500 PM LOCAL TIME.

CLIMATE NORMAL PERIOD 1981 TO 2010
CLIMATE RECORD PERIOD 1942 TO 2017


WEATHER ITEM   OBSERVED TIME   RECORD YEAR NORMAL DEPARTURE LAST
                VALUE   (LST)  VALUE       VALUE  FROM      YEAR
                                                  NORMAL
..................................................................
TEMPERATURE (F)
 TODAY
  MAXIMUM         81    417 PM 109    2012  82     -1       88
  MINIMUM         42R   315 AM  42    1968  54    -12       50
  AVERAGE         62                        68     -6       69

PRECIPITATION (IN)
  TODAY            0.00          0.95 1943   0.06  -0.06     0.00
  MONTH TO DATE    1.36                      2.30  -0.94     1.19
  SINCE JUN 1      1.36                      2.30  -0.94     1.19
  SINCE JAN 1      5.63                      8.99  -3.36     5.83

SNOWFALL (IN)
  TODAY            0.0           0.0    MM   0.0    0.0      0.0
  MONTH TO DATE    0.0                       0.0    0.0      0.0
  SINCE JUN 1      0.0                       0.0    0.0      0.0
  SINCE JUL 1     35.7                      41.1   -5.4     36.3
  SNOW DEPTH       0

DEGREE DAYS
 HEATING
  TODAY            3                         2      1        0
  MONTH TO DATE   31                        94    -63       10
  SINCE JUN 1     31                        94    -63       10
  SINCE JUL 1   6753                      7148   -395     6324

 COOLING
  TODAY            0                         5     -5        4
  MONTH TO DATE   87                        62     25      168
  SINCE JUN 1     87                        62     25      168
  SINCE JAN 1     99                        77     22      168
..................................................................


WIND (MPH)
  HIGHEST WIND SPEED    21   HIGHEST WIND DIRECTION    SE (150)
  HIGHEST GUST SPEED    27   HIGHEST GUST DIRECTION    SE (140)
  AVERAGE WIND SPEED     8.8


SKY COVER
  AVERAGE SKY COVER 0.0


WEATHER CONDITIONS
 THE FOLLOWING WEATHER WAS RECORDED TODAY.
  NO SIGNIFICANT WEATHER WAS OBSERVED.


RELATIVE HUMIDITY (PERCENT)
 HIGHEST    71           500 AM
 LOWEST     21           300 PM
 AVERAGE    46

..........................................................


THE RAPID CITY AIRPORT SD CLIMATE NORMALS FOR TOMORROW
                         NORMAL    RECORD    YEAR
 MAXIMUM TEMPERATURE (F)   82       102      1988
 MINIMUM TEMPERATURE (F)   54        45      1985
                                             1951


SUNRISE AND SUNSET
JUNE 26 2017..........SUNRISE   511 AM MDT   SUNSET   839 PM MDT
JUNE 27 2017..........SUNRISE   511 AM MDT   SUNSET   839 PM MDT


-  INDICATES NEGATIVE NUMBERS.
R  INDICATES RECORD WAS SET OR TIED.
MM INDICATES DATA IS MISSING.
T  INDICATES TRACE AMOUNT.




$$
