000
CDUS43 KUNR 201832
CLIRAP


CLIMATE REPORT
NATIONAL WEATHER SERVICE RAPID CITY SD
1231 PM MDT SAT SEP 20 2014


...................................

...THE RAPID CITY AIRPORT SD CLIMATE SUMMARY FOR SEPTEMBER 20 2014...
VALID AS OF 1100 AM LOCAL TIME.

CLIMATE NORMAL PERIOD 1981 TO 2010
CLIMATE RECORD PERIOD 1942 TO 2014


WEATHER ITEM   OBSERVED TIME   RECORD YEAR NORMAL DEPARTURE LAST
                VALUE   (LST)  VALUE       VALUE  FROM      YEAR
                                                  NORMAL
..................................................................
TEMPERATURE (F)
 TODAY
  MAXIMUM         77   1059 AM  93    1960  73      4       73
  MINIMUM         53    506 AM  29    1983  44      9       34
  AVERAGE         65                        59      6       54

PRECIPITATION (IN)
  TODAY            T             1.83 1955   0.04  -0.04     0.00
  MONTH TO DATE    0.52                      0.85  -0.33     0.55
  SINCE SEP 1      0.52                      0.85  -0.33     0.55
  SINCE JAN 1     17.12                     13.48   3.64    14.61

SNOWFALL (IN)
  TODAY            0.0                       0.0    0.0      0.0
  MONTH TO DATE    T                         0.1   -0.1      0.0
  SINCE SEP 1      T                         0.1   -0.1      0.0
  SINCE JUL 1      T                         0.1   -0.1      0.0
  SNOW DEPTH       0

DEGREE DAYS
 HEATING
  TODAY            0                         7     -7       11
  MONTH TO DATE  163                        91     72       38
  SINCE SEP 1    163                        91     72       38
  SINCE JUL 1    199                       128     71       43

 COOLING
  TODAY            0                         1     -1        0
  MONTH TO DATE   26                        53    -27      122
  SINCE SEP 1     26                        53    -27      122
  SINCE JAN 1    389                       625   -236      713
..................................................................


WIND (MPH)
  HIGHEST WIND SPEED    29   HIGHEST WIND DIRECTION    NW (330)
  HIGHEST GUST SPEED    35   HIGHEST GUST DIRECTION     N (340)
  AVERAGE WIND SPEED    10.3


SKY COVER
  AVERAGE SKY COVER 0.1


WEATHER CONDITIONS
 THE FOLLOWING WEATHER WAS RECORDED TODAY.
  NO SIGNIFICANT WEATHER WAS OBSERVED.


RELATIVE HUMIDITY (PERCENT)
 HIGHEST    77           600 AM
 LOWEST     33          1000 AM
 AVERAGE    55

..........................................................


THE RAPID CITY AIRPORT SD CLIMATE NORMALS FOR TOMORROW
                         NORMAL    RECORD    YEAR
 MAXIMUM TEMPERATURE (F)   73        92      2013
 MINIMUM TEMPERATURE (F)   44        23      1995


SUNRISE AND SUNSET
SEPTEMBER 20 2014.....SUNRISE   637 AM MDT   SUNSET   653 PM MDT
SEPTEMBER 21 2014.....SUNRISE   638 AM MDT   SUNSET   651 PM MDT


-  INDICATES NEGATIVE NUMBERS.
R  INDICATES RECORD WAS SET OR TIED.
MM INDICATES DATA IS MISSING.
T  INDICATES TRACE AMOUNT.




$$
