000
CDUS43 KUNR 200843
CLIRAP


CLIMATE REPORT
NATIONAL WEATHER SERVICE RAPID CITY SD
142 AM MST MON FEB 20 2017


...................................

...THE RAPID CITY AIRPORT SD CLIMATE SUMMARY FOR FEBRUARY 19 2017...

CLIMATE NORMAL PERIOD 1981 TO 2010
CLIMATE RECORD PERIOD 1942 TO 2017


WEATHER ITEM   OBSERVED TIME   RECORD YEAR NORMAL DEPARTURE LAST
                VALUE   (LST)  VALUE       VALUE  FROM      YEAR
                                                  NORMAL
..................................................................
TEMPERATURE (F)
 YESTERDAY
  MAXIMUM         70R  1206 PM  69    1995  40     30       62
  MINIMUM         34    658 AM -12    2006  16     18       32
  AVERAGE         52                        28     24       47

PRECIPITATION (IN)
  YESTERDAY        0.00          0.61 1953   0.02  -0.02     0.01
  MONTH TO DATE    0.22                      0.25  -0.03     0.52
  SINCE DEC 1      1.34                      0.97   0.37     1.36
  SINCE JAN 1      0.57                      0.55   0.02     0.73

SNOWFALL (IN)
  YESTERDAY        0.0           6.2  1953   0.3   -0.3      0.0
  MONTH TO DATE    4.8                       3.5    1.3      3.4
  SINCE DEC 1     24.6                      13.3   11.3     18.2
  SINCE JUL 1     27.4                      21.1    6.3     24.8
  SNOW DEPTH       0

DEGREE DAYS
 HEATING
  YESTERDAY       13                        37    -24       18
  MONTH TO DATE  642                       731    -89      551
  SINCE DEC 1   3548                      3212    336     2974
  SINCE JUL 1   4771                      4887   -116     4419

 COOLING
  YESTERDAY        0                         0      0        0
  MONTH TO DATE    0                         0      0        0
  SINCE DEC 1      0                         0      0        0
  SINCE JAN 1      0                         0      0        0
..................................................................


WIND (MPH)
  HIGHEST WIND SPEED    22   HIGHEST WIND DIRECTION     S (190)
  HIGHEST GUST SPEED    28   HIGHEST GUST DIRECTION     S (190)
  AVERAGE WIND SPEED     8.5


SKY COVER
  AVERAGE SKY COVER 0.1


WEATHER CONDITIONS
 THE FOLLOWING WEATHER WAS RECORDED YESTERDAY.
  NO SIGNIFICANT WEATHER WAS OBSERVED.


RELATIVE HUMIDITY (PERCENT)
 HIGHEST    76           500 AM
 LOWEST     24           100 PM
 AVERAGE    50

..........................................................


THE RAPID CITY AIRPORT SD CLIMATE NORMALS FOR TODAY
                         NORMAL    RECORD    YEAR
 MAXIMUM TEMPERATURE (F)   41        65      1972
 MINIMUM TEMPERATURE (F)   16        -6      1959


SUNRISE AND SUNSET
FEBRUARY 20 2017......SUNRISE   643 AM MST   SUNSET   529 PM MST
FEBRUARY 21 2017......SUNRISE   642 AM MST   SUNSET   530 PM MST


-  INDICATES NEGATIVE NUMBERS.
R  INDICATES RECORD WAS SET OR TIED.
MM INDICATES DATA IS MISSING.
T  INDICATES TRACE AMOUNT.




$$
