000
CDUS43 KUNR 240911
CLIRAP


CLIMATE REPORT
NATIONAL WEATHER SERVICE RAPID CITY SD
307 AM MDT FRI MAR 24 2017


...................................

...THE RAPID CITY AIRPORT SD CLIMATE SUMMARY FOR MARCH 23 2017...

CLIMATE NORMAL PERIOD 1981 TO 2010
CLIMATE RECORD PERIOD 1942 TO 2017


WEATHER ITEM   OBSERVED TIME   RECORD YEAR NORMAL DEPARTURE LAST
                VALUE   (LST)  VALUE       VALUE  FROM      YEAR
                                                  NORMAL
..................................................................
TEMPERATURE (F)
 YESTERDAY
  MAXIMUM         63   1248 PM  76    1967  50     13       35
  MINIMUM         44        MM  -3    1965  25     19       20
  AVERAGE         54                        38     16       28

PRECIPITATION (IN)
  YESTERDAY        T             0.78 2009   0.03  -0.03     0.27
  MONTH TO DATE    0.18                      0.65  -0.47     0.40
  SINCE MAR 1      0.18                      0.65  -0.47     0.40
  SINCE JAN 1      0.99                      1.39  -0.40     1.26

SNOWFALL (IN)
  YESTERDAY        0.0           8.0  2009   0.3   -0.3      2.2
  MONTH TO DATE    0.3                       6.5   -6.2      2.2
  SINCE MAR 1      0.3                       6.5   -6.2      2.2
  SINCE JUL 1     30.8                      29.9    0.9     28.3
  SNOW DEPTH       0

DEGREE DAYS
 HEATING
  YESTERDAY       11                        27    -16       37
  MONTH TO DATE  620                       709    -89      537
  SINCE MAR 1    620                       709    -89      537
  SINCE JUL 1   5676                      5919   -243     5232

 COOLING
  YESTERDAY        0                         0      0        0
  MONTH TO DATE    0                         0      0        0
  SINCE MAR 1      0                         0      0        0
  SINCE JAN 1      0                         0      0        0
..................................................................


WIND (MPH)
  HIGHEST WIND SPEED    37   HIGHEST WIND DIRECTION     N (340)
  HIGHEST GUST SPEED    43   HIGHEST GUST DIRECTION     N (340)
  AVERAGE WIND SPEED    16.4


SKY COVER
  AVERAGE SKY COVER 0.4


WEATHER CONDITIONS
 THE FOLLOWING WEATHER WAS RECORDED YESTERDAY.
  LIGHT RAIN


RELATIVE HUMIDITY (PERCENT)
 HIGHEST    92          1000 PM
 LOWEST     48           100 PM
 AVERAGE    70

..........................................................


THE RAPID CITY AIRPORT SD CLIMATE NORMALS FOR TODAY
                         NORMAL    RECORD    YEAR
 MAXIMUM TEMPERATURE (F)   51        78      1986
 MINIMUM TEMPERATURE (F)   25        -4      1965


SUNRISE AND SUNSET
MARCH 24 2017.........SUNRISE   648 AM MDT   SUNSET   710 PM MDT
MARCH 25 2017.........SUNRISE   646 AM MDT   SUNSET   711 PM MDT


-  INDICATES NEGATIVE NUMBERS.
R  INDICATES RECORD WAS SET OR TIED.
MM INDICATES DATA IS MISSING.
T  INDICATES TRACE AMOUNT.




$$
