000
CDUS43 KUNR 240035
CLIRAP


CLIMATE REPORT
NATIONAL WEATHER SERVICE RAPID CITY SD
635 PM MDT WED AUG 23 2017


...................................

...THE RAPID CITY AIRPORT SD CLIMATE SUMMARY FOR AUGUST 23 2017...
VALID TODAY AS OF 0500 PM LOCAL TIME.

CLIMATE NORMAL PERIOD 1981 TO 2010
CLIMATE RECORD PERIOD 1942 TO 2017


WEATHER ITEM   OBSERVED TIME   RECORD YEAR NORMAL DEPARTURE LAST
                VALUE   (LST)  VALUE       VALUE  FROM      YEAR
                                                  NORMAL
..................................................................
TEMPERATURE (F)
 TODAY
  MAXIMUM         91    325 PM 104    1949  85      6       82
  MINIMUM         51    458 AM  38    2015  55     -4       53
  AVERAGE         71                        70      1       68

PRECIPITATION (IN)
  TODAY            0.00          0.28 1973   0.04  -0.04     0.00
  MONTH TO DATE    2.02                      1.22   0.80     1.31
  SINCE JUN 1      4.84                      5.60  -0.76     5.36
  SINCE JAN 1      9.11                     12.29  -3.18    10.00

SNOWFALL (IN)
  TODAY            0.0           0.0    MM   0.0    0.0      0.0
  MONTH TO DATE    0.0                       0.0    0.0      0.0
  SINCE JUN 1      0.0                       0.0    0.0      0.0
  SINCE JUL 1      0.0                       0.0    0.0      0.0
  SNOW DEPTH       0

DEGREE DAYS
 HEATING
  TODAY            0                         1     -1        0
  MONTH TO DATE    7                         7      0       18
  SINCE JUN 1     40                       121    -81       31
  SINCE JUL 1      7                        22    -15       21

 COOLING
  TODAY            6                         6      0        3
  MONTH TO DATE   71                       182   -111      149
  SINCE JUN 1    556                       516     40      590
  SINCE JAN 1    568                       531     37      590
..................................................................


WIND (MPH)
  HIGHEST WIND SPEED     9   HIGHEST WIND DIRECTION     N (20)
  HIGHEST GUST SPEED    13   HIGHEST GUST DIRECTION     N (20)
  AVERAGE WIND SPEED     4.1


SKY COVER
  AVERAGE SKY COVER 0.0


WEATHER CONDITIONS
 THE FOLLOWING WEATHER WAS RECORDED TODAY.
  NO SIGNIFICANT WEATHER WAS OBSERVED.


RELATIVE HUMIDITY (PERCENT)
 HIGHEST    83           500 AM
 LOWEST     23           400 PM
 AVERAGE    53

..........................................................


THE RAPID CITY AIRPORT SD CLIMATE NORMALS FOR TOMORROW
                         NORMAL    RECORD    YEAR
 MAXIMUM TEMPERATURE (F)   85       101      2000
 MINIMUM TEMPERATURE (F)   55        41      2015


SUNRISE AND SUNSET
AUGUST 23 2017........SUNRISE   605 AM MDT   SUNSET   743 PM MDT
AUGUST 24 2017........SUNRISE   607 AM MDT   SUNSET   742 PM MDT


-  INDICATES NEGATIVE NUMBERS.
R  INDICATES RECORD WAS SET OR TIED.
MM INDICATES DATA IS MISSING.
T  INDICATES TRACE AMOUNT.




$$
