000
CDUS43 KUNR 200831
CLIRAP


CLIMATE REPORT
NATIONAL WEATHER SERVICE RAPID CITY SD
131 AM MST SAT DEC 20 2014


...................................

...THE RAPID CITY AIRPORT SD CLIMATE SUMMARY FOR DECEMBER 19 2014...

CLIMATE NORMAL PERIOD 1981 TO 2010
CLIMATE RECORD PERIOD 1942 TO 2014


WEATHER ITEM   OBSERVED TIME   RECORD YEAR NORMAL DEPARTURE LAST
                VALUE   (LST)  VALUE       VALUE  FROM      YEAR
                                                  NORMAL
..................................................................
TEMPERATURE (F)
 YESTERDAY
  MAXIMUM         52   1220 PM  59    2004  36     16       28
  MINIMUM         21   1118 PM -17    1990  12      9       -5
  AVERAGE         37                        24     13       12

PRECIPITATION (IN)
  YESTERDAY        0.00          0.30 2013   0.02  -0.02     0.30
  MONTH TO DATE    0.02                      0.25  -0.23     0.44
  SINCE DEC 1      0.02                      0.25  -0.23     0.44
  SINCE JAN 1     21.14                     16.12   5.02    21.58

SNOWFALL (IN)
  YESTERDAY        0.0           5.5  2013   0.2   -0.2      5.5
  MONTH TO DATE    0.5                       3.4   -2.9      7.9
  SINCE DEC 1      0.5                       3.4   -2.9      7.9
  SINCE JUL 1     16.0                      11.2    4.8     32.7
  SNOW DEPTH       0

DEGREE DAYS
 HEATING
  YESTERDAY       28                        41    -13       53
  MONTH TO DATE  579                       752   -173      878
  SINCE DEC 1    579                       752   -173      878
  SINCE JUL 1   2387                      2427    -40     2598

 COOLING
  YESTERDAY        0                         0      0        0
  MONTH TO DATE    0                         0      0        0
  SINCE DEC 1      0                         0      0        0
  SINCE JAN 1    424                       636   -212      724
..................................................................


WIND (MPH)
  HIGHEST WIND SPEED    12   HIGHEST WIND DIRECTION    NE (50)
  HIGHEST GUST SPEED    14   HIGHEST GUST DIRECTION    NE (50)
  AVERAGE WIND SPEED     2.8


SKY COVER
  AVERAGE SKY COVER 0.2


WEATHER CONDITIONS
 THE FOLLOWING WEATHER WAS RECORDED YESTERDAY.
  NO SIGNIFICANT WEATHER WAS OBSERVED.


RELATIVE HUMIDITY (PERCENT)
 HIGHEST    88           800 PM
 LOWEST     29          1200 PM
 AVERAGE    59

..........................................................


THE RAPID CITY AIRPORT SD CLIMATE NORMALS FOR TODAY
                         NORMAL    RECORD    YEAR
 MAXIMUM TEMPERATURE (F)   36        63      1954
 MINIMUM TEMPERATURE (F)   12       -20      1983


SUNRISE AND SUNSET
DECEMBER 20 2014......SUNRISE   723 AM MST   SUNSET   416 PM MST
DECEMBER 21 2014......SUNRISE   724 AM MST   SUNSET   417 PM MST


-  INDICATES NEGATIVE NUMBERS.
R  INDICATES RECORD WAS SET OR TIED.
MM INDICATES DATA IS MISSING.
T  INDICATES TRACE AMOUNT.




$$
