000
CDUS46 KMFR 070036
CLIRBG


CLIMATE REPORT
NATIONAL WEATHER SERVICE MEDFORD, OR
536 PM PDT FRI MAY 6 2016


...................................

...THE ROSEBURG OR CLIMATE SUMMARY FOR MAY 6 2016...
VALID TODAY AS OF 0500 PM LOCAL TIME.

CLIMATE NORMAL PERIOD 1981 TO 2010
CLIMATE RECORD PERIOD 1931 TO 2016


WEATHER ITEM   OBSERVED TIME   RECORD YEAR NORMAL DEPARTURE LAST
                VALUE   (LST)  VALUE       VALUE  FROM      YEAR
                                                  NORMAL
..................................................................
TEMPERATURE (F)
 TODAY
  MAXIMUM         79    359 PM  88    1949  68     11       64
  MINIMUM         50    613 AM  31    1965  46      4       46
  AVERAGE         65                        57      8       55

PRECIPITATION (IN)
  TODAY            0.00          1.16 1963   0.07  -0.07
  MONTH TO DATE    0.42                      0.49  -0.07
  SINCE OCT 1     36.39                     31.50   4.89
  SINCE JAN 1     17.20                     15.85   1.35

SNOWFALL (IN)
  TODAY           MM                        MM     MM       MM
  MONTH TO DATE   MM                        MM     MM       MM
  SINCE JUL 1      0.0                      MM     MM        0.0
  SNOW DEPTH      MM

DEGREE DAYS
 HEATING
  TODAY            0                         8     -8       10
  MONTH TO DATE   17                        54    -37       33
  SINCE MAR 1    635                       949   -314      696
  SINCE JUL 1   2988                      3818   -830     2753

 COOLING
  TODAY            0                         0      0        0
  MONTH TO DATE    4                         0      4        0
  SINCE MAR 1     22                         1     21        1
  SINCE JAN 1     22                         1     21        1
..................................................................







THE ROSEBURG OR CLIMATE NORMALS FOR TOMORROW
                         NORMAL    RECORD    YEAR
 MAXIMUM TEMPERATURE (F)   68        86      2001
 MINIMUM TEMPERATURE (F)   46        32      1965


SUNRISE AND SUNSET
MAY  6 2016...........SUNRISE   559 AM PDT   SUNSET   821 PM PDT
MAY  7 2016...........SUNRISE   558 AM PDT   SUNSET   823 PM PDT


-  INDICATES NEGATIVE NUMBERS.
R  INDICATES RECORD WAS SET OR TIED.
MM INDICATES DATA IS MISSING.
T  INDICATES TRACE AMOUNT.




$$
