000
CDUS46 KMFR 020837
CLIRBG


CLIMATE REPORT
NATIONAL WEATHER SERVICE MEDFORD, OR
137 AM PDT SUN AUG 2 2015


...................................

...THE ROSEBURG OR CLIMATE SUMMARY FOR AUGUST 1 2015...

CLIMATE NORMAL PERIOD 1981 TO 2010
CLIMATE RECORD PERIOD 1931 TO 2015


WEATHER ITEM   OBSERVED TIME   RECORD YEAR NORMAL DEPARTURE LAST
                VALUE   (LST)  VALUE       VALUE  FROM      YEAR
                                                  NORMAL
..................................................................
TEMPERATURE (F)
 YESTERDAY
  MAXIMUM         99R   324 PM  98    2003  86     13       95
  MINIMUM         68    601 AM  44    1957  57     11       65
  AVERAGE         84                        72     12       80

PRECIPITATION (IN)
  YESTERDAY        T             0.25 1956   0.00   0.00     0.00
  MONTH TO DATE    T                         0.00   0.00     0.00
  SINCE OCT 1     24.95                     34.83  -9.88    20.32
  SINCE JAN 1     10.67                     19.18  -8.51    16.62

SNOWFALL (IN)
  YESTERDAY       MM                        MM     MM       MM
  MONTH TO DATE   MM                        MM     MM       MM
  SINCE JUL 1      0.0                      MM     MM       MM
  SNOW DEPTH      MM

DEGREE DAYS
 HEATING
  YESTERDAY        0                         0      0        0
  MONTH TO DATE    0                         0      0        0
  SINCE JUN 1     12                        94    -82       42
  SINCE JUL 1      0                        11    -11        7

 COOLING
  YESTERDAY       19                         7     12       15
  MONTH TO DATE   19                         7     12       15
  SINCE JUN 1    600                       230    370      394
  SINCE JAN 1    630                       250    380      439
..................................................................


WIND (MPH)
  RESULTANT WIND SPEED   3   RESULTANT WIND DIRECTION  NW (330)
  HIGHEST WIND SPEED    15   HIGHEST WIND DIRECTION    NW (310)
  HIGHEST GUST SPEED    20   HIGHEST GUST DIRECTION    NE (30)
  AVERAGE WIND SPEED     3.5


SKY COVER
  POSSIBLE SUNSHINE  MM
  AVERAGE SKY COVER 0.0


WEATHER CONDITIONS
 THE FOLLOWING WEATHER WAS RECORDED YESTERDAY.
  LIGHT RAIN


RELATIVE HUMIDITY (PERCENT)
 HIGHEST    45           600 AM
 LOWEST     16           400 PM
 AVERAGE    31

..........................................................


THE ROSEBURG OR CLIMATE NORMALS FOR TODAY
                         NORMAL    RECORD    YEAR
 MAXIMUM TEMPERATURE (F)   86       104      1939
 MINIMUM TEMPERATURE (F)   57        41      1956


SUNRISE AND SUNSET
AUGUST  2 2015........SUNRISE   605 AM PDT   SUNSET   834 PM PDT
AUGUST  3 2015........SUNRISE   606 AM PDT   SUNSET   833 PM PDT


-  INDICATES NEGATIVE NUMBERS.
R  INDICATES RECORD WAS SET OR TIED.
MM INDICATES DATA IS MISSING.
T  INDICATES TRACE AMOUNT.




$$
