000
CDUS46 KMFR 300842
CLIRBG


CLIMATE REPORT
NATIONAL WEATHER SERVICE MEDFORD, OR
141 AM PDT TUE JUN 30 2015


...................................

...THE ROSEBURG OR CLIMATE SUMMARY FOR JUNE 29 2015...

CLIMATE NORMAL PERIOD 1981 TO 2010
CLIMATE RECORD PERIOD 1931 TO 2015


WEATHER ITEM   OBSERVED TIME   RECORD YEAR NORMAL DEPARTURE LAST
                VALUE   (LST)  VALUE       VALUE  FROM      YEAR
                                                  NORMAL
..................................................................
TEMPERATURE (F)
 YESTERDAY
  MAXIMUM         94    410 PM 102    2003  80     14       80
  MINIMUM         63    528 AM  41    1968  54      9       60
  AVERAGE         79                        67     12       70

PRECIPITATION (IN)
  YESTERDAY        0.00          1.00 1992   0.01  -0.01     0.00
  MONTH TO DATE    0.24                      1.12  -0.88     0.96
  SINCE OCT 1     24.94                     34.40  -9.46    20.12
  SINCE JAN 1     10.66                     18.75  -8.09    16.42

SNOWFALL (IN)
  YESTERDAY       MM                        MM     MM       MM
  MONTH TO DATE    0.0                      MM     MM       MM
  SINCE JUL 1      0.0                      MM     MM        0.0
  SNOW DEPTH      MM

DEGREE DAYS
 HEATING
  YESTERDAY        0                         1     -1        0
  MONTH TO DATE   12                        81    -69       35
  SINCE JUN 1     12                        81    -69       35
  SINCE JUL 1   2846                      4064  -1218     3772

 COOLING
  YESTERDAY       14                         3     11        5
  MONTH TO DATE  217                        44    173       65
  SINCE JUN 1    217                        44    173       65
  SINCE JAN 1    247                        64    183      110
..................................................................


WIND (MPH)
  RESULTANT WIND SPEED   6   RESULTANT WIND DIRECTION   N (360)
  HIGHEST WIND SPEED    15   HIGHEST WIND DIRECTION    NW (330)
  HIGHEST GUST SPEED    25   HIGHEST GUST DIRECTION     N (340)
  AVERAGE WIND SPEED     7.1


SKY COVER
  POSSIBLE SUNSHINE  MM
  AVERAGE SKY COVER 0.0


WEATHER CONDITIONS
 THE FOLLOWING WEATHER WAS RECORDED YESTERDAY.
  NO SIGNIFICANT WEATHER WAS OBSERVED.


RELATIVE HUMIDITY (PERCENT)
 HIGHEST    78           300 AM
 LOWEST     30           400 PM
 AVERAGE    54

..........................................................


THE ROSEBURG OR CLIMATE NORMALS FOR TODAY
                         NORMAL    RECORD    YEAR
 MAXIMUM TEMPERATURE (F)   80       104      1942
 MINIMUM TEMPERATURE (F)   54        42      1971


SUNRISE AND SUNSET
JUNE 30 2015..........SUNRISE   537 AM PDT   SUNSET   857 PM PDT
JULY  1 2015..........SUNRISE   537 AM PDT   SUNSET   857 PM PDT


-  INDICATES NEGATIVE NUMBERS.
R  INDICATES RECORD WAS SET OR TIED.
MM INDICATES DATA IS MISSING.
T  INDICATES TRACE AMOUNT.




$$
