000
CDUS46 KMFR 240836
CLIRBG


CLIMATE REPORT
NATIONAL WEATHER SERVICE MEDFORD, OR
136 AM PDT THU JUL 24 2014


...................................

...THE ROSEBURG OR CLIMATE SUMMARY FOR JULY 23 2014...

CLIMATE NORMAL PERIOD 1981 TO 2010
CLIMATE RECORD PERIOD 1931 TO 2014


WEATHER ITEM   OBSERVED TIME   RECORD YEAR NORMAL DEPARTURE LAST
                VALUE   (LST)  VALUE       VALUE  FROM      YEAR
                                                  NORMAL
..................................................................
TEMPERATURE (F)
 YESTERDAY
  MAXIMUM         67    600 PM 105    2006  86    -19       98
  MINIMUM         52   1159 PM  44    1963  57     -5       59
  AVERAGE         60                        71    -11       79

PRECIPITATION (IN)
  YESTERDAY        0.18          0.39 1993   0.01   0.17     0.00
  MONTH TO DATE    0.20                      0.34  -0.14      T
  SINCE SEP 1     24.16                     35.71 -11.55    26.55
  SINCE JAN 1     16.62                     19.10  -2.48     7.88

SNOWFALL (IN)
  YESTERDAY       MM                        MM     MM       MM
  MONTH TO DATE   MM                        MM     MM       MM
  SINCE JUL 1     MM                        MM     MM       MM
  SNOW DEPTH      MM

DEGREE DAYS
 HEATING
  YESTERDAY        5                         0      5        0
  MONTH TO DATE    6                         8     -2        0
  SINCE JUN 1     41                        91    -50       35
  SINCE JUL 1      6                         8     -2        0

 COOLING
  YESTERDAY        0                         7     -7       14
  MONTH TO DATE  224                       120    104      224
  SINCE JUN 1    295                       170    125      335
  SINCE JAN 1    340                       190    150      369
..................................................................


WIND (MPH)
  RESULTANT WIND SPEED   1   RESULTANT WIND DIRECTION   N (0)
  HIGHEST WIND SPEED    15   HIGHEST WIND DIRECTION    NW (300)
  HIGHEST GUST SPEED    22   HIGHEST GUST DIRECTION    NW (300)
  AVERAGE WIND SPEED     3.5


SKY COVER
  POSSIBLE SUNSHINE  MM
  AVERAGE SKY COVER 0.7


WEATHER CONDITIONS
 THE FOLLOWING WEATHER WAS RECORDED YESTERDAY.
  RAIN
  LIGHT RAIN
  FOG


RELATIVE HUMIDITY (PERCENT)
 HIGHEST    84           900 AM
 LOWEST     48           600 PM
 AVERAGE    66

..........................................................


THE ROSEBURG OR CLIMATE NORMALS FOR TODAY
                         NORMAL    RECORD    YEAR
 MAXIMUM TEMPERATURE (F)   86       104      2004
 MINIMUM TEMPERATURE (F)   57        48      1957


SUNRISE AND SUNSET
JULY 24 2014..........SUNRISE   556 AM PDT   SUNSET   844 PM PDT
JULY 25 2014..........SUNRISE   557 AM PDT   SUNSET   843 PM PDT


-  INDICATES NEGATIVE NUMBERS.
R  INDICATES RECORD WAS SET OR TIED.
MM INDICATES DATA IS MISSING.
T  INDICATES TRACE AMOUNT.




$$
