000
CDUS46 KSTO 250039
CLIRDD

CLIMATE REPORT
NATIONAL WEATHER SERVICE SACRAMENTO, CA
536 PM PDT WED AUG 24 2016


...................................

...THE REDDING AIRPORT CA CLIMATE SUMMARY FOR AUGUST 24 2016...
VALID TODAY AS OF 0500 PM LOCAL TIME.

CLIMATE NORMAL PERIOD 1981 TO 2010
CLIMATE RECORD PERIOD 1986 TO 2016


WEATHER ITEM   OBSERVED RECORD YEAR NORMAL DEPARTURE LAST
                VALUE   VALUE       VALUE  FROM      YEAR
                                           NORMAL
...........................................................
TEMPERATURE (F)
 TODAY
  MAXIMUM         97    107    2010  95      2       98
  MINIMUM         63     56    2006  62      1       64
                               2002
                               1994
  AVERAGE         80

PRECIPITATION (IN)
  TODAY            0.00   0.00 2015   0.00   0.00     0.00
                               2014
                               2013
  MONTH TO DATE    0.00               0.12  -0.12      T
  SINCE OCT 1     40.49              33.92   6.57    23.08
  SINCE JAN 1     30.63              21.07   9.56     6.83

SNOWFALL (IN)
  TODAY            0.0   MM      MM  MM               0.0
  MONTH TO DATE    0.0               MM               0.0
  SINCE JUN 1      0.0               MM               0.0
  SINCE JUL 1      0.0               MM               0.0

DEGREE DAYS
 HEATING
  TODAY            0

 COOLING
  TODAY           15
...........................................................


WIND (MPH)
  RESULTANT WIND SPEED   1   RESULTANT WIND DIRECTION   S (160)
  HIGHEST WIND SPEED    15   HIGHEST WIND DIRECTION    SE (150)
  HIGHEST GUST SPEED    20   HIGHEST GUST DIRECTION    SE (130)


SKY COVER
  POSSIBLE SUNSHINE  MM
  AVERAGE SKY COVER 0.0


WEATHER CONDITIONS
 THE FOLLOWING WEATHER WAS RECORDED TODAY.
  NO SIGNIFICANT WEATHER WAS OBSERVED.


RELATIVE HUMIDITY (PERCENT)
 HIGHEST    67
 LOWEST     16
 AVERAGE    42

..........................................................


THE REDDING AIRPORT CA CLIMATE NORMALS FOR TOMORROW
                         NORMAL    RECORD    YEAR
 MAXIMUM TEMPERATURE (F)   95       110      2010
 MINIMUM TEMPERATURE (F)   62        54      1995


SUNRISE AND SUNSET
AUGUST 24 2016........SUNRISE   629 AM PDT   SUNSET   753 PM PDT
AUGUST 25 2016........SUNRISE   630 AM PDT   SUNSET   751 PM PDT


-  INDICATES NEGATIVE NUMBERS.
R  INDICATES RECORD WAS SET OR TIED.
MM INDICATES DATA IS MISSING.
T  INDICATES TRACE AMOUNT.

&&
....................................................................

REDDING CITY CLIMATE DATA FOR AUGUST 24

CLIMATE RECORD PERIOD 1897-1986

RECORD HIGH..............    110 IN 1916
RECORD LOW...............     50 IN 1984

RECORD RAINFALL..........   0.01 IN 1977

$$

NNNN
