000
CDUS46 KSTO 240841
CLIRDD

CLIMATE REPORT
NATIONAL WEATHER SERVICE SACRAMENTO, CA
1241 AM PST FRI FEB 24 2017


...................................

...THE REDDING AIRPORT CA CLIMATE SUMMARY FOR FEBRUARY 23 2017...

CLIMATE NORMAL PERIOD 1981 TO 2010
CLIMATE RECORD PERIOD 1986 TO 2017


WEATHER ITEM   OBSERVED RECORD YEAR NORMAL DEPARTURE LAST
                VALUE   VALUE       VALUE  FROM      YEAR
                                           NORMAL
...........................................................
TEMPERATURE (F)
 YESTERDAY
  MAXIMUM         54     75    1991  61     -7       69
  MINIMUM         31     29    2001  41    -10       46
  AVERAGE         43

PRECIPITATION (IN)
  YESTERDAY        0.00   1.37 2010   0.19  -0.19     0.00
  MONTH TO DATE    7.32               4.56   2.76     0.84
  SINCE OCT 1     37.50              23.37  14.13    23.38
  SINCE JAN 1     18.77              10.52   8.25    13.52

SNOWFALL (IN)
  YESTERDAY        0.0   MM      MM  MM               0.0
  MONTH TO DATE    0.0               MM               0.0
  SINCE DEC 1      3.0               MM               0.0
  SINCE JUL 1      3.0               MM               0.0

DEGREE DAYS
 HEATING
  YESTERDAY       22

 COOLING
  YESTERDAY        0
...........................................................


WIND (MPH)
  RESULTANT WIND SPEED   2   RESULTANT WIND DIRECTION   N (340)
  HIGHEST WIND SPEED    10   HIGHEST WIND DIRECTION    NW (300)
  HIGHEST GUST SPEED    15   HIGHEST GUST DIRECTION     W (290)


SKY COVER
  POSSIBLE SUNSHINE  MM
  AVERAGE SKY COVER 0.1


WEATHER CONDITIONS
 THE FOLLOWING WEATHER WAS RECORDED YESTERDAY.
  NO SIGNIFICANT WEATHER WAS OBSERVED.


RELATIVE HUMIDITY (PERCENT)
 HIGHEST   100
 LOWEST     26
 AVERAGE    63

..........................................................


THE REDDING AIRPORT CA CLIMATE NORMALS FOR TODAY
                         NORMAL    RECORD    YEAR
 MAXIMUM TEMPERATURE (F)   61        81      1992
 MINIMUM TEMPERATURE (F)   41        29      1987


SUNRISE AND SUNSET
FEBRUARY 24 2017......SUNRISE   650 AM PST   SUNSET   555 PM PST
FEBRUARY 25 2017......SUNRISE   648 AM PST   SUNSET   557 PM PST


-  INDICATES NEGATIVE NUMBERS.
R  INDICATES RECORD WAS SET OR TIED.
MM INDICATES DATA IS MISSING.
T  INDICATES TRACE AMOUNT.




&&
....................................................................

REDDING CITY CLIMATE DATA FOR FEBRUARY 23

CLIMATE RECORD PERIOD 1897-1986

RECORD HIGH..............     80 IN 1947
RECORD LOW...............     27 IN 1951

RECORD RAINFALL..........   2.25 IN 1902

$$

NNNN
