000
CDUS46 KSTO 300835 RRA
CLIRDD

CLIMATE REPORT
NATIONAL WEATHER SERVICE SACRAMENTO, CA
134 AM PDT MON MAY 30 2016


...................................

...THE REDDING AIRPORT CA CLIMATE SUMMARY FOR MAY 29 2016...

CLIMATE NORMAL PERIOD 1981 TO 2010
CLIMATE RECORD PERIOD 1986 TO 2016


WEATHER ITEM   OBSERVED RECORD YEAR NORMAL DEPARTURE LAST
                VALUE   VALUE       VALUE  FROM      YEAR
                                           NORMAL
...........................................................
TEMPERATURE (F)
 YESTERDAY
  MAXIMUM         93    101    2009  85      8       95
  MINIMUM         57     41    2011  57      0       65
  AVERAGE         75

PRECIPITATION (IN)
  YESTERDAY        0.00   0.67 1998   0.05  -0.05     0.00
  MONTH TO DATE    0.97               1.74  -0.77     0.34
  SINCE OCT 1     38.03              32.91   5.12    22.47
  SINCE JAN 1     28.17              20.06   8.11     6.22

SNOWFALL (IN)
  YESTERDAY        0.0   MM      MM  MM               0.0
  MONTH TO DATE    0.0               MM               0.0
  SINCE MAR 1      0.0               MM               0.0
  SINCE JUL 1      0.0               MM               0.0

DEGREE DAYS
 HEATING
  YESTERDAY        0

 COOLING
  YESTERDAY       10
...........................................................


WIND (MPH)
  RESULTANT WIND SPEED   3   RESULTANT WIND DIRECTION   N (350)
  HIGHEST WIND SPEED    12   HIGHEST WIND DIRECTION     N (360)
  HIGHEST GUST SPEED    15   HIGHEST GUST DIRECTION     N (10)


SKY COVER
  POSSIBLE SUNSHINE  MM
  AVERAGE SKY COVER 0.0


WEATHER CONDITIONS
 THE FOLLOWING WEATHER WAS RECORDED YESTERDAY.
  NO SIGNIFICANT WEATHER WAS OBSERVED.


RELATIVE HUMIDITY (PERCENT)
 HIGHEST    67
 LOWEST     13
 AVERAGE    40

..........................................................


THE REDDING AIRPORT CA CLIMATE NORMALS FOR TODAY
                         NORMAL    RECORD    YEAR
 MAXIMUM TEMPERATURE (F)   85       101      1992
 MINIMUM TEMPERATURE (F)   58        42      2011


SUNRISE AND SUNSET
MAY 30 2016...........SUNRISE   542 AM PDT   SUNSET   833 PM PDT
MAY 31 2016...........SUNRISE   541 AM PDT   SUNSET   833 PM PDT


-  INDICATES NEGATIVE NUMBERS.
R  INDICATES RECORD WAS SET OR TIED.
MM INDICATES DATA IS MISSING.
T  INDICATES TRACE AMOUNT.




&&
....................................................................

REDDING CITY CLIMATE DATA FOR MAY 29

CLIMATE RECORD PERIOD 1897-1986

RECORD HIGH..............    103 IN 1984
RECORD LOW...............     44 IN 1918

RECORD RAINFALL..........   0.70 IN 1949

$$

NNNN
