000
CDUS46 KSTO 220841
CLIRDD

SFOCLIRDD 000
TTAA00 KSTO 220840


CLIMATE REPORT
NATIONAL WEATHER SERVICE SACRAMENTO, CA
139 AM PDT WED OCT 22 2014


...................................

...THE REDDING AIRPORT CA CLIMATE SUMMARY FOR OCTOBER 21 2014...

CLIMATE NORMAL PERIOD 1981 TO 2010
CLIMATE RECORD PERIOD 1986 TO 2014


WEATHER ITEM   OBSERVED RECORD YEAR NORMAL DEPARTURE LAST
                VALUE   VALUE       VALUE  FROM      YEAR
                                           NORMAL
...........................................................
TEMPERATURE (F)
 YESTERDAY
  MAXIMUM         68     91    2013  75     -7       91
                               1988
  MINIMUM         46     39    2004  48     -2       44
                               1996
  AVERAGE         57

PRECIPITATION (IN)
  YESTERDAY        0.00   0.31 1989   0.09  -0.09     0.00
  MONTH TO DATE    0.32               1.13  -0.81     0.01
  SINCE JUL 1      3.76               2.04   1.72     1.40
  SINCE JAN 1     18.03              22.90  -4.87    10.70

SNOWFALL (IN)
  YESTERDAY        0.0    0.0  2002  MM               0.0
                               2001
  MONTH TO DATE    0.0               MM               0.0
  SINCE SEP 1      0.0               MM               0.0
  SINCE JUL 1      0.0               MM               0.0

DEGREE DAYS
 HEATING
  YESTERDAY        8

 COOLING
  YESTERDAY        0
...........................................................


WIND (MPH)
  RESULTANT WIND SPEED   3   RESULTANT WIND DIRECTION   N (0)
  HIGHEST WIND SPEED     9   HIGHEST WIND DIRECTION     N (20)
  HIGHEST GUST SPEED    11   HIGHEST GUST DIRECTION     N (20)


SKY COVER
  POSSIBLE SUNSHINE  MM
  AVERAGE SKY COVER 0.0


WEATHER CONDITIONS
 THE FOLLOWING WEATHER WAS RECORDED YESTERDAY.
  NO SIGNIFICANT WEATHER WAS OBSERVED.


RELATIVE HUMIDITY (PERCENT)
 HIGHEST   100
 LOWEST     42
 AVERAGE    71

..........................................................


THE REDDING AIRPORT CA CLIMATE NORMALS FOR TODAY
                         NORMAL    RECORD    YEAR
 MAXIMUM TEMPERATURE (F)   75        92      1988
 MINIMUM TEMPERATURE (F)   48        41      1999
                                             1996


SUNRISE AND SUNSET
OCTOBER 22 2014.......SUNRISE   728 AM PDT   SUNSET   619 PM PDT
OCTOBER 23 2014.......SUNRISE   729 AM PDT   SUNSET   617 PM PDT


-  INDICATES NEGATIVE NUMBERS.
R  INDICATES RECORD WAS SET OR TIED.
MM INDICATES DATA IS MISSING.
T  INDICATES TRACE AMOUNT.

&&
....................................................................

REDDING CITY CLIMATE DATA FOR OCTOBER 21

CLIMATE RECORD PERIOD 1893-1986

RECORD HIGH..............     93 IN 1942
RECORD LOW...............     33 IN 1979

RECORD RAINFALL..........   1.51 IN 1902


$$
