000
CDUS46 KSTO 040838
CLIRDD

CLIMATE REPORT
NATIONAL WEATHER SERVICE SACRAMENTO, CA
1237 AM PST WED MAR 4 2015

..........................................................

...THE REDDING AIRPORT CA CLIMATE SUMMARY FOR MARCH 3 2015...

CLIMATE NORMAL PERIOD 1981 TO 2010
CLIMATE RECORD PERIOD 1986 TO 2015


WEATHER ITEM   OBSERVED RECORD YEAR NORMAL DEPARTURE LAST
                VALUE   VALUE       VALUE  FROM      YEAR
                                           NORMAL
...........................................................
TEMPERATURE (F)
 YESTERDAY
  MAXIMUM         67     77    2012  63      4       55
  MINIMUM         38     28    1989  42     -4       50
  AVERAGE         53

PRECIPITATION (IN)
  YESTERDAY        0.00   1.26 2014   0.19  -0.19     1.26
  MONTH TO DATE    T                  0.59  -0.59     1.96
  SINCE OCT 1     19.89              24.91  -5.02    12.57
  SINCE JAN 1      3.64              12.06  -8.42    10.46

SNOWFALL (IN)
  YESTERDAY        0.0   MM      MM  MM               0.0
  MONTH TO DATE    0.0               MM               0.0
  SINCE MAR 1      0.0               MM               0.0
  SINCE JUL 1      0.0               MM               5.0

DEGREE DAYS
 HEATING
  YESTERDAY       12

 COOLING
  YESTERDAY        0
...........................................................


WIND (MPH)
  RESULTANT WIND SPEED   3   RESULTANT WIND DIRECTION   N (0)
  HIGHEST WIND SPEED    21   HIGHEST WIND DIRECTION     N (10)
  HIGHEST GUST SPEED    24   HIGHEST GUST DIRECTION     N (20)


SKY COVER
  POSSIBLE SUNSHINE  MM
  AVERAGE SKY COVER 0.2


WEATHER CONDITIONS
 THE FOLLOWING WEATHER WAS RECORDED YESTERDAY.
  NO SIGNIFICANT WEATHER WAS OBSERVED.


RELATIVE HUMIDITY (PERCENT)
 HIGHEST    92
 LOWEST     20
 AVERAGE    56

..........................................................


THE REDDING AIRPORT CA CLIMATE NORMALS FOR TODAY
                         NORMAL    RECORD    YEAR
 MAXIMUM TEMPERATURE (F)   63        73      2012
 MINIMUM TEMPERATURE (F)   42        30      2010


SUNRISE AND SUNSET
MARCH  4 2015.........SUNRISE   639 AM PST   SUNSET   604 PM PST
MARCH  5 2015.........SUNRISE   637 AM PST   SUNSET   605 PM PST


-  INDICATES NEGATIVE NUMBERS.
R  INDICATES RECORD WAS SET OR TIED.
MM INDICATES DATA IS MISSING.
T  INDICATES TRACE AMOUNT.

&&
....................................................................

REDDING CITY CLIMATE DATA FOR MARCH 03

CLIMATE RECORD PERIOD 1897-1986

RECORD HIGH..............     83 IN 1929
RECORD LOW...............     28 IN 1951

RECORD RAINFALL..........   2.00 IN 1906

$$

NNNN
