000
CDUS46 KSTO 230053
CLIRDD

CLIMATE REPORT
NATIONAL WEATHER SERVICE SACRAMENTO, CA
539 PM PDT TUE JUL 22 2014


...................................

...THE REDDING AIRPORT CA CLIMATE SUMMARY FOR JULY 22 2014...
VALID TODAY AS OF 500 PM LOCAL TIME.

CLIMATE NORMAL PERIOD 1981 TO 2010
CLIMATE RECORD PERIOD 1986 TO 2014


WEATHER ITEM   OBSERVED RECORD YEAR NORMAL DEPARTURE LAST
                VALUE   VALUE       VALUE  FROM      YEAR
                                           NORMAL
...........................................................
TEMPERATURE (F)
 TODAY
  MAXIMUM         93    112    2006 100     -7      101
  MINIMUM         62     54    1987  66     -4       71
  AVERAGE         78

PRECIPITATION (IN)
  TODAY            0.00   0.12 1998   0.00   0.00     0.00
  MONTH TO DATE    0.09               0.06   0.03      T
  SINCE JUL 1      0.09               0.06   0.03      T
  SINCE JAN 1     14.36              20.92  -6.56     9.30

SNOWFALL (IN)
  TODAY            0.0   MM      MM  MM               0.0
  MONTH TO DATE    0.0               MM               0.0
  SINCE JUN 1      0.0               MM               0.0
  SINCE JUL 1      0.0               MM               0.0

DEGREE DAYS
 HEATING
  TODAY            0

 COOLING
  TODAY           13
...........................................................


WIND (MPH)
  RESULTANT WIND SPEED   3   RESULTANT WIND DIRECTION  SE (150)
  HIGHEST WIND SPEED    20   HIGHEST WIND DIRECTION     S (180)
  HIGHEST GUST SPEED    24   HIGHEST GUST DIRECTION     S (180)


SKY COVER
  POSSIBLE SUNSHINE  MM
  AVERAGE SKY COVER 0.0


WEATHER CONDITIONS
 THE FOLLOWING WEATHER WAS RECORDED TODAY.
  NO SIGNIFICANT WEATHER WAS OBSERVED.


RELATIVE HUMIDITY (PERCENT)
 HIGHEST    93
 LOWEST     26
 AVERAGE    60

..........................................................


THE REDDING AIRPORT CA CLIMATE NORMALS FOR TOMORROW
                         NORMAL    RECORD    YEAR
 MAXIMUM TEMPERATURE (F)  100       114      2006
 MINIMUM TEMPERATURE (F)   66        58      1989


SUNRISE AND SUNSET
JULY 22 2014..........SUNRISE   557 AM PDT   SUNSET   833 PM PDT
JULY 23 2014..........SUNRISE   558 AM PDT   SUNSET   833 PM PDT


-  INDICATES NEGATIVE NUMBERS.
R  INDICATES RECORD WAS SET OR TIED.
MM INDICATES DATA IS MISSING.
T  INDICATES TRACE AMOUNT.

&&
....................................................................

REDDING CITY CLIMATE DATA FOR JULY 22

CLIMATE RECORD PERIOD 1897-1986

RECORD HIGH..............    111 IN 1938
RECORD LOW...............     52 IN 1914

RECORD RAINFALL..........   0.18 IN 1958

$$
