000
CDUS46 KSTO 190049
CLIRDD

CLIMATE REPORT
NATIONAL WEATHER SERVICE SACRAMENTO, CA
443 PM PST WED JAN 18 2017


...................................

...THE REDDING AIRPORT CA CLIMATE SUMMARY FOR JANUARY 18 2017...
VALID TODAY AS OF 0400 PM LOCAL TIME.

CLIMATE NORMAL PERIOD 1981 TO 2010
CLIMATE RECORD PERIOD 1986 TO 2017


WEATHER ITEM   OBSERVED RECORD YEAR NORMAL DEPARTURE LAST
                VALUE   VALUE       VALUE  FROM      YEAR
                                           NORMAL
...........................................................
TEMPERATURE (F)
 TODAY
  MAXIMUM         47     73    2009  55     -8       58
                               1989
  MINIMUM         43     25    2013  37      6       51
  AVERAGE         45

PRECIPITATION (IN)
  TODAY            0.89   1.96 1996   0.19   0.70     0.05
  MONTH TO DATE    8.00               3.57   4.43     8.89
  SINCE OCT 1     26.73              16.42  10.31    18.75
  SINCE JAN 1      8.00               3.57   4.43     8.89

SNOWFALL (IN)
  TODAY           MM      0.0  2002  MM               0.0
  MONTH TO DATE    3.0               MM               0.0
  SINCE DEC 1      3.0               MM               0.0
  SINCE JUL 1      3.0               MM               0.0

DEGREE DAYS
 HEATING
  TODAY           20

 COOLING
  TODAY            0
...........................................................


WIND (MPH)
  RESULTANT WIND SPEED  16   RESULTANT WIND DIRECTION   S (170)
  HIGHEST WIND SPEED    40   HIGHEST WIND DIRECTION     S (170)
  HIGHEST GUST SPEED    52   HIGHEST GUST DIRECTION     S (170)


SKY COVER
  POSSIBLE SUNSHINE  MM
  AVERAGE SKY COVER 1.0


WEATHER CONDITIONS
 THE FOLLOWING WEATHER WAS RECORDED TODAY.
  RAIN
  LIGHT RAIN
  FOG


RELATIVE HUMIDITY (PERCENT)
 HIGHEST    93
 LOWEST     92
 AVERAGE    93

..........................................................


THE REDDING AIRPORT CA CLIMATE NORMALS FOR TOMORROW
                         NORMAL    RECORD    YEAR
 MAXIMUM TEMPERATURE (F)   55        73      2009
                                             1989
 MINIMUM TEMPERATURE (F)   37        25      1987


SUNRISE AND SUNSET
JANUARY 18 2017.......SUNRISE   729 AM PST   SUNSET   511 PM PST
JANUARY 19 2017.......SUNRISE   728 AM PST   SUNSET   512 PM PST


-  INDICATES NEGATIVE NUMBERS.
R  INDICATES RECORD WAS SET OR TIED.
MM INDICATES DATA IS MISSING.
T  INDICATES TRACE AMOUNT.




&&
....................................................................

REDDING CITY CLIMATE DATA FOR JANUARY 18

CLIMATE RECORD PERIOD 1897-1986

RECORD HIGH..............     81 IN 1920
RECORD LOW...............     25 IN 1922

RECORD RAINFALL..........   2.71 IN 1906

$$

NNNN
