000
CDUS46 KSTO 210852
CLIRDD

CLIMATE REPORT
NATIONAL WEATHER SERVICE SACRAMENTO, CA
1249 AM PST FRI NOV 21 2014


...................................

...THE REDDING AIRPORT CA CLIMATE SUMMARY FOR NOVEMBER 20 2014...

CLIMATE NORMAL PERIOD 1981 TO 2010
CLIMATE RECORD PERIOD 1986 TO 2014


WEATHER ITEM   OBSERVED RECORD YEAR NORMAL DEPARTURE LAST
                VALUE   VALUE       VALUE  FROM      YEAR
                                           NORMAL
...........................................................
TEMPERATURE (F)
 YESTERDAY
  MAXIMUM         52     79    2002  60     -8       56
  MINIMUM         50     26    1993  40     10       51
  AVERAGE         51

PRECIPITATION (IN)
  YESTERDAY        0.27   0.87 1987   0.16   0.11     0.28
  MONTH TO DATE    1.06               2.66  -1.60     1.72
  SINCE JUL 1      6.65               5.67   0.98     3.12
  SINCE JAN 1     20.92              26.53  -5.61    12.42

SNOWFALL (IN)
  YESTERDAY        0.0    0.0  2002  MM               0.0
                               2001
  MONTH TO DATE    0.0               MM               0.0
  SINCE SEP 1      0.0               MM               0.0
  SINCE JUL 1      0.0               MM               0.0

DEGREE DAYS
 HEATING
  YESTERDAY       14

 COOLING
  YESTERDAY        0
...........................................................


WIND (MPH)
  RESULTANT WIND SPEED   1   RESULTANT WIND DIRECTION  NW (320)
  HIGHEST WIND SPEED     7   HIGHEST WIND DIRECTION    SW (210)
  HIGHEST GUST SPEED     8   HIGHEST GUST DIRECTION    SW (210)


SKY COVER
  POSSIBLE SUNSHINE  MM
  AVERAGE SKY COVER 1.0


WEATHER CONDITIONS
 THE FOLLOWING WEATHER WAS RECORDED YESTERDAY.
  RAIN
  LIGHT RAIN
  FOG


RELATIVE HUMIDITY (PERCENT)
 HIGHEST   100
 LOWEST     93
 AVERAGE    97

..........................................................


THE REDDING AIRPORT CA CLIMATE NORMALS FOR TODAY
                         NORMAL    RECORD    YEAR
 MAXIMUM TEMPERATURE (F)   60        76      2005
 MINIMUM TEMPERATURE (F)   40        27      1993


SUNRISE AND SUNSET
NOVEMBER 21 2014......SUNRISE   703 AM PST   SUNSET   447 PM PST
NOVEMBER 22 2014......SUNRISE   704 AM PST   SUNSET   447 PM PST


-  INDICATES NEGATIVE NUMBERS.
R  INDICATES RECORD WAS SET OR TIED.
MM INDICATES DATA IS MISSING.
T  INDICATES TRACE AMOUNT.






&&
....................................................................

REDDING CITY CLIMATE DATA FOR NOVEMBER 20

CLIMATE RECORD PERIOD 1897-1986

RECORD HIGH..............     84 IN 1917
RECORD LOW...............     22 IN 1985

RECORD RAINFALL..........   2.93 IN 1955

$$
