000
CDUS41 KPHI 190550
CLIRDG


CLIMATE REPORT
NATIONAL WEATHER SERVICE MOUNT HOLLY NJ
149 AM EDT SAT AUG 19 2017


...................................

...THE READING PA CLIMATE SUMMARY FOR AUGUST 18 2017...

CLIMATE NORMAL PERIOD 1981 TO 2010
CLIMATE RECORD PERIOD 1869 TO 2017


WEATHER ITEM   OBSERVED TIME   RECORD YEAR NORMAL DEPARTURE LAST
                VALUE   (LST)  VALUE       VALUE  FROM      YEAR
                                                  NORMAL
..................................................................
TEMPERATURE (F)
 YESTERDAY
  MAXIMUM         91    137 PM  96    2002  83      8       87
                                      1913
  MINIMUM         73   1140 PM  44    1981  63     10       70
  AVERAGE         82                        73      9       79

PRECIPITATION (IN)
  YESTERDAY        1.86          3.23 1955   0.13   1.73     0.02
  MONTH TO DATE    4.66                      2.09   2.57     3.16
  SINCE JUN 1     18.38                     10.39   7.99     8.95
  SINCE JAN 1     31.80                     27.41   4.39    22.95

DEGREE DAYS
 HEATING
  YESTERDAY        0                         0      0        0
  MONTH TO DATE    0                         0      0        0
  SINCE JUN 1     16                        25     -9        9
  SINCE JUL 1      0                         1     -1        0

 COOLING
  YESTERDAY       17                         8      9       14
  MONTH TO DATE  152                       158     -6      256
  SINCE JUN 1    749                       650     99      911
  SINCE JAN 1    824                       710    114     1005
..................................................................


WIND (MPH)
  HIGHEST WIND SPEED    30   HIGHEST WIND DIRECTION    NW (330)
  HIGHEST GUST SPEED    38   HIGHEST GUST DIRECTION     N (340)
  AVERAGE WIND SPEED     5.5


SKY COVER
  POSSIBLE SUNSHINE  MM
  AVERAGE SKY COVER 0.7


WEATHER CONDITIONS
 THE FOLLOWING WEATHER WAS RECORDED YESTERDAY.
  THUNDERSTORM
  HEAVY RAIN
  LIGHT RAIN
  FOG
  FOG W/VISIBILITY <= 1/4 MILE


RELATIVE HUMIDITY (PERCENT)
 HIGHEST   100           400 PM
 LOWEST     72          1200 PM
 AVERAGE    86

..........................................................


THE READING PA CLIMATE NORMALS FOR TODAY
                         NORMAL    RECORD    YEAR
 MAXIMUM TEMPERATURE (F)   83        94      1955
                                             1914
 MINIMUM TEMPERATURE (F)   62        45      1977


SUNRISE AND SUNSET
AUGUST 19 2017........SUNRISE   619 AM EDT   SUNSET   755 PM EDT
AUGUST 20 2017........SUNRISE   620 AM EDT   SUNSET   754 PM EDT


-  INDICATES NEGATIVE NUMBERS.
R  INDICATES RECORD WAS SET OR TIED.
MM INDICATES DATA IS MISSING.
T  INDICATES TRACE AMOUNT.




$$
