000
CDUS41 KPHI 190628
CLIRDG


CLIMATE REPORT
NATIONAL WEATHER SERVICE MOUNT HOLLY NJ
127 AM EST THU JAN 19 2017


...................................

...THE READING PA CLIMATE SUMMARY FOR JANUARY 18 2017...

CLIMATE NORMAL PERIOD 1981 TO 2010
CLIMATE RECORD PERIOD 1869 TO 2017


WEATHER ITEM   OBSERVED TIME   RECORD YEAR NORMAL DEPARTURE LAST
                VALUE   (LST)  VALUE       VALUE  FROM      YEAR
                                                  NORMAL
..................................................................
TEMPERATURE (F)
 YESTERDAY
  MAXIMUM         49    217 PM  63    1986  37     12       30
  MINIMUM         37    733 AM  -9    1977  21     16       14
  AVERAGE         43                        29     14       22

PRECIPITATION (IN)
  YESTERDAY        T             2.05 1978   0.09  -0.09      T
  MONTH TO DATE    1.59                      1.91  -0.32     1.38
  SINCE DEC 1      3.72                      5.20  -1.48     4.94
  SINCE JAN 1      1.59                      1.91  -0.32     1.38

DEGREE DAYS
 HEATING
  YESTERDAY       22                        36    -14       43
  MONTH TO DATE  577                       633    -56      597
  SINCE DEC 1   1493                      1597   -104     1162
  SINCE JUL 1   2347                      2664   -317     1981

 COOLING
  YESTERDAY        0                         0      0        0
  MONTH TO DATE    0                         0      0        0
  SINCE DEC 1      0                         0      0        0
  SINCE JAN 1      0                         0      0        0
..................................................................


WIND (MPH)
  HIGHEST WIND SPEED    15   HIGHEST WIND DIRECTION    NW (330)
  HIGHEST GUST SPEED    19   HIGHEST GUST DIRECTION    NW (310)
  AVERAGE WIND SPEED     6.2


SKY COVER
  POSSIBLE SUNSHINE  MM
  AVERAGE SKY COVER 0.8


WEATHER CONDITIONS
 THE FOLLOWING WEATHER WAS RECORDED YESTERDAY.
  LIGHT RAIN
  FOG


RELATIVE HUMIDITY (PERCENT)
 HIGHEST    92           400 AM
 LOWEST     66           400 PM
 AVERAGE    79

..........................................................


THE READING PA CLIMATE NORMALS FOR TODAY
                         NORMAL    RECORD    YEAR
 MAXIMUM TEMPERATURE (F)   37        65      1951
 MINIMUM TEMPERATURE (F)   21       -13      1994


SUNRISE AND SUNSET
JANUARY 19 2017.......SUNRISE   723 AM EST   SUNSET   507 PM EST
JANUARY 20 2017.......SUNRISE   722 AM EST   SUNSET   508 PM EST


-  INDICATES NEGATIVE NUMBERS.
R  INDICATES RECORD WAS SET OR TIED.
MM INDICATES DATA IS MISSING.
T  INDICATES TRACE AMOUNT.




$$
