000
CDUS41 KPHI 302126
CLIRDG


CLIMATE REPORT
NATIONAL WEATHER SERVICE MOUNT HOLLY NJ
526 PM EDT THU MAR 30 2017


...................................

...THE READING PA CLIMATE SUMMARY FOR MARCH 30 2017...
VALID TODAY AS OF 0500 PM LOCAL TIME.

CLIMATE NORMAL PERIOD 1981 TO 2010
CLIMATE RECORD PERIOD 1869 TO 2017


WEATHER ITEM   OBSERVED TIME   RECORD YEAR NORMAL DEPARTURE LAST
                VALUE   (LST)  VALUE       VALUE  FROM      YEAR
                                                  NORMAL
..................................................................
TEMPERATURE (F)
 TODAY
  MAXIMUM         49    210 PM  88    1998  56     -7       59
  MINIMUM         35    601 AM  10    1970  36     -1       26
  AVERAGE         42                        46     -4       43

PRECIPITATION (IN)
  TODAY            0.00          0.90 2001   0.14  -0.14     0.00
  MONTH TO DATE    2.62                      3.34  -0.72     1.04
  SINCE MAR 1      2.62                      3.34  -0.72     1.04
  SINCE JAN 1      6.01                      8.87  -2.86     7.85

DEGREE DAYS
 HEATING
  TODAY           23                        19      4       22
  MONTH TO DATE  769                       723     46      528
  SINCE MAR 1    769                       723     46      528
  SINCE JUL 1   4131                      4765   -634     3875

 COOLING
  TODAY            0                         0      0        0
  MONTH TO DATE    0                         0      0        3
  SINCE MAR 1      0                         0      0        3
  SINCE JAN 1      0                         0      0        3
..................................................................


WIND (MPH)
  HIGHEST WIND SPEED    12   HIGHEST WIND DIRECTION     N (20)
  HIGHEST GUST SPEED    16   HIGHEST GUST DIRECTION    NE (30)
  AVERAGE WIND SPEED     4.4


SKY COVER
  POSSIBLE SUNSHINE  MM
  AVERAGE SKY COVER 0.4


WEATHER CONDITIONS
 THE FOLLOWING WEATHER WAS RECORDED TODAY.
  NO SIGNIFICANT WEATHER WAS OBSERVED.


RELATIVE HUMIDITY (PERCENT)
 HIGHEST    75           600 AM
 LOWEST     42           100 PM
 AVERAGE    59

..........................................................


THE READING PA CLIMATE NORMALS FOR TOMORROW
                         NORMAL    RECORD    YEAR
 MAXIMUM TEMPERATURE (F)   56        85      1998
 MINIMUM TEMPERATURE (F)   36        19      1923


SUNRISE AND SUNSET
MARCH 30 2017.........SUNRISE   650 AM EDT   SUNSET   727 PM EDT
MARCH 31 2017.........SUNRISE   649 AM EDT   SUNSET   728 PM EDT


-  INDICATES NEGATIVE NUMBERS.
R  INDICATES RECORD WAS SET OR TIED.
MM INDICATES DATA IS MISSING.
T  INDICATES TRACE AMOUNT.




$$
