000
CDUS41 KPHI 202130
CLIRDG


CLIMATE REPORT
NATIONAL WEATHER SERVICE MOUNT HOLLY NJ
428 PM EST MON NOV 20 2017


...................................

...THE READING PA CLIMATE SUMMARY FOR NOVEMBER 20 2017...
VALID TODAY AS OF 0400 PM LOCAL TIME.

CLIMATE NORMAL PERIOD 1981 TO 2010
CLIMATE RECORD PERIOD 1869 TO 2017


WEATHER ITEM   OBSERVED TIME   RECORD YEAR NORMAL DEPARTURE LAST
                VALUE   (LST)  VALUE       VALUE  FROM      YEAR
                                                  NORMAL
..................................................................
TEMPERATURE (F)
 TODAY
  MAXIMUM         47    244 PM  77    1985  52     -5       42
  MINIMUM         34    609 AM  18    1984  34      0       35
  AVERAGE         41                        42     -1       39

PRECIPITATION (IN)
  TODAY            0.00          2.00 1952   0.12  -0.12      T
  MONTH TO DATE    1.78                      2.17  -0.39     0.47
  SINCE SEP 1      8.32                      9.73  -1.41     6.00
  SINCE JAN 1     41.76                     38.69   3.07    30.51

DEGREE DAYS
 HEATING
  TODAY           24                        22      2       26
  MONTH TO DATE  416                       383     33      336
  SINCE SEP 1    664                       816   -152      637
  SINCE JUL 1    668                       821   -153      637

 COOLING
  TODAY            0                         0      0        0
  MONTH TO DATE    0                         0      0        0
  SINCE SEP 1    197                        93    104      214
  SINCE JAN 1   1086                       896    190     1356
..................................................................


WIND (MPH)
  HIGHEST WIND SPEED    25   HIGHEST WIND DIRECTION    NW (300)
  HIGHEST GUST SPEED    34   HIGHEST GUST DIRECTION    NW (300)
  AVERAGE WIND SPEED    13.2


SKY COVER
  POSSIBLE SUNSHINE  MM
  AVERAGE SKY COVER 0.3


WEATHER CONDITIONS
 THE FOLLOWING WEATHER WAS RECORDED TODAY.
  NO SIGNIFICANT WEATHER WAS OBSERVED.


RELATIVE HUMIDITY (PERCENT)
 HIGHEST    75           200 AM
 LOWEST     45           200 PM
 AVERAGE    60

..........................................................


THE READING PA CLIMATE NORMALS FOR TOMORROW
                         NORMAL    RECORD    YEAR
 MAXIMUM TEMPERATURE (F)   51        75      1900
 MINIMUM TEMPERATURE (F)   33        18      1903


SUNRISE AND SUNSET
NOVEMBER 20 2017......SUNRISE   656 AM EST   SUNSET   443 PM EST
NOVEMBER 21 2017......SUNRISE   657 AM EST   SUNSET   442 PM EST


-  INDICATES NEGATIVE NUMBERS.
R  INDICATES RECORD WAS SET OR TIED.
MM INDICATES DATA IS MISSING.
T  INDICATES TRACE AMOUNT.




$$
