000
CDUS41 KPHI 070637
CLIRDG


CLIMATE REPORT
NATIONAL WEATHER SERVICE MOUNT HOLLY NJ
232 AM EDT TUE JUL 7 2015


...................................

...THE READING PA CLIMATE SUMMARY FOR JULY 6 2015...

CLIMATE NORMAL PERIOD 1981 TO 2010
CLIMATE RECORD PERIOD 1869 TO 2015


WEATHER ITEM   OBSERVED TIME   RECORD YEAR NORMAL DEPARTURE LAST
                VALUE   (LST)  VALUE       VALUE  FROM      YEAR
                                                  NORMAL
..................................................................
TEMPERATURE (F)
 YESTERDAY
  MAXIMUM         85    425 PM 102    2010  85      0       86
  MINIMUM         67    412 AM  47    1979  64      3       59
  AVERAGE         76                        75      1       73

PRECIPITATION (IN)
  YESTERDAY        0.05          2.05 1871   0.14  -0.09     0.00
  MONTH TO DATE    0.37                      0.84  -0.47     2.12
  SINCE JUN 1      6.59                      4.62   1.97     5.91
  SINCE JAN 1     18.50                     21.64  -3.14    24.73

SNOWFALL (IN)
  YESTERDAY       MM            MM      MM  MM     MM       MM
  MONTH TO DATE   MM                        MM     MM       MM
  SINCE JUN 1     MM                        MM     MM       MM
  SINCE JUL 1     MM                        MM     MM       MM
  SNOW DEPTH      MM

DEGREE DAYS
 HEATING
  YESTERDAY        0                         0      0        0
  MONTH TO DATE    0                         0      0        0
  SINCE JUN 1     21                        24     -3        1
  SINCE JUL 1      0                         0      0        0

 COOLING
  YESTERDAY       11                        10      1        8
  MONTH TO DATE   41                        57    -16       69
  SINCE JUN 1    266                       246     20      297
  SINCE JAN 1    425                       306    119      359
..................................................................


WIND (MPH)
  HIGHEST WIND SPEED    15   HIGHEST WIND DIRECTION    SE (150)
  HIGHEST GUST SPEED    20   HIGHEST GUST DIRECTION    SE (150)
  AVERAGE WIND SPEED     5.4


SKY COVER
  POSSIBLE SUNSHINE  MM
  AVERAGE SKY COVER 0.4


WEATHER CONDITIONS
 THE FOLLOWING WEATHER WAS RECORDED YESTERDAY.
  THUNDERSTORM
  LIGHT RAIN
  FOG


RELATIVE HUMIDITY (PERCENT)
 HIGHEST    93           400 AM
 LOWEST     61           200 PM
 AVERAGE    77

..........................................................


THE READING PA CLIMATE NORMALS FOR TODAY
                         NORMAL    RECORD    YEAR
 MAXIMUM TEMPERATURE (F)   85       103      2012
 MINIMUM TEMPERATURE (F)   64        49      1980
                                             1979


SUNRISE AND SUNSET
JULY  7 2015..........SUNRISE   541 AM EDT   SUNSET   837 PM EDT
JULY  8 2015..........SUNRISE   541 AM EDT   SUNSET   836 PM EDT


-  INDICATES NEGATIVE NUMBERS.
R  INDICATES RECORD WAS SET OR TIED.
MM INDICATES DATA IS MISSING.
T  INDICATES TRACE AMOUNT.




$$
