699
CDUS41 KPHI 180601
CLIRDG


CLIMATE REPORT
NATIONAL WEATHER SERVICE MOUNT HOLLY NJ
100 AM EST SUN FEB 18 2018


...................................

...THE READING PA CLIMATE SUMMARY FOR FEBRUARY 17 2018...

CLIMATE NORMAL PERIOD 1981 TO 2010
CLIMATE RECORD PERIOD 1869 TO 2018


WEATHER ITEM   OBSERVED TIME   RECORD YEAR NORMAL DEPARTURE LAST
                VALUE   (LST)  VALUE       VALUE  FROM      YEAR
                                                  NORMAL
..................................................................
TEMPERATURE (F)
 YESTERDAY
  MAXIMUM         40    103 PM  64    2011  42     -2       45
                                      1976
  MINIMUM         26    720 AM   0    1979  23      3       22
                                      1904
  AVERAGE         33                        32      1       34

PRECIPITATION (IN)
  YESTERDAY        0.52          1.22 1910   0.10   0.42     0.00
  MONTH TO DATE    4.13                      1.49   2.64     0.75
  SINCE DEC 1      8.90                      7.83   1.07     5.24
  SINCE JAN 1      7.38                      4.54   2.84     3.11

DEGREE DAYS
 HEATING
  YESTERDAY       32                        32      0       31
  MONTH TO DATE  521                       578    -57      512
  SINCE DEC 1   2664                      2636     28     2339
  SINCE JUL 1   3568                      3703   -135     3193

 COOLING
  YESTERDAY        0                         0      0        0
  MONTH TO DATE    0                         0      0        0
  SINCE DEC 1      0                         0      0        0
  SINCE JAN 1      0                         0      0        0
..................................................................


WIND (MPH)
  HIGHEST WIND SPEED    18   HIGHEST WIND DIRECTION    SE (150)
  HIGHEST GUST SPEED    23   HIGHEST GUST DIRECTION     S (160)
  AVERAGE WIND SPEED     5.5


SKY COVER
  POSSIBLE SUNSHINE  MM
  AVERAGE SKY COVER 0.4


WEATHER CONDITIONS
 THE FOLLOWING WEATHER WAS RECORDED YESTERDAY.
  SNOW
  LIGHT SNOW
  FOG
  FOG W/VISIBILITY <= 1/4 MILE
  HAZE


RELATIVE HUMIDITY (PERCENT)
 HIGHEST   100           600 PM
 LOWEST     44           100 PM
 AVERAGE    72

..........................................................


THE READING PA CLIMATE NORMALS FOR TODAY
                         NORMAL    RECORD    YEAR
 MAXIMUM TEMPERATURE (F)   42        71      2011
 MINIMUM TEMPERATURE (F)   24        -8      1979


SUNRISE AND SUNSET
FEBRUARY 18 2018......SUNRISE   653 AM EST   SUNSET   543 PM EST
FEBRUARY 19 2018......SUNRISE   652 AM EST   SUNSET   544 PM EST


-  INDICATES NEGATIVE NUMBERS.
R  INDICATES RECORD WAS SET OR TIED.
MM INDICATES DATA IS MISSING.
T  INDICATES TRACE AMOUNT.




$$
