000
CDUS41 KPHI 290729
CLIRDG


CLIMATE REPORT
NATIONAL WEATHER SERVICE MOUNT HOLLY NJ
328 AM EDT FRI MAY 29 2015


...................................

...THE READING PA CLIMATE SUMMARY FOR MAY 28 2015...

CLIMATE NORMAL PERIOD 1981 TO 2010
CLIMATE RECORD PERIOD 1869 TO 2015


WEATHER ITEM   OBSERVED TIME   RECORD YEAR NORMAL DEPARTURE LAST
                VALUE   (LST)  VALUE       VALUE  FROM      YEAR
                                                  NORMAL
..................................................................
TEMPERATURE (F)
 YESTERDAY
  MAXIMUM         88    227 PM  92    1977  76     12       81
                                      1941
                                      1914
  MINIMUM         65   1256 AM  38    1994  54     11       56
  AVERAGE         77                        65     12       69

PRECIPITATION (IN)
  YESTERDAY        T             2.28 1968   0.16  -0.16     0.01
  MONTH TO DATE    0.63                      3.75  -3.12     3.50
  SINCE MAR 1      7.14                     11.00  -3.86    12.14
  SINCE JAN 1     10.88                     16.53  -5.65    18.82

SNOWFALL (IN)
  YESTERDAY       MM            MM      MM  MM     MM       MM
  MONTH TO DATE   MM                        MM     MM       MM
  SINCE MAR 1     MM                        MM     MM       MM
  SINCE JUL 1     MM                        MM     MM       MM
  SNOW DEPTH      MM

DEGREE DAYS
 HEATING
  YESTERDAY        0                         3     -3        0
  MONTH TO DATE   68                       162    -94       96
  SINCE MAR 1   1357                      1318     39     1426
  SINCE JUL 1   5662                      5360    302     5736

 COOLING
  YESTERDAY       12                         3      9        4
  MONTH TO DATE  122                        44     78       51
  SINCE MAR 1    122                        53     69       60
  SINCE JAN 1    122                        53     69       60
..................................................................


WIND (MPH)
  HIGHEST WIND SPEED    15   HIGHEST WIND DIRECTION    NW (310)
  HIGHEST GUST SPEED    19   HIGHEST GUST DIRECTION    NW (320)
  AVERAGE WIND SPEED     5.3


SKY COVER
  POSSIBLE SUNSHINE  MM
  AVERAGE SKY COVER 0.4


WEATHER CONDITIONS
 THE FOLLOWING WEATHER WAS RECORDED YESTERDAY.
  LIGHT RAIN
  FOG
  HAZE


RELATIVE HUMIDITY (PERCENT)
 HIGHEST   100           100 AM
 LOWEST     37           500 PM
 AVERAGE    69

..........................................................


THE READING PA CLIMATE NORMALS FOR TODAY
                         NORMAL    RECORD    YEAR
 MAXIMUM TEMPERATURE (F)   76        95      1969
 MINIMUM TEMPERATURE (F)   54        37      1902


SUNRISE AND SUNSET
MAY 29 2015...........SUNRISE   538 AM EDT   SUNSET   825 PM EDT
MAY 30 2015...........SUNRISE   537 AM EDT   SUNSET   826 PM EDT


-  INDICATES NEGATIVE NUMBERS.
R  INDICATES RECORD WAS SET OR TIED.
MM INDICATES DATA IS MISSING.
T  INDICATES TRACE AMOUNT.




$$
