000
CDUS41 KPHI 270629
CLIRDG


CLIMATE REPORT
NATIONAL WEATHER SERVICE MOUNT HOLLY NJ
228 AM EDT SAT AUG 27 2016


...................................

...THE READING PA CLIMATE SUMMARY FOR AUGUST 26 2016...

CLIMATE NORMAL PERIOD 1981 TO 2010
CLIMATE RECORD PERIOD 1869 TO 2016


WEATHER ITEM   OBSERVED TIME   RECORD YEAR NORMAL DEPARTURE LAST
                VALUE   (LST)  VALUE       VALUE  FROM      YEAR
                                                  NORMAL
..................................................................
TEMPERATURE (F)
 YESTERDAY
  MAXIMUM         90    324 PM  99    1948  82      8       78
  MINIMUM         70   1159 PM  47    1977  61      9       58
  AVERAGE         80                        72      8       68

PRECIPITATION (IN)
  YESTERDAY        T             2.95 1871   0.12  -0.12     0.00
  MONTH TO DATE    4.61                      3.08   1.53     3.45
  SINCE JUN 1     10.40                     11.38  -0.98    13.47
  SINCE JAN 1     24.40                     28.40  -4.00    25.38

SNOWFALL (IN)
  YESTERDAY       MM            MM      MM  MM     MM       MM
  MONTH TO DATE   MM                        MM     MM       MM
  SINCE JUN 1     MM                        MM     MM       MM
  SINCE JUL 1     MM                        MM     MM       MM
  SNOW DEPTH      MM

DEGREE DAYS
 HEATING
  YESTERDAY        0                         0      0        0
  MONTH TO DATE    0                         0      0        0
  SINCE JUN 1      9                        25    -16       21
  SINCE JUL 1      0                         1     -1        0

 COOLING
  YESTERDAY       15                         7      8        3
  MONTH TO DATE  336                       218    118      246
  SINCE JUN 1    991                       710    281      797
  SINCE JAN 1   1085                       770    315      956
..................................................................


WIND (MPH)
  HIGHEST WIND SPEED    17   HIGHEST WIND DIRECTION    NW (300)
  HIGHEST GUST SPEED    21   HIGHEST GUST DIRECTION    NW (330)
  AVERAGE WIND SPEED     5.9


SKY COVER
  POSSIBLE SUNSHINE  MM
  AVERAGE SKY COVER 0.2


WEATHER CONDITIONS
 THE FOLLOWING WEATHER WAS RECORDED YESTERDAY.
  LIGHT RAIN
  FOG


RELATIVE HUMIDITY (PERCENT)
 HIGHEST    88           700 AM
 LOWEST     41           300 PM
 AVERAGE    65

..........................................................


THE READING PA CLIMATE NORMALS FOR TODAY
                         NORMAL    RECORD    YEAR
 MAXIMUM TEMPERATURE (F)   82       101      1948
 MINIMUM TEMPERATURE (F)   61        46      1904


SUNRISE AND SUNSET
AUGUST 27 2016........SUNRISE   627 AM EDT   SUNSET   743 PM EDT
AUGUST 28 2016........SUNRISE   628 AM EDT   SUNSET   741 PM EDT


-  INDICATES NEGATIVE NUMBERS.
R  INDICATES RECORD WAS SET OR TIED.
MM INDICATES DATA IS MISSING.
T  INDICATES TRACE AMOUNT.




$$
