000
CDUS41 KPHI 200629
CLIRDG


CLIMATE REPORT
NATIONAL WEATHER SERVICE MOUNT HOLLY NJ
229 AM EDT SUN APR 20 2014


...................................

...THE READING PA CLIMATE SUMMARY FOR APRIL 19 2014...

CLIMATE NORMAL PERIOD 1981 TO 2010
CLIMATE RECORD PERIOD 1869 TO 2014


WEATHER ITEM   OBSERVED TIME   RECORD YEAR NORMAL DEPARTURE LAST
                VALUE   (LST)  VALUE       VALUE  FROM      YEAR
                                                  NORMAL
..................................................................
TEMPERATURE (F)
 YESTERDAY
  MAXIMUM         65    451 PM  97    1976  64      1       76
  MINIMUM         39    608 AM  27    2001  42     -3       50
  AVERAGE         52                        53     -1       63

PRECIPITATION (IN)
  YESTERDAY        0.00          1.22 1943   0.13  -0.13     0.97
  MONTH TO DATE    2.30                      2.48  -0.18     2.20
  SINCE MAR 1      4.47                      5.96  -1.49     4.30
  SINCE JAN 1     11.15                     11.49  -0.34     9.24

SNOWFALL (IN)
  YESTERDAY       MM            MM      MM  MM     MM       MM
  MONTH TO DATE   MM                        MM     MM       MM
  SINCE MAR 1     MM                        MM     MM       MM
  SINCE JUL 1     MM                        MM     MM       MM
  SNOW DEPTH      MM

DEGREE DAYS
 HEATING
  YESTERDAY       13                        13      0        2
  MONTH TO DATE  275                       293    -18      221
  SINCE MAR 1   1192                      1036    156      997
  SINCE JUL 1   5502                      5078    424     4708

 COOLING
  YESTERDAY        0                         0      0        0
  MONTH TO DATE    9                         0      9       15
  SINCE MAR 1      9                         0      9       15
  SINCE JAN 1      9                         0      9       15
..................................................................


WIND (MPH)
  HIGHEST WIND SPEED    17   HIGHEST WIND DIRECTION     N (10)
  HIGHEST GUST SPEED    23   HIGHEST GUST DIRECTION    NW (320)
  AVERAGE WIND SPEED     6.5


SKY COVER
  POSSIBLE SUNSHINE  MM
  AVERAGE SKY COVER 0.0


WEATHER CONDITIONS
 THE FOLLOWING WEATHER WAS RECORDED YESTERDAY.
  NO SIGNIFICANT WEATHER WAS OBSERVED.


RELATIVE HUMIDITY (PERCENT)
 HIGHEST    79           500 AM
 LOWEST     19           500 PM
 AVERAGE    49

..........................................................


THE READING PA CLIMATE NORMALS FOR TODAY
                         NORMAL    RECORD    YEAR
 MAXIMUM TEMPERATURE (F)   64        94      1976
 MINIMUM TEMPERATURE (F)   42        26      1904


SUNRISE AND SUNSET
APRIL 20 2014.........SUNRISE   618 AM EDT   SUNSET   748 PM EDT
APRIL 21 2014.........SUNRISE   617 AM EDT   SUNSET   749 PM EDT


-  INDICATES NEGATIVE NUMBERS.
R  INDICATES RECORD WAS SET OR TIED.
MM INDICATES DATA IS MISSING.
T  INDICATES TRACE AMOUNT.




$$
