000
CDUS46 KPDT 180835
CLIRDM

CLIMATE REPORT
NATIONAL WEATHER SERVICE PENDLETON OR
135 AM PDT FRI APR 18 2014


...................................

...THE REDMOND OR CLIMATE SUMMARY FOR APRIL 17 2014...

CLIMATE NORMAL PERIOD 1981 TO 2010
CLIMATE RECORD PERIOD 1949 TO 2014


WEATHER ITEM   OBSERVED TIME   RECORD YEAR NORMAL DEPARTURE LAST
                VALUE   (LST)  VALUE       VALUE  FROM      YEAR
                                                  NORMAL
..................................................................
TEMPERATURE (F)
 YESTERDAY
  MAXIMUM         51    446 PM  82    1999  60     -9       52
  MINIMUM         40   1155 PM  11    1964  29     11       14
  AVERAGE         46                        44      2       33

PRECIPITATION (IN)
  YESTERDAY        0.05          0.43 1967   0.02   0.03     0.00
  MONTH TO DATE    0.34                      0.38  -0.04     0.08
  SINCE OCT 1      3.56                      5.42  -1.86     4.74
  SINCE JAN 1      2.85                      2.66   0.19     0.83

DEGREE DAYS
 HEATING
  YESTERDAY       19                        21     -2       32
  MONTH TO DATE  332                       371    -39      382
  SINCE MAR 1   1053                      1149    -96     1140
  SINCE JUL 1   5846                      5822     24     5607

 COOLING
  YESTERDAY        0                         0      0        0
  MONTH TO DATE    0                         0      0        0
  SINCE MAR 1      0                         0      0        0
  SINCE JAN 1      0                         0      0        0
..................................................................


WIND (MPH)
  RESULTANT WIND SPEED   1   RESULTANT WIND DIRECTION  NW (320)
  HIGHEST WIND SPEED    13   HIGHEST WIND DIRECTION    NW (300)
  HIGHEST GUST SPEED    17   HIGHEST GUST DIRECTION     W (270)
  AVERAGE WIND SPEED     4.6


SKY COVER
  POSSIBLE SUNSHINE  MM
  AVERAGE SKY COVER 0.7


WEATHER CONDITIONS
 THE FOLLOWING WEATHER WAS RECORDED YESTERDAY.
  LIGHT RAIN


RELATIVE HUMIDITY (PERCENT)
 HIGHEST    80          1200 PM
 LOWEST     61           500 PM
 AVERAGE    71

..........................................................


THE REDMOND OR CLIMATE NORMALS FOR TODAY
                         NORMAL    RECORD    YEAR
 MAXIMUM TEMPERATURE (F)   60        83      1962
 MINIMUM TEMPERATURE (F)   29        10      1972


SUNRISE AND SUNSET
APRIL 18 2014.........SUNRISE   616 AM PDT   SUNSET   753 PM PDT
APRIL 19 2014.........SUNRISE   614 AM PDT   SUNSET   754 PM PDT


-  INDICATES NEGATIVE NUMBERS.
R  INDICATES RECORD WAS SET OR TIED.
MM INDICATES DATA IS MISSING.
T  INDICATES TRACE AMOUNT.


$$
