000
CDUS46 KPDT 010933 RRA
CLIRDM

CLIMATE REPORT
NATIONAL WEATHER SERVICE PENDLETON OR
233 AM PDT WED JUL 1 2015


...................................

...THE REDMOND OR CLIMATE SUMMARY FOR JUNE 30 2015...

CLIMATE NORMAL PERIOD 1981 TO 2010
CLIMATE RECORD PERIOD 1949 TO 2015


WEATHER ITEM   OBSERVED TIME   RECORD YEAR NORMAL DEPARTURE LAST
                VALUE   (LST)  VALUE       VALUE  FROM      YEAR
                                                  NORMAL
..................................................................
TEMPERATURE (F)
 YESTERDAY
  MAXIMUM         93    536 PM  97    2013  81     12       85
                                      2008
  MINIMUM         55    434 AM  31    1973  44     11       40
  AVERAGE         74                        62     12       63

PRECIPITATION (IN)
  YESTERDAY        0.00          0.45 1992   0.01  -0.01     0.00
  MONTH TO DATE    0.11                      0.64  -0.53     0.30
  SINCE OCT 1      8.31                      7.44   0.87     4.46
  SINCE JAN 1      4.03                      4.68  -0.65     3.75

DEGREE DAYS
 HEATING
  YESTERDAY        0                         4     -4        2
  MONTH TO DATE   77                       217   -140      223
  SINCE JUN 1     77                       217   -140      223
  SINCE JUL 1   5747                      6713   -966     6689

 COOLING
  YESTERDAY        9                         2      7        0
  MONTH TO DATE  107                        24     83        1
  SINCE JUN 1    107                        24     83        1
  SINCE JAN 1    116                        29     87        1
..................................................................


WIND (MPH)
  RESULTANT WIND SPEED   3   RESULTANT WIND DIRECTION   N (350)
  HIGHEST WIND SPEED    16   HIGHEST WIND DIRECTION     N (340)
  HIGHEST GUST SPEED    23   HIGHEST GUST DIRECTION     N (340)
  AVERAGE WIND SPEED     6.8


SKY COVER
  POSSIBLE SUNSHINE  MM
  AVERAGE SKY COVER 0.0


WEATHER CONDITIONS
 THE FOLLOWING WEATHER WAS RECORDED YESTERDAY.
  NO SIGNIFICANT WEATHER WAS OBSERVED.


RELATIVE HUMIDITY (PERCENT)
 HIGHEST    77           300 AM
 LOWEST     16           300 PM
 AVERAGE    47

..........................................................


THE REDMOND OR CLIMATE NORMALS FOR TODAY
                         NORMAL    RECORD    YEAR
 MAXIMUM TEMPERATURE (F)   82        99      2013
 MINIMUM TEMPERATURE (F)   44        31      1973


SUNRISE AND SUNSET
JULY  1 2015..........SUNRISE   525 AM PDT   SUNSET   852 PM PDT
JULY  2 2015..........SUNRISE   525 AM PDT   SUNSET   852 PM PDT


-  INDICATES NEGATIVE NUMBERS.
R  INDICATES RECORD WAS SET OR TIED.
MM INDICATES DATA IS MISSING.
T  INDICATES TRACE AMOUNT.

$$
