000
CDUS46 KPDT 230900
CLIRDM

CLIMATE REPORT
NATIONAL WEATHER SERVICE PENDLETON OR
200 AM PDT MON OCT 23 2017


...................................

...THE REDMOND OR CLIMATE SUMMARY FOR OCTOBER 22 2017...

CLIMATE NORMAL PERIOD 1981 TO 2010
CLIMATE RECORD PERIOD 1949 TO 2017


WEATHER ITEM   OBSERVED TIME   RECORD YEAR NORMAL DEPARTURE LAST
                VALUE   (LST)  VALUE       VALUE  FROM      YEAR
                                                  NORMAL
..................................................................
TEMPERATURE (F)
 YESTERDAY
  MAXIMUM         62   1242 PM  85    1999  61      1       61
  MINIMUM         35   1159 PM  16    1980  30      5       25
  AVERAGE         49                        45      4       43

PRECIPITATION (IN)
  YESTERDAY        0.02          0.46 1973   0.03  -0.01     0.00
  MONTH TO DATE    0.52                      0.41   0.11     0.41
  SINCE OCT 1      0.52                      0.41   0.11     0.41
  SINCE JAN 1      5.99                      6.55  -0.56     5.95

DEGREE DAYS
 HEATING
  YESTERDAY       16                        20     -4       22
  MONTH TO DATE  425                       356     69      345
  SINCE SEP 1    647                       606     41      614
  SINCE JUL 1    670                       755    -85      703

 COOLING
  YESTERDAY        0                         0      0        0
  MONTH TO DATE    0                         0      0        0
  SINCE SEP 1     56                        16     40        1
  SINCE JAN 1    434                       222    212      240
..................................................................


WIND (MPH)
  RESULTANT WIND SPEED   6   RESULTANT WIND DIRECTION   W (260)
  HIGHEST WIND SPEED    31   HIGHEST WIND DIRECTION     W (270)
  HIGHEST GUST SPEED    39   HIGHEST GUST DIRECTION     W (280)
  AVERAGE WIND SPEED    11.9


SKY COVER
  POSSIBLE SUNSHINE  MM
  AVERAGE SKY COVER 0.5


WEATHER CONDITIONS
 THE FOLLOWING WEATHER WAS RECORDED YESTERDAY.
  LIGHT RAIN


RELATIVE HUMIDITY (PERCENT)
 HIGHEST    83           800 AM
 LOWEST     37          1200 PM
 AVERAGE    60

..........................................................


THE REDMOND OR CLIMATE NORMALS FOR TODAY
                         NORMAL    RECORD    YEAR
 MAXIMUM TEMPERATURE (F)   60        82      1965
 MINIMUM TEMPERATURE (F)   30        18      1980


SUNRISE AND SUNSET
OCTOBER 23 2017.......SUNRISE   730 AM PDT   SUNSET   607 PM PDT
OCTOBER 24 2017.......SUNRISE   731 AM PDT   SUNSET   605 PM PDT


-  INDICATES NEGATIVE NUMBERS.
R  INDICATES RECORD WAS SET OR TIED.
MM INDICATES DATA IS MISSING.
T  INDICATES TRACE AMOUNT.

$$
