000
CDUS46 KPDT 230827
CLIRDM

CLIMATE REPORT
NATIONAL WEATHER SERVICE PENDLETON OR
127 AM PDT WED JUL 23 2014


...................................

...THE REDMOND OR CLIMATE SUMMARY FOR JULY 22 2014...

CLIMATE NORMAL PERIOD 1981 TO 2010
CLIMATE RECORD PERIOD 1949 TO 2014


WEATHER ITEM   OBSERVED TIME   RECORD YEAR NORMAL DEPARTURE LAST
                VALUE   (LST)  VALUE       VALUE  FROM      YEAR
                                                  NORMAL
..................................................................
TEMPERATURE (F)
 YESTERDAY
  MAXIMUM         80   1116 AM 105    1959  87     -7       96
  MINIMUM         54   1106 PM  34    1965  47      7       50
  AVERAGE         67                        67      0       73

PRECIPITATION (IN)
  YESTERDAY        0.04          0.43 1987   0.02   0.02     0.00
  MONTH TO DATE    0.11                      0.40  -0.29     0.00
  SINCE OCT 1      4.57                      7.84  -3.27     5.83
  SINCE JAN 1      3.86                      5.08  -1.22     1.92

DEGREE DAYS
 HEATING
  YESTERDAY        0                         2     -2        0
  MONTH TO DATE    1                        59    -58       16
  SINCE JUN 1    224                       276    -52      201
  SINCE JUL 1      1                        59    -58       16

 COOLING
  YESTERDAY        2                         4     -2        8
  MONTH TO DATE  144                        64     80      119
  SINCE JUN 1    145                        88     57      158
  SINCE JAN 1    145                        93     52      167
..................................................................


WIND (MPH)
  RESULTANT WIND SPEED   2   RESULTANT WIND DIRECTION   S (180)
  HIGHEST WIND SPEED    17   HIGHEST WIND DIRECTION    NW (300)
  HIGHEST GUST SPEED    22   HIGHEST GUST DIRECTION    SW (220)
  AVERAGE WIND SPEED     7.2


SKY COVER
  POSSIBLE SUNSHINE  MM
  AVERAGE SKY COVER 0.5


WEATHER CONDITIONS
 THE FOLLOWING WEATHER WAS RECORDED YESTERDAY.
  THUNDERSTORM
  LIGHT RAIN


RELATIVE HUMIDITY (PERCENT)
 HIGHEST    80          1100 PM
 LOWEST     39          1100 AM
 AVERAGE    60

..........................................................


THE REDMOND OR CLIMATE NORMALS FOR TODAY
                         NORMAL    RECORD    YEAR
 MAXIMUM TEMPERATURE (F)   87       104      2006
 MINIMUM TEMPERATURE (F)   47        32      1963


SUNRISE AND SUNSET
JULY 23 2014..........SUNRISE   543 AM PDT   SUNSET   839 PM PDT
JULY 24 2014..........SUNRISE   544 AM PDT   SUNSET   838 PM PDT


-  INDICATES NEGATIVE NUMBERS.
R  INDICATES RECORD WAS SET OR TIED.
MM INDICATES DATA IS MISSING.
T  INDICATES TRACE AMOUNT.




$$
