000
CDUS46 KPDT 270844
CLIRDM

CLIMATE REPORT
NATIONAL WEATHER SERVICE PENDLETON OR
126 AM PDT TUE JUN 27 2017


...................................

...THE REDMOND OR CLIMATE SUMMARY FOR JUNE 26 2017...

CLIMATE NORMAL PERIOD 1981 TO 2010
CLIMATE RECORD PERIOD 1949 TO 2017


WEATHER ITEM   OBSERVED TIME   RECORD YEAR NORMAL DEPARTURE LAST
                VALUE   (LST)  VALUE       VALUE  FROM      YEAR
                                                  NORMAL
..................................................................
TEMPERATURE (F)
 YESTERDAY
  MAXIMUM         93   1224 PM 101    2015  80     13       88
                                      1968
  MINIMUM         53   1159 PM  28    1976  43     10       44
  AVERAGE         73                        61     12       66

PRECIPITATION (IN)
  YESTERDAY        T             0.66 1982   0.02  -0.02     0.00
  MONTH TO DATE    0.36                      0.58  -0.22     0.65
  SINCE OCT 1      8.50                      7.38   1.12     8.40
  SINCE JAN 1      4.75                      4.62   0.13     4.83

DEGREE DAYS
 HEATING
  YESTERDAY        0                         5     -5        0
  MONTH TO DATE  158                       199    -41      177
  SINCE JUN 1    158                       199    -41      177
  SINCE JUL 1   6708                      6695     13     5792

 COOLING
  YESTERDAY        8                         1      7        1
  MONTH TO DATE   35                        16     19       45
  SINCE JUN 1     35                        16     19       45
  SINCE JAN 1     45                        21     24       48
..................................................................


WIND (MPH)
  RESULTANT WIND SPEED   5   RESULTANT WIND DIRECTION  NW (300)
  HIGHEST WIND SPEED    24   HIGHEST WIND DIRECTION     W (280)
  HIGHEST GUST SPEED    29   HIGHEST GUST DIRECTION     W (270)
  AVERAGE WIND SPEED     8.7


SKY COVER
  POSSIBLE SUNSHINE  MM
  AVERAGE SKY COVER 0.1


WEATHER CONDITIONS
 THE FOLLOWING WEATHER WAS RECORDED YESTERDAY.
  THUNDERSTORM
  LIGHT RAIN


RELATIVE HUMIDITY (PERCENT)
 HIGHEST    60           500 AM
 LOWEST     15          1200 PM
 AVERAGE    38

..........................................................


THE REDMOND OR CLIMATE NORMALS FOR TODAY
                         NORMAL    RECORD    YEAR
 MAXIMUM TEMPERATURE (F)   80       100      2015
 MINIMUM TEMPERATURE (F)   43        29      1965


SUNRISE AND SUNSET
JUNE 27 2017..........SUNRISE   523 AM PDT   SUNSET   853 PM PDT
JUNE 28 2017..........SUNRISE   523 AM PDT   SUNSET   852 PM PDT


-  INDICATES NEGATIVE NUMBERS.
R  INDICATES RECORD WAS SET OR TIED.
MM INDICATES DATA IS MISSING.
T  INDICATES TRACE AMOUNT.




$$
CDUS46 KPDT 270113 RRA
CLIRDM

CLIMATE REPORT
NATIONAL WEATHER SERVICE PENDLETON OR
551 PM PDT MON JUN 26 2017


...................................

...THE REDMOND OR CLIMATE SUMMARY FOR JUNE 26 2017...
VALID TODAY AS OF 0500 PM LOCAL TIME.

CLIMATE NORMAL PERIOD 1981 TO 2010
CLIMATE RECORD PERIOD 1949 TO 2017


WEATHER ITEM   OBSERVED TIME   RECORD YEAR NORMAL DEPARTURE LAST
                VALUE   (LST)  VALUE       VALUE  FROM      YEAR
                                                  NORMAL
..................................................................
TEMPERATURE (F)
 TODAY
  MAXIMUM         93   1224 PM 101    2015  80     13       88
                                      1968
  MINIMUM         62    459 AM  28    1976  43     19       44
  AVERAGE         78                        61     17       66

PRECIPITATION (IN)
  TODAY            T             0.66 1982   0.02  -0.02     0.00
  MONTH TO DATE    0.36                      0.58  -0.22     0.65
  SINCE OCT 1      8.50                      7.38   1.12     8.40
  SINCE JAN 1      4.75                      4.62   0.13     4.83

DEGREE DAYS
 HEATING
  TODAY            0                         5     -5        0
  MONTH TO DATE  158                       199    -41      177
  SINCE JUN 1    158                       199    -41      177
  SINCE JUL 1   6708                      6695     13     5792

 COOLING
  TODAY           13                         1     12        1
  MONTH TO DATE   40                        16     24       45
  SINCE JUN 1     40                        16     24       45
  SINCE JAN 1     50                        21     29       48
..................................................................


WIND (MPH)
  RESULTANT WIND SPEED   3   RESULTANT WIND DIRECTION   W (270)
  HIGHEST WIND SPEED    22   HIGHEST WIND DIRECTION     W (290)
  HIGHEST GUST SPEED    27   HIGHEST GUST DIRECTION     W (270)
  AVERAGE WIND SPEED     8.1


SKY COVER
  POSSIBLE SUNSHINE  MM
  AVERAGE SKY COVER 0.1


WEATHER CONDITIONS
THE FOLLOWING WEATHER WAS RECORDED TODAY.
  THUNDERSTORM
  LIGHT RAIN


RELATIVE HUMIDITY (PERCENT)
 HIGHEST    60           500 AM
 LOWEST     15          1200 PM
 AVERAGE    38

..........................................................


THE REDMOND OR CLIMATE NORMALS FOR TOMORROW
                         NORMAL    RECORD    YEAR
 MAXIMUM TEMPERATURE (F)   80       100      2015
 MINIMUM TEMPERATURE (F)   43        29      1965


SUNRISE AND SUNSET
JUNE 26 2017..........SUNRISE   522 AM PDT   SUNSET   853 PM PDT
JUNE 27 2017..........SUNRISE   523 AM PDT   SUNSET   853 PM PDT


-  INDICATES NEGATIVE NUMBERS.
R  INDICATES RECORD WAS SET OR TIED.
MM INDICATES DATA IS MISSING.
T  INDICATES TRACE AMOUNT.




$$
