000
CDUS46 KPDT 090920
CLIRDM

CLIMATE REPORT
NATIONAL WEATHER SERVICE PENDLETON OR
120 AM PST TUE FEB 9 2016


...................................

...THE REDMOND OR CLIMATE SUMMARY FOR FEBRUARY 8 2016...

CLIMATE NORMAL PERIOD 1981 TO 2010
CLIMATE RECORD PERIOD 1949 TO 2016


WEATHER ITEM   OBSERVED TIME   RECORD YEAR NORMAL DEPARTURE LAST
                VALUE   (LST)  VALUE       VALUE  FROM      YEAR
                                                  NORMAL
..................................................................
TEMPERATURE (F)
 YESTERDAY
  MAXIMUM         67R   257 PM  64    1954  45     22       56
  MINIMUM         27    535 AM  -9    1989  24      3       38
  AVERAGE         47                        34     13       47

PRECIPITATION (IN)
  YESTERDAY        0.00          0.60 1999   0.02  -0.02     0.03
  MONTH TO DATE    T                         0.20  -0.20     0.48
  SINCE OCT 1      4.79                      3.93   0.86     5.04
  SINCE JAN 1      1.22                      1.17   0.05     0.76

DEGREE DAYS
 HEATING
  YESTERDAY       18                        30    -12       18
  MONTH TO DATE  211                       247    -36      161
  SINCE DEC 1   1938                      2313   -375     1930
  SINCE JUL 1   3656                      4087   -431     3517

 COOLING
  YESTERDAY        0                         0      0        0
  MONTH TO DATE    0                         0      0        0
  SINCE DEC 1      0                         0      0        0
  SINCE JAN 1      0                         0      0        0
..................................................................


WIND (MPH)
  RESULTANT WIND SPEED   0   RESULTANT WIND DIRECTION   E (70)
  HIGHEST WIND SPEED    10   HIGHEST WIND DIRECTION    NW (300)
  HIGHEST GUST SPEED    13   HIGHEST GUST DIRECTION     E (80)
  AVERAGE WIND SPEED     3.5


SKY COVER
  POSSIBLE SUNSHINE  MM
  AVERAGE SKY COVER 0.0


WEATHER CONDITIONS
 THE FOLLOWING WEATHER WAS RECORDED YESTERDAY.
  NO SIGNIFICANT WEATHER WAS OBSERVED.


RELATIVE HUMIDITY (PERCENT)
 HIGHEST    92          1200 AM
 LOWEST     31           200 PM
 AVERAGE    62

..........................................................


THE REDMOND OR CLIMATE NORMALS FOR TODAY
                         NORMAL    RECORD    YEAR
 MAXIMUM TEMPERATURE (F)   46        63      1954
 MINIMUM TEMPERATURE (F)   24        -6      1989


SUNRISE AND SUNSET
FEBRUARY  9 2016......SUNRISE   713 AM PST   SUNSET   525 PM PST
FEBRUARY 10 2016......SUNRISE   712 AM PST   SUNSET   526 PM PST


-  INDICATES NEGATIVE NUMBERS.
R  INDICATES RECORD WAS SET OR TIED.
MM INDICATES DATA IS MISSING.
T  INDICATES TRACE AMOUNT.




$$
