000
CDUS42 KRAH 280744
CLIRDU


CLIMATE REPORT
NATIONAL WEATHER SERVICE RALEIGH NC
343 AM EDT SAT MAY 28 2016


...................................

...THE RALEIGH-DURHAM INTL AIRPORT NC CLIMATE SUMMARY FOR MAY 27 2016...

CLIMATE NORMAL PERIOD 1981 TO 2010
CLIMATE RECORD PERIOD 1887 TO 2016


WEATHER ITEM   OBSERVED TIME   RECORD YEAR NORMAL DEPARTURE LAST
                VALUE   (LST)  VALUE       VALUE  FROM      YEAR
                                                  NORMAL
..................................................................
TEMPERATURE (F)
 YESTERDAY
  MAXIMUM         88    158 PM  96    1916  82      6       87
  MINIMUM         68 E  558 AM  41    1961  60      8       69
  AVERAGE         78                        71      7       78

PRECIPITATION (IN)
  YESTERDAY        0.00          3.56 1932   0.11  -0.11     0.30
  MONTH TO DATE    3.73                      2.78   0.95     2.89
  SINCE MAR 1     10.75                      9.81   0.94    11.43
  SINCE JAN 1     17.16                     16.54   0.62    17.69

DEGREE DAYS
 HEATING
  YESTERDAY        0                         1     -1        0
  MONTH TO DATE   52                        51      1       20
  SINCE MAR 1    466                       668   -202      587
  SINCE JUL 1   2609                      3240   -631     3484

 COOLING
  YESTERDAY       13                         7      6       13
  MONTH TO DATE  104                       119    -15      163
  SINCE MAR 1    199                       179     20      219
  SINCE JAN 1    199                       180     19      219
..................................................................


WIND (MPH)
  HIGHEST WIND SPEED    13   HIGHEST WIND DIRECTION    SW (240)
  HIGHEST GUST SPEED    18   HIGHEST GUST DIRECTION    SW (210)
  AVERAGE WIND SPEED     7.4


SKY COVER
  POSSIBLE SUNSHINE  MM
  AVERAGE SKY COVER 0.4


WEATHER CONDITIONS
 THE FOLLOWING WEATHER WAS RECORDED YESTERDAY.
  NO SIGNIFICANT WEATHER WAS OBSERVED.


RELATIVE HUMIDITY (PERCENT)
 HIGHEST    76           600 AM
 LOWEST     46           200 PM
 AVERAGE    61

..........................................................


THE RALEIGH-DURHAM INTL AIRPORT NC CLIMATE NORMALS FOR TODAY
                         NORMAL    RECORD    YEAR
 MAXIMUM TEMPERATURE (F)   83        99      1941
 MINIMUM TEMPERATURE (F)   60        37      1961


SUNRISE AND SUNSET
MAY 28 2016...........SUNRISE   601 AM EDT   SUNSET   824 PM EDT
MAY 29 2016...........SUNRISE   601 AM EDT   SUNSET   825 PM EDT


-  INDICATES NEGATIVE NUMBERS.
R  INDICATES RECORD WAS SET OR TIED.
MM INDICATES DATA IS MISSING.
T  INDICATES TRACE AMOUNT.




$$
