000
CDUS42 KRAH 280741
CLIRDU


CLIMATE REPORT
NATIONAL WEATHER SERVICE RALEIGH NC
338 AM EDT THU MAY 28 2015


...................................

...THE RALEIGH-DURHAM INTL AIRPORT NC CLIMATE SUMMARY FOR MAY 27 2015...

CLIMATE NORMAL PERIOD 1981 TO 2010
CLIMATE RECORD PERIOD 1887 TO 2015


WEATHER ITEM   OBSERVED TIME   RECORD YEAR NORMAL DEPARTURE LAST
                VALUE   (LST)  VALUE       VALUE  FROM      YEAR
                                                  NORMAL
..................................................................
TEMPERATURE (F)
 YESTERDAY
  MAXIMUM         87    501 PM  96    1916  82      5       90
  MINIMUM         69   1159 PM  41    1961  60      9       66
  AVERAGE         78                        71      7       78

PRECIPITATION (IN)
  YESTERDAY        0.30          3.56 1932   0.11   0.19     0.22
  MONTH TO DATE    2.89                      2.78   0.11     3.94
  SINCE MAR 1     11.43                      9.81   1.62    14.23
  SINCE JAN 1     17.69                     16.54   1.15    19.19

DEGREE DAYS
 HEATING
  YESTERDAY        0                         1     -1        0
  MONTH TO DATE   20                        51    -31       27
  SINCE MAR 1    587                       668    -81      777
  SINCE JUL 1   3484                      3240    244     3478

 COOLING
  YESTERDAY       13                         7      6       13
  MONTH TO DATE  163                       119     44      152
  SINCE MAR 1    219                       179     40      183
  SINCE JAN 1    219                       180     39      183
..................................................................


WIND (MPH)
  HIGHEST WIND SPEED    17   HIGHEST WIND DIRECTION     S (180)
  HIGHEST GUST SPEED    22   HIGHEST GUST DIRECTION    SW (210)
  AVERAGE WIND SPEED     6.7


SKY COVER
  POSSIBLE SUNSHINE  MM
  AVERAGE SKY COVER 0.8


WEATHER CONDITIONS
 THE FOLLOWING WEATHER WAS RECORDED YESTERDAY.
  THUNDERSTORM
  HEAVY RAIN
  LIGHT RAIN
  FOG


RELATIVE HUMIDITY (PERCENT)
 HIGHEST    90           500 AM
 LOWEST     50           500 PM
 AVERAGE    70

..........................................................


THE RALEIGH-DURHAM INTL AIRPORT NC CLIMATE NORMALS FOR TODAY
                         NORMAL    RECORD    YEAR
 MAXIMUM TEMPERATURE (F)   83        99      1941
 MINIMUM TEMPERATURE (F)   60        37      1961


SUNRISE AND SUNSET
MAY 28 2015...........SUNRISE   602 AM EDT   SUNSET   823 PM EDT
MAY 29 2015...........SUNRISE   601 AM EDT   SUNSET   824 PM EDT


-  INDICATES NEGATIVE NUMBERS.
R  INDICATES RECORD WAS SET OR TIED.
MM INDICATES DATA IS MISSING.
T  INDICATES TRACE AMOUNT.

&&

CLIMATE REPORT NWS FORECAST OFFICE
NCSU CENTENNIAL CAMPUS
RALEIGH, NC

MAXIMUM TEMPERATURE...86

MINIMUM TEMPERATURE...70

PRECIPITATION...TRACE


$$
