000
CDUS42 KRAH 020829
CLIRDU


CLIMATE REPORT
NATIONAL WEATHER SERVICE RALEIGH NC
427 AM EDT MON MAY 2 2016


...................................

...THE RALEIGH-DURHAM INTL AIRPORT NC CLIMATE SUMMARY FOR MAY 1 2016...

CLIMATE NORMAL PERIOD 1981 TO 2010
CLIMATE RECORD PERIOD 1887 TO 2016


WEATHER ITEM   OBSERVED TIME   RECORD YEAR NORMAL DEPARTURE LAST
                VALUE   (LST)  VALUE       VALUE  FROM      YEAR
                                                  NORMAL
..................................................................
TEMPERATURE (F)
 YESTERDAY
  MAXIMUM         77    436 PM  92    2007  76      1       61
  MINIMUM         59    609 AM  36    1963  52      7       51
  AVERAGE         68                        64      4       56

PRECIPITATION (IN)
  YESTERDAY        0.18          1.17 1989   0.09   0.09     0.58
  MONTH TO DATE    0.18                      0.09   0.09     0.58
  SINCE MAR 1      7.20                      7.12   0.08     9.12
  SINCE JAN 1     13.61                     13.85  -0.24    15.38

SNOWFALL (IN)
  YESTERDAY        0.0           T    1997   0.0    0.0      0.0
  MONTH TO DATE    0.0                       0.0    0.0      0.0
  SINCE MAR 1      T                         0.6   -0.6      0.0
  SINCE JUL 1      1.4                       6.1   -4.7      7.9
  SNOW DEPTH       0

DEGREE DAYS
 HEATING
  YESTERDAY        0                         4     -4        9
  MONTH TO DATE    0                         4     -4        9
  SINCE MAR 1    414                       621   -207      576
  SINCE JUL 1   2557                      3193   -636     3473

 COOLING
  YESTERDAY        3                         3      0        0
  MONTH TO DATE    3                         3      0        0
  SINCE MAR 1     98                        63     35       56
  SINCE JAN 1     98                        64     34       56
..................................................................


WIND (MPH)
  HIGHEST WIND SPEED    15   HIGHEST WIND DIRECTION     S (190)
  HIGHEST GUST SPEED    22   HIGHEST GUST DIRECTION    SW (210)
  AVERAGE WIND SPEED     7.9


SKY COVER
  POSSIBLE SUNSHINE  MM
  AVERAGE SKY COVER 1.0


WEATHER CONDITIONS
 THE FOLLOWING WEATHER WAS RECORDED YESTERDAY.
  LIGHT RAIN
  FOG


RELATIVE HUMIDITY (PERCENT)
 HIGHEST    93          1100 AM
 LOWEST     64           400 PM
 AVERAGE    79

..........................................................


THE RALEIGH-DURHAM INTL AIRPORT NC CLIMATE NORMALS FOR TODAY
                         NORMAL    RECORD    YEAR
 MAXIMUM TEMPERATURE (F)   76        92      2010
 MINIMUM TEMPERATURE (F)   52        29      1963


SUNRISE AND SUNSET
MAY  2 2016...........SUNRISE   621 AM EDT   SUNSET   803 PM EDT
MAY  3 2016...........SUNRISE   620 AM EDT   SUNSET   804 PM EDT


-  INDICATES NEGATIVE NUMBERS.
R  INDICATES RECORD WAS SET OR TIED.
MM INDICATES DATA IS MISSING.
T  INDICATES TRACE AMOUNT.



&&

CLIMATE REPORT
NWS FORECAST OFFICE
NCSU CENTENNIAL CAMPUS
RALEIGH NC

MAXIMUM TEMPERATURE... 76

MINIMUM TEMPERATURE... 58

PRECIPITATION... 0.14


$$
