000
CDUS42 KRAH 251443
CLIRDU


CLIMATE REPORT
NATIONAL WEATHER SERVICE RALEIGH NC
1041 AM EDT TUE APR 25 2017


...................................

...THE RALEIGH-DURHAM INTL AIRPORT NC CLIMATE SUMMARY FOR APRIL 25 2017...
VALID AS OF 1041 AM LOCAL TIME.

CLIMATE NORMAL PERIOD 1981 TO 2010
CLIMATE RECORD PERIOD 1887 TO 2017


WEATHER ITEM   OBSERVED TIME   RECORD YEAR NORMAL DEPARTURE LAST
                VALUE   (LST)  VALUE       VALUE  FROM      YEAR
                                                  NORMAL
..................................................................
TEMPERATURE (F)
 TODAY
  MAXIMUM                       93    1925  75    -15       81
  MINIMUM         58    913 AM  29    1969  51      7       53

PRECIPITATION (IN)
  TODAY            2.17          2.31 1937   0.09   2.08     0.00
  MONTH TO DATE    8.64                      2.48   6.16     2.22
  SINCE MAR 1     11.77                      6.59   5.18     6.26
  SINCE JAN 1     16.20                     13.32   2.88    12.67

SNOWFALL (IN)
  TODAY            0.0           0.0  2002   0.0    0.0      0.0
                                      2001
  MONTH TO DATE    0.0                       0.1   -0.1      0.0
  SINCE MAR 1      0.3                       0.6   -0.3       T
  SINCE JUL 1      0.8                       6.1   -5.3      1.4
  SNOW DEPTH       0

..................................................................


WIND (MPH)
  HIGHEST WIND SPEED    15   HIGHEST WIND DIRECTION    NE (30)
  HIGHEST GUST SPEED    20   HIGHEST GUST DIRECTION    NE (40)
  AVERAGE WIND SPEED     9.1


SKY COVER
  POSSIBLE SUNSHINE  MM
  AVERAGE SKY COVER 1.0


WEATHER CONDITIONS
 THE FOLLOWING WEATHER WAS RECORDED TODAY.
  HEAVY RAIN
  RAIN
  LIGHT RAIN
  FOG


RELATIVE HUMIDITY (PERCENT)
 HIGHEST   100           900 AM
 LOWEST     90           300 AM
 AVERAGE    95

..........................................................


THE RALEIGH-DURHAM INTL AIRPORT NC CLIMATE NORMALS FOR TOMORROW
                         NORMAL    RECORD    YEAR
 MAXIMUM TEMPERATURE (F)   75        93      1990
 MINIMUM TEMPERATURE (F)   51        34      1919


SUNRISE AND SUNSET
APRIL 25 2017.........SUNRISE   629 AM EDT   SUNSET   757 PM EDT
APRIL 26 2017.........SUNRISE   628 AM EDT   SUNSET   758 PM EDT


-  INDICATES NEGATIVE NUMBERS.
R  INDICATES RECORD WAS SET OR TIED.
MM INDICATES DATA IS MISSING.
T  INDICATES TRACE AMOUNT.

&&

CLIMATE REPORT
NWS FORECAST OFFICE
NCSU CENTENNIAL CAMPUS
RALEIGH NC

MINIMUM TEMPERATURE... 52

PRECIPITATION... 2.21


$$
