269
CDUS42 KRAH 270039
CLIRDU


CLIMATE REPORT
NATIONAL WEATHER SERVICE RALEIGH NC
838 PM EDT MON SEP 26 2016


...................................

...THE RALEIGH-DURHAM INTL AIRPORT NC CLIMATE SUMMARY FOR SEPTEMBER 26 2016...
VALID AS OF 0800 PM LOCAL TIME.

CLIMATE NORMAL PERIOD 1981 TO 2010
CLIMATE RECORD PERIOD 1887 TO 2016


WEATHER ITEM   OBSERVED TIME   RECORD YEAR NORMAL DEPARTURE LAST
                VALUE   (LST)  VALUE       VALUE  FROM      YEAR
                                                  NORMAL
..................................................................
TEMPERATURE (F)
 TODAY
  MAXIMUM         76    341 PM  93    1933  79     -3       69
  MINIMUM         65    735 AM  37    1950  58      7       64
  AVERAGE         71                        68      3       67

PRECIPITATION (IN)
  TODAY            0.01          2.31 1956   0.12  -0.11     1.02
  MONTH TO DATE    3.69                      3.84  -0.15     3.54
  SINCE SEP 1      3.69                      3.84  -0.15     3.54
  SINCE JAN 1     40.44                     33.38   7.06    37.56

DEGREE DAYS
 HEATING
  TODAY            0                         1     -1        0
  MONTH TO DATE    0                        10    -10        2
  SINCE SEP 1      0                        10    -10        2
  SINCE JUL 1      0                        11    -11        2

 COOLING
  TODAY            6                         5      1        2
  MONTH TO DATE  310                       210    100      224
  SINCE SEP 1    310                       210    100      224
  SINCE JAN 1   1978                      1651    327     1812
..................................................................


WIND (MPH)
  HIGHEST WIND SPEED     9   HIGHEST WIND DIRECTION     S (160)
  HIGHEST GUST SPEED    13   HIGHEST GUST DIRECTION    SE (130)
  AVERAGE WIND SPEED     5.4


SKY COVER
  POSSIBLE SUNSHINE  MM
  AVERAGE SKY COVER 0.9


WEATHER CONDITIONS
 THE FOLLOWING WEATHER WAS RECORDED TODAY.
  LIGHT RAIN
  FOG


RELATIVE HUMIDITY (PERCENT)
 HIGHEST    84           700 PM
 LOWEST     68           100 PM
 AVERAGE    76

..........................................................


THE RALEIGH-DURHAM INTL AIRPORT NC CLIMATE NORMALS FOR TOMORROW
                         NORMAL    RECORD    YEAR
 MAXIMUM TEMPERATURE (F)   78        94      1998
 MINIMUM TEMPERATURE (F)   57        41      1947


SUNRISE AND SUNSET
SEPTEMBER 26 2016.....SUNRISE   707 AM EDT   SUNSET   705 PM EDT
SEPTEMBER 27 2016.....SUNRISE   707 AM EDT   SUNSET   704 PM EDT


-  INDICATES NEGATIVE NUMBERS.
R  INDICATES RECORD WAS SET OR TIED.
MM INDICATES DATA IS MISSING.
T  INDICATES TRACE AMOUNT.

&&

CLIMATE REPORT
NWS FORECAST OFFICE
NCSU CENTENNIAL CAMPUS
RALEIGH NC

MAXIMUM TEMPERATURE... 77

MINIMUM TEMPERATURE... 65

PRECIPITATION... 0.01


$$
