000
CDUS42 KRAH 042036
CLIRDU


CLIMATE REPORT
NATIONAL WEATHER SERVICE RALEIGH NC
435 PM EDT TUE AUG 4 2015


...................................

...THE RALEIGH-DURHAM INTL AIRPORT NC CLIMATE SUMMARY FOR AUGUST 4 2015...
VALID TODAY AS OF 0430 PM LOCAL TIME.

CLIMATE NORMAL PERIOD 1981 TO 2010
CLIMATE RECORD PERIOD 1887 TO 2015


WEATHER ITEM   OBSERVED TIME   RECORD YEAR NORMAL DEPARTURE LAST
                VALUE   (LST)  VALUE       VALUE  FROM      YEAR
                                                  NORMAL
..................................................................
TEMPERATURE (F)
 TODAY
  MAXIMUM         95    301 PM  99    1935  90      5       85
  MINIMUM         73    524 AM  55    1985  70      3       68
  AVERAGE         84                        80      4       77

PRECIPITATION (IN)
  TODAY            0.00          3.04 1931   0.15  -0.15     0.00
  MONTH TO DATE    0.00                      0.57  -0.57     0.79
  SINCE JUN 1     11.36                      8.82   2.54    13.06
  SINCE JAN 1     29.20                     25.85   3.35    32.33

DEGREE DAYS
 HEATING
  TODAY            0                         0      0        0
  MONTH TO DATE    0                         0      0        0
  SINCE JUN 1      0                         4     -4        0
  SINCE JUL 1      0                         0      0        0

 COOLING
  TODAY           19                        15      4       12
  MONTH TO DATE   63                        60      3       29
  SINCE JUN 1    972                       873     99      829
  SINCE JAN 1   1242                      1082    160     1042
..................................................................


WIND (MPH)
  HIGHEST WIND SPEED    13   HIGHEST WIND DIRECTION    SW (220)
  HIGHEST GUST SPEED    17   HIGHEST GUST DIRECTION    SW (240)
  AVERAGE WIND SPEED     6.3


SKY COVER
  POSSIBLE SUNSHINE  MM
  AVERAGE SKY COVER 0.5


WEATHER CONDITIONS
 THE FOLLOWING WEATHER WAS RECORDED TODAY.
  NO SIGNIFICANT WEATHER WAS OBSERVED.


RELATIVE HUMIDITY (PERCENT)
 HIGHEST    93           400 AM
 LOWEST     46           300 PM
 AVERAGE    70

..........................................................


THE RALEIGH-DURHAM INTL AIRPORT NC CLIMATE NORMALS FOR TOMORROW
                         NORMAL    RECORD    YEAR
 MAXIMUM TEMPERATURE (F)   90       100      1953
 MINIMUM TEMPERATURE (F)   70        56      1912


SUNRISE AND SUNSET
AUGUST  4 2015........SUNRISE   625 AM EDT   SUNSET   817 PM EDT
AUGUST  5 2015........SUNRISE   626 AM EDT   SUNSET   816 PM EDT


-  INDICATES NEGATIVE NUMBERS.
R  INDICATES RECORD WAS SET OR TIED.
MM INDICATES DATA IS MISSING.
T  INDICATES TRACE AMOUNT.

&&

CLIMATE REPORT NWS FORECAST OFFICE
NCSU CENTENNIAL CAMPUS
RALEIGH, NC

MAXIMUM TEMPERATURE... 93

MINIMUM TEMPERATURE... 73

PRECIPITATION... 0.00


$$
