000
CDUS42 KRAH 292054
CLIRDU


CLIMATE REPORT
NATIONAL WEATHER SERVICE RALEIGH NC
450 PM EDT MON JUN 29 2015


...................................

...THE RALEIGH-DURHAM INTL AIRPORT NC CLIMATE SUMMARY FOR JUNE 29 2015...
VALID TODAY AS OF 0450 PM LOCAL TIME.

CLIMATE NORMAL PERIOD 1981 TO 2010
CLIMATE RECORD PERIOD 1887 TO 2015


WEATHER ITEM   OBSERVED TIME   RECORD YEAR NORMAL DEPARTURE LAST
                VALUE   (LST)  VALUE       VALUE  FROM      YEAR
                                                  NORMAL
..................................................................
TEMPERATURE (F)
 TODAY
  MAXIMUM         88    309 PM 105    2012  90     -2       85
  MINIMUM         60    529 AM  51    1970  69     -9       60
  AVERAGE         74                        79     -5       73

PRECIPITATION (IN)
  TODAY            0.00          2.77 1889   0.12  -0.12     0.00
  MONTH TO DATE    6.33                      3.40   2.93     3.31
  SINCE JUN 1      6.33                      3.40   2.93     3.31
  SINCE JAN 1     24.17                     20.43   3.74    22.58

DEGREE DAYS
 HEATING
  TODAY            0                         0      0        0
  MONTH TO DATE    0                         0      0        0
  SINCE JUN 1      0                         0      0        0
  SINCE JUL 1   3484                      3243    241     3478

 COOLING
  TODAY            9                        14     -5        8
  MONTH TO DATE  422                       333     89      364
  SINCE JUN 1    422                       333     89      364
  SINCE JAN 1    692                       542    150      577
..................................................................


WIND (MPH)
  HIGHEST WIND SPEED    13   HIGHEST WIND DIRECTION    NE (50)
  HIGHEST GUST SPEED    17   HIGHEST GUST DIRECTION    SE (120)
  AVERAGE WIND SPEED     3.4


SKY COVER
  POSSIBLE SUNSHINE  MM
  AVERAGE SKY COVER 0.4


WEATHER CONDITIONS
 THE FOLLOWING WEATHER WAS RECORDED TODAY.
  NO SIGNIFICANT WEATHER WAS OBSERVED.


RELATIVE HUMIDITY (PERCENT)
 HIGHEST   100           400 AM
 LOWEST     43           300 PM
 AVERAGE    72

..........................................................


THE RALEIGH-DURHAM INTL AIRPORT NC CLIMATE NORMALS FOR TOMORROW
                         NORMAL    RECORD    YEAR
 MAXIMUM TEMPERATURE (F)   90       105      2012
 MINIMUM TEMPERATURE (F)   69        52      1919


SUNRISE AND SUNSET
JUNE 29 2015..........SUNRISE   601 AM EDT   SUNSET   836 PM EDT
JUNE 30 2015..........SUNRISE   602 AM EDT   SUNSET   836 PM EDT


-  INDICATES NEGATIVE NUMBERS.
R  INDICATES RECORD WAS SET OR TIED.
MM INDICATES DATA IS MISSING.
T  INDICATES TRACE AMOUNT.

&&

CLIMATE REPORT NWS FORECAST OFFICE
NCSU CENTENNIAL CAMPUS
RALEIGH, NC

MAXIMUM TEMPERATURE... 87

MINIMUM TEMPERATURE... 62

PRECIPITATION... 0.00

$$
