000
CDUS42 KRAH 160635
CLIRDU

CLIMATE REPORT
NATIONAL WEATHER SERVICE RALEIGH NC
131 AM EST MON JAN 16 2017
...................................

...THE RALEIGH-DURHAM INTL AIRPORT NC CLIMATE SUMMARY FOR JANUARY 15 2017...

CLIMATE NORMAL PERIOD 1981 TO 2010
CLIMATE RECORD PERIOD 1887 TO 2017


WEATHER ITEM   OBSERVED TIME   RECORD YEAR NORMAL DEPARTURE LAST
                VALUE   (LST)  VALUE       VALUE  FROM      YEAR
                                                  NORMAL
..................................................................
TEMPERATURE (F)
 YESTERDAY
  MAXIMUM         57    333 PM  79    1907  51      6       51
  MINIMUM         40    318 AM   9    1994  31      9       35
                                      1964
  AVERAGE         49                        41      8       43

PRECIPITATION (IN)
  YESTERDAY        0.02          1.92 1995   0.11  -0.09     0.37
  MONTH TO DATE    2.81                      1.69   1.12     0.64
  SINCE DEC 1      5.00                      4.76   0.24     6.71
  SINCE JAN 1      2.81                      1.69   1.12     0.64

SNOWFALL (IN)
  YESTERDAY        0.0           3.0  1893   0.2   -0.2      0.0
  MONTH TO DATE    0.5                       1.3   -0.8       T
  SINCE DEC 1      0.5                       1.9   -1.4       T
  SINCE JUL 1      0.5                       2.0   -1.5       T
  SNOW DEPTH       0

DEGREE DAYS
 HEATING
  YESTERDAY       16                        24     -8       22
  MONTH TO DATE  323                       366    -43      362
  SINCE DEC 1    950                      1036    -86      657
  SINCE JUL 1   1405                      1617   -212     1108

 COOLING
  YESTERDAY        0                         0      0        0
  MONTH TO DATE    0                         0      0        0
  SINCE DEC 1      0                         2     -2       27
  SINCE JAN 1      0                         0      0        0
..................................................................


WIND (MPH)
  HIGHEST WIND SPEED    16   HIGHEST WIND DIRECTION     E (70)
  HIGHEST GUST SPEED    21   HIGHEST GUST DIRECTION    NE (50)
  AVERAGE WIND SPEED     5.9


SKY COVER
  POSSIBLE SUNSHINE  MM
  AVERAGE SKY COVER 0.8


WEATHER CONDITIONS
 THE FOLLOWING WEATHER WAS RECORDED YESTERDAY.
  FOG


RELATIVE HUMIDITY (PERCENT)
 HIGHEST    89           700 AM
 LOWEST     55           200 PM
 AVERAGE    72

..........................................................


THE RALEIGH-DURHAM INTL AIRPORT NC CLIMATE NORMALS FOR TODAY
                         NORMAL    RECORD    YEAR
 MAXIMUM TEMPERATURE (F)   51        73      1974
                                             1953
                                             1943
 MINIMUM TEMPERATURE (F)   31         3      1994


SUNRISE AND SUNSET
JANUARY 16 2017.......SUNRISE   724 AM EST   SUNSET   526 PM EST
JANUARY 17 2017.......SUNRISE   724 AM EST   SUNSET   527 PM EST


-  INDICATES NEGATIVE NUMBERS.
R  INDICATES RECORD WAS SET OR TIED.
MM INDICATES DATA IS MISSING.
T  INDICATES TRACE AMOUNT.

&&

CLIMATE REPORT
NWS FORECAST OFFICE
NCSU CENTENNIAL CAMPUS
RALEIGH NC

MAXIMUM TEMPERATURE... 56

MINIMUM TEMPERATURE... 41

PRECIPITATION... 0.02

$$
