000
CDUS42 KRAH 052154
CLIRDU


CLIMATE REPORT
NATIONAL WEATHER SERVICE RALEIGH NC
450 PM EST THU MAR 5 2015


...................................

...THE RALEIGH-DURHAM INTL AIRPORT NC CLIMATE SUMMARY FOR MARCH 5 2015...
VALID TODAY AS OF 0450 PM LOCAL TIME.

CLIMATE NORMAL PERIOD 1981 TO 2010
CLIMATE RECORD PERIOD 1887 TO 2015


WEATHER ITEM   OBSERVED TIME   RECORD YEAR NORMAL DEPARTURE LAST
                VALUE   (LST)  VALUE       VALUE  FROM      YEAR
                                                  NORMAL
..................................................................
TEMPERATURE (F)
 TODAY
  MAXIMUM         66    241 AM  83    1967  60      6       44
  MINIMUM         37    445 PM  15    1960  37      0       30
  AVERAGE         52                        48      4       37

PRECIPITATION (IN)
  TODAY            0.96          1.04 1929   0.13   0.83     0.00
  MONTH TO DATE    1.72                      0.65   1.07     0.36
  SINCE MAR 1      1.72                      0.65   1.07     0.36
  SINCE JAN 1      7.98                      7.38   0.60     5.32

SNOWFALL (IN)
  TODAY            0.0           0.1  1915   0.1   -0.1      0.0
  MONTH TO DATE    0.0                       0.2   -0.2      0.2
  SINCE MAR 1      0.0                       0.2   -0.2      0.2
  SINCE JUL 1      7.9                       5.7    2.2      5.8
  SNOW DEPTH       0

DEGREE DAYS
 HEATING
  TODAY           13                        17     -4       28
  MONTH TO DATE   97                        86     11      125
  SINCE MAR 1     97                        86     11      125
  SINCE JUL 1   2994                      2658    336     2826

 COOLING
  TODAY            0                         0      0        0
  MONTH TO DATE    0                         0      0        0
  SINCE MAR 1      0                         0      0        0
  SINCE JAN 1      0                         1     -1        0
..................................................................


WIND (MPH)
  HIGHEST WIND SPEED    23   HIGHEST WIND DIRECTION    NE (40)
  HIGHEST GUST SPEED    29   HIGHEST GUST DIRECTION    NE (40)
  AVERAGE WIND SPEED    11.9


SKY COVER
  POSSIBLE SUNSHINE  MM
  AVERAGE SKY COVER 0.9


WEATHER CONDITIONS
 THE FOLLOWING WEATHER WAS RECORDED TODAY.
  HEAVY RAIN
  RAIN
  LIGHT RAIN
  FOG


RELATIVE HUMIDITY (PERCENT)
 HIGHEST    89          1200 PM
 LOWEST     68          1200 AM
 AVERAGE    79

..........................................................


THE RALEIGH-DURHAM INTL AIRPORT NC CLIMATE NORMALS FOR TOMORROW
                         NORMAL    RECORD    YEAR
 MAXIMUM TEMPERATURE (F)   60        82      1967
                                             1918
 MINIMUM TEMPERATURE (F)   37        11      1960


SUNRISE AND SUNSET
MARCH  5 2015.........SUNRISE   640 AM EST   SUNSET   614 PM EST
MARCH  6 2015.........SUNRISE   639 AM EST   SUNSET   615 PM EST


-  INDICATES NEGATIVE NUMBERS.
R  INDICATES RECORD WAS SET OR TIED.
MM INDICATES DATA IS MISSING.
T  INDICATES TRACE AMOUNT.


&&

CLIMATE REPORT NWS FORECAST OFFICE
NCSU CENTENNIAL CAMPUS
RALEIGH, NC

MAXIMUM TEMPERATURE... 66

MINIMUM TEMPERATURE... 35

PRECIPITATION... 0.95

$$
