000
CDUS42 KRAH 201456
CLIRDU


CLIMATE REPORT
NATIONAL WEATHER SERVICE RALEIGH NC
1054 AM EDT SUN APR 20 2014

...................................

...THE RALEIGH-DURHAM INTL AIRPORT NC CLIMATE SUMMARY FOR APRIL 20 2014...
VALID AS OF 1045 AM LOCAL TIME.

CLIMATE NORMAL PERIOD 1981 TO 2010
CLIMATE RECORD PERIOD 1887 TO 2014


WEATHER ITEM   OBSERVED TIME   RECORD YEAR NORMAL DEPARTURE LAST
                VALUE   (LST)  VALUE       VALUE  FROM      YEAR
                                                  NORMAL
..................................................................
TEMPERATURE (F)
 TODAY
  MAXIMUM                       93    1896  74              64
  MINIMUM         49    628 AM  28    1983  49      0       44
  AVERAGE                                   61              54

PRECIPITATION (IN)
  TODAY            0.00          2.08 1918   0.10  -0.10     0.01
  MONTH TO DATE    3.59                      2.01   1.58     2.41
  SINCE MAR 1      8.65                      6.12   2.53     5.36
  SINCE JAN 1     13.61                     12.85   0.76    12.54

SNOWFALL (IN)
  TODAY            0.0           0.0  2002   0.0    0.0      0.0
                                      2001
  MONTH TO DATE    0.0                       0.1   -0.1       T
  SINCE MAR 1      0.2                       0.6   -0.4       T
  SINCE JUL 1      5.8                       6.1   -0.3      1.7
  SNOW DEPTH       0

DEGREE DAYS
 HEATING
  TODAY           12                         5      7       11
  MONTH TO DATE  142                       147     -5      112
  SINCE MAR 1    725                       571    154      727
  SINCE JUL 1   3426                      3143    283     3173

 COOLING
  TODAY            0                         2     -2        0
  MONTH TO DATE   22                        27     -5       48
  SINCE MAR 1     22                        38    -16       48
  SINCE JAN 1     22                        39    -17       50
..................................................................


WIND (MPH)
  RESULTANT WIND SPEED  10   RESULTANT WIND DIRECTION  NE (30)
  HIGHEST WIND SPEED    22   HIGHEST WIND DIRECTION    NE (50)
  HIGHEST GUST SPEED    30   HIGHEST GUST DIRECTION    NE (50)
  AVERAGE WIND SPEED     9.8


SKY COVER
  POSSIBLE SUNSHINE  MM
  AVERAGE SKY COVER 0.9


WEATHER CONDITIONS
 THE FOLLOWING WEATHER WAS RECORDED TODAY.
  NO SIGNIFICANT WEATHER WAS OBSERVED.


RELATIVE HUMIDITY (PERCENT)
 HIGHEST    63          1200 AM
 LOWEST     45           800 AM
 AVERAGE    54

..........................................................


THE RALEIGH-DURHAM INTL AIRPORT NC CLIMATE NORMALS FOR TOMORROW
                         NORMAL    RECORD    YEAR
 MAXIMUM TEMPERATURE (F)   74        90      1985
                                             1896
 MINIMUM TEMPERATURE (F)   49        28      1983
                                             1956


SUNRISE AND SUNSET
APRIL 20 2014.........SUNRISE   636 AM EDT   SUNSET   753 PM EDT
APRIL 21 2014.........SUNRISE   635 AM EDT   SUNSET   754 PM EDT


-  INDICATES NEGATIVE NUMBERS.
R  INDICATES RECORD WAS SET OR TIED.
MM INDICATES DATA IS MISSING.
T  INDICATES TRACE AMOUNT.

&&

CLIMATE REPORT
NWS FORECAST OFFICE
NCSU CENTENNIAL CAMPUS
RALEIGH,NC

MINIMUM TEMPERATURE... 51

PRECIPITATION... TRACE

$$

DJF
