756
CDUS42 KRAH 192154
CLIRDU


CLIMATE REPORT
NATIONAL WEATHER SERVICE RALEIGH NC
452 PM EST SUN NOV 19 2017


...................................

...THE RALEIGH-DURHAM INTL AIRPORT NC CLIMATE SUMMARY FOR NOVEMBER 19 2017...
VALID TODAY AS OF 0450 PM LOCAL TIME.

CLIMATE NORMAL PERIOD 1981 TO 2010
CLIMATE RECORD PERIOD 1887 TO 2017


WEATHER ITEM   OBSERVED TIME   RECORD YEAR NORMAL DEPARTURE LAST
                VALUE   (LST)  VALUE       VALUE  FROM      YEAR
                                                  NORMAL
..................................................................
TEMPERATURE (F)
 TODAY
  MAXIMUM         64    237 AM  79    1931  63      1       77
  MINIMUM         51    759 AM  19    2014  40     11       42
  AVERAGE         58                        51      7       60

PRECIPITATION (IN)
  TODAY            0.08          1.86 2015   0.10  -0.02     0.00
  MONTH TO DATE    1.25                      1.98  -0.73     0.41
  SINCE SEP 1      7.82                      9.59  -1.77    12.12
  SINCE JAN 1     43.22                     39.13   4.09    48.87

DEGREE DAYS
 HEATING
  TODAY            7                        14     -7        5
  MONTH TO DATE  241                       218     23      212
  SINCE SEP 1    376                       406    -30      296
  SINCE JUL 1    376                       407    -31      296

 COOLING
  TODAY            0                         0      0        0
  MONTH TO DATE    4                         1      3        5
  SINCE SEP 1    336                       280     56      427
  SINCE JAN 1   1968                      1721    247     2095
..................................................................


WIND (MPH)
  HIGHEST WIND SPEED    26   HIGHEST WIND DIRECTION    SW (220)
  HIGHEST GUST SPEED    37   HIGHEST GUST DIRECTION    SW (230)
  AVERAGE WIND SPEED    11.7


SKY COVER
  POSSIBLE SUNSHINE  MM
  AVERAGE SKY COVER 0.6


WEATHER CONDITIONS
 THE FOLLOWING WEATHER WAS RECORDED TODAY.
  RAIN
  LIGHT RAIN
  FOG


RELATIVE HUMIDITY (PERCENT)
 HIGHEST    93           500 AM
 LOWEST     31           200 PM
 AVERAGE    62

..........................................................


THE RALEIGH-DURHAM INTL AIRPORT NC CLIMATE NORMALS FOR TOMORROW
                         NORMAL    RECORD    YEAR
 MAXIMUM TEMPERATURE (F)   62        78      1991
                                             1988
                                             1942
 MINIMUM TEMPERATURE (F)   40        19      1951


SUNRISE AND SUNSET
NOVEMBER 19 2017......SUNRISE   656 AM EST   SUNSET   505 PM EST
NOVEMBER 20 2017......SUNRISE   657 AM EST   SUNSET   505 PM EST


-  INDICATES NEGATIVE NUMBERS.
R  INDICATES RECORD WAS SET OR TIED.
MM INDICATES DATA IS MISSING.
T  INDICATES TRACE AMOUNT.

&&

CLIMATE REPORT
NWS FORECAST OFFICE
NCSU CENTENNIAL CAMPUS
RALEIGH NC

MAXIMUM TEMPERATURE...64

MINIMUM TEMPERATURE...52

PRECIPITATION... 0.11

$$
