000
CDUS42 KRAH 210043
CLIRDU


CLIMATE REPORT
NATIONAL WEATHER SERVICE RALEIGH NC
842 PM EDT THU JUL 20 2017


...................................

...THE RALEIGH-DURHAM INTL AIRPORT NC CLIMATE SUMMARY FOR JULY 20 2017...
VALID AS OF 0842 PM LOCAL TIME.

CLIMATE NORMAL PERIOD 1981 TO 2010
CLIMATE RECORD PERIOD 1887 TO 2017


WEATHER ITEM   OBSERVED TIME   RECORD YEAR NORMAL DEPARTURE LAST
                VALUE   (LST)  VALUE       VALUE  FROM      YEAR
                                                  NORMAL
..................................................................
TEMPERATURE (F)
 TODAY
  MAXIMUM         99    253 PM 102    1942  90      9       89
                                      1932
  MINIMUM         71    446 AM  60    1910  70      1       70
                                      1909
  AVERAGE         85                        80      5       80

PRECIPITATION (IN)
  TODAY            0.00          2.42 1939   0.16  -0.16     0.00
  MONTH TO DATE    1.58                      2.98  -1.40     7.82
  SINCE JUN 1      7.74                      6.50   1.24    13.84
  SINCE JAN 1     29.60                     23.53   6.07    33.45

..................................................................


WIND (MPH)
  HIGHEST WIND SPEED    10   HIGHEST WIND DIRECTION    SW (210)
  HIGHEST GUST SPEED    12   HIGHEST GUST DIRECTION    SW (220)
  AVERAGE WIND SPEED     3.9


SKY COVER
  POSSIBLE SUNSHINE  MM
  AVERAGE SKY COVER 0.4


WEATHER CONDITIONS
 THE FOLLOWING WEATHER WAS RECORDED TODAY.
  NO SIGNIFICANT WEATHER WAS OBSERVED.


RELATIVE HUMIDITY (PERCENT)
 HIGHEST   100           500 AM
 LOWEST     33           300 PM
 AVERAGE    67

..........................................................


THE RALEIGH-DURHAM INTL AIRPORT NC CLIMATE NORMALS FOR TOMORROW
                         NORMAL    RECORD    YEAR
 MAXIMUM TEMPERATURE (F)   90       102      2011
                                             1952
                                             1926
 MINIMUM TEMPERATURE (F)   70        59      2001


SUNRISE AND SUNSET
JULY 20 2017..........SUNRISE   614 AM EDT   SUNSET   829 PM EDT
JULY 21 2017..........SUNRISE   615 AM EDT   SUNSET   828 PM EDT


-  INDICATES NEGATIVE NUMBERS.
R  INDICATES RECORD WAS SET OR TIED.
MM INDICATES DATA IS MISSING.
T  INDICATES TRACE AMOUNT.

&&

CLIMATE REPORT
NWS FORECAST OFFICE
NCSU CENTENNIAL CAMPUS
RALEIGH NC

MAXIMUM TEMPERATURE... 96

MINIMUM TEMPERATURE... 72

PRECIPITATION... 0.00

$$
