000
CDUS46 KBOI 280934
CLIREO


CLIMATE REPORT
NATIONAL WEATHER SERVICE BOISE ID
234 AM MST WED JAN 28 2015


...................................

...THE ROME OR CLIMATE SUMMARY FOR JANUARY 27 2015...

CLIMATE NORMAL PERIOD 1981 TO 2010
CLIMATE RECORD PERIOD 9999 TO 9999


WEATHER ITEM   OBSERVED TIME   NORMAL DEPARTURE LAST
                VALUE   (LST)  VALUE  FROM      YEAR
                                      NORMAL
......................................................
TEMPERATURE (F)
 YESTERDAY
  MAXIMUM         40    635 PM  40      0       49
  MINIMUM         29    822 AM  21      8       18
  AVERAGE         35            30      5       34

PRECIPITATION (IN)
  YESTERDAY        0.02          0.02   0.00     0.00
  MONTH TO DATE    0.17          0.57  -0.40     0.06
  SINCE OCT 1      2.17          2.76  -0.59     0.25
  SINCE JAN 1      0.17          0.57  -0.40     0.06

DEGREE DAYS
 HEATING
  YESTERDAY       30            35     -5       31
  MONTH TO DATE  878           965    -87      866
  SINCE DEC 1   1796          2099   -303     2057
  SINCE JUL 1   3034          3712   -678     3575

 COOLING
  YESTERDAY        0             0      0        0
  MONTH TO DATE    0             0      0        0
  SINCE DEC 1      0             0      0        0
  SINCE JAN 1      0             0      0        0
......................................................


WIND (MPH)
  RESULTANT WIND SPEED   1   RESULTANT WIND DIRECTION   E (110)
  HIGHEST WIND SPEED     9   HIGHEST WIND DIRECTION     S (180)
  HIGHEST GUST SPEED    11   HIGHEST GUST DIRECTION     S (180)
  AVERAGE WIND SPEED     2.3


SKY COVER
  AVERAGE SKY COVER 0.0


WEATHER CONDITIONS
 THE FOLLOWING WEATHER WAS RECORDED YESTERDAY.
  NO SIGNIFICANT WEATHER WAS OBSERVED.


RELATIVE HUMIDITY (PERCENT)
 HIGHEST    96          1000 PM
 LOWEST     79           200 PM
 AVERAGE    88

..........................................................


THE ROME OR CLIMATE NORMALS FOR TODAY
                         NORMAL    RECORD    YEAR
 MAXIMUM TEMPERATURE (F)   40        MM        MM
 MINIMUM TEMPERATURE (F)   21        MM        MM


SUNRISE AND SUNSET
JANUARY 28 2015.......SUNRISE   710 AM PST   SUNSET   500 PM PST
JANUARY 29 2015.......SUNRISE   709 AM PST   SUNSET   501 PM PST


-  INDICATES NEGATIVE NUMBERS.
R  INDICATES RECORD WAS SET OR TIED.
MM INDICATES DATA IS MISSING.
T  INDICATES TRACE AMOUNT.




$$
