000
CDUS46 KBOI 300931
CLIREO


CLIMATE REPORT
NATIONAL WEATHER SERVICE BOISE ID
331 AM MDT MON MAR 30 2015


...................................

...THE ROME OR CLIMATE SUMMARY FOR MARCH 29 2015...

CLIMATE NORMAL PERIOD 1981 TO 2010
CLIMATE RECORD PERIOD 9999 TO 9999


WEATHER ITEM   OBSERVED TIME   NORMAL DEPARTURE LAST
                VALUE   (LST)  VALUE  FROM      YEAR
                                      NORMAL
......................................................
TEMPERATURE (F)
 YESTERDAY
  MAXIMUM         71    318 PM  56     15       52
  MINIMUM         23    553 AM  28     -5       37
  AVERAGE         47            42      5       45

PRECIPITATION (IN)
  YESTERDAY        0.00          0.04  -0.04     0.07
  MONTH TO DATE    0.10          0.90  -0.80     0.31
  SINCE OCT 1      2.72          4.50  -1.78     1.25
  SINCE JAN 1      0.72          2.31  -1.59     1.06

DEGREE DAYS
 HEATING
  YESTERDAY       18            23     -5       20
  MONTH TO DATE  556           736   -180      627
  SINCE MAR 1    556           736   -180      627
  SINCE JUL 1   4363          5470  -1107     5049

 COOLING
  YESTERDAY        0             0      0        0
  MONTH TO DATE    0             0      0        0
  SINCE MAR 1      0             0      0        0
  SINCE JAN 1      0             0      0        0
......................................................


WIND (MPH)
  RESULTANT WIND SPEED   2   RESULTANT WIND DIRECTION   E (100)
  HIGHEST WIND SPEED    13   HIGHEST WIND DIRECTION    NW (300)
  HIGHEST GUST SPEED    19   HIGHEST GUST DIRECTION    NW (300)
  AVERAGE WIND SPEED     4.5


SKY COVER
  AVERAGE SKY COVER 0.0


WEATHER CONDITIONS
 THE FOLLOWING WEATHER WAS RECORDED YESTERDAY.
  NO SIGNIFICANT WEATHER WAS OBSERVED.


RELATIVE HUMIDITY (PERCENT)
 HIGHEST    55           500 AM
 LOWEST     10           200 PM
 AVERAGE    33

..........................................................


THE ROME OR CLIMATE NORMALS FOR TODAY
                         NORMAL    RECORD    YEAR
 MAXIMUM TEMPERATURE (F)   57        MM        MM
 MINIMUM TEMPERATURE (F)   28        MM        MM


SUNRISE AND SUNSET
MARCH 30 2015.........SUNRISE   638 AM PDT   SUNSET   715 PM PDT
MARCH 31 2015.........SUNRISE   636 AM PDT   SUNSET   716 PM PDT


-  INDICATES NEGATIVE NUMBERS.
R  INDICATES RECORD WAS SET OR TIED.
MM INDICATES DATA IS MISSING.
T  INDICATES TRACE AMOUNT.




$$
