000
CDUS46 KBOI 230935
CLIREO


CLIMATE REPORT
NATIONAL WEATHER SERVICE BOISE ID
335 AM MDT WED JUL 23 2014


...................................

...THE ROME OR CLIMATE SUMMARY FOR JULY 22 2014...

CLIMATE NORMAL PERIOD 1981 TO 2010
CLIMATE RECORD PERIOD 9999 TO 9999


WEATHER ITEM   OBSERVED TIME   NORMAL DEPARTURE LAST
                VALUE   (LST)  VALUE  FROM      YEAR
                                      NORMAL
......................................................
TEMPERATURE (F)
 YESTERDAY
  MAXIMUM         89    439 PM  93     -4      102
  MINIMUM         50    435 AM  53     -3       54
  AVERAGE         70            73     -3       78

PRECIPITATION (IN)
  YESTERDAY        0.00          0.02  -0.02     0.00
  MONTH TO DATE    0.03          0.26  -0.23     0.41
  SINCE OCT 1      2.38          8.07  -5.69     4.49
  SINCE JAN 1      2.19          5.88  -3.69     3.03

DEGREE DAYS
 HEATING
  YESTERDAY        0             0      0        0
  MONTH TO DATE    0            11    -11        0
  SINCE JUN 1     59           136    -77       94
  SINCE JUL 1      0            11    -11        0

 COOLING
  YESTERDAY        5             8     -3       13
  MONTH TO DATE  274           147    127      282
  SINCE JUN 1    323           209    114      418
  SINCE JAN 1    334           219    115      440
......................................................


WIND (MPH)
  RESULTANT WIND SPEED   3   RESULTANT WIND DIRECTION   S (160)
  HIGHEST WIND SPEED    25   HIGHEST WIND DIRECTION     S (190)
  HIGHEST GUST SPEED    33   HIGHEST GUST DIRECTION     S (200)
  AVERAGE WIND SPEED     5.9


SKY COVER
  AVERAGE SKY COVER 0.0


WEATHER CONDITIONS
 THE FOLLOWING WEATHER WAS RECORDED YESTERDAY.
  NO SIGNIFICANT WEATHER WAS OBSERVED.


RELATIVE HUMIDITY (PERCENT)
 HIGHEST    96           400 AM
 LOWEST     18           700 PM
 AVERAGE    57

..........................................................


THE ROME OR CLIMATE NORMALS FOR TODAY
                         NORMAL    RECORD    YEAR
 MAXIMUM TEMPERATURE (F)   93        MM        MM
 MINIMUM TEMPERATURE (F)   53        MM        MM


SUNRISE AND SUNSET
JULY 23 2014..........SUNRISE   535 AM PDT   SUNSET   821 PM PDT
JULY 24 2014..........SUNRISE   535 AM PDT   SUNSET   820 PM PDT


-  INDICATES NEGATIVE NUMBERS.
R  INDICATES RECORD WAS SET OR TIED.
MM INDICATES DATA IS MISSING.
T  INDICATES TRACE AMOUNT.




$$
