000
CDUS46 KBOI 260931
CLIREO


CLIMATE REPORT
NATIONAL WEATHER SERVICE BOISE ID
330 AM MDT TUE JUL 26 2016


...................................

...THE ROME OR CLIMATE SUMMARY FOR JULY 25 2016...

CLIMATE NORMAL PERIOD 1981 TO 2010
CLIMATE RECORD PERIOD 9999 TO 9999


WEATHER ITEM   OBSERVED TIME   NORMAL DEPARTURE LAST
                VALUE   (LST)  VALUE  FROM      YEAR
                                      NORMAL
......................................................
TEMPERATURE (F)
 YESTERDAY
  MAXIMUM        102    401 PM  93      9       92
  MINIMUM         54    456 AM  53      1       56
  AVERAGE         78            73      5       74

PRECIPITATION (IN)
  YESTERDAY        0.00          0.02  -0.02     0.00
  MONTH TO DATE    0.09          0.30  -0.21     0.47
  SINCE OCT 1      8.10          8.11  -0.01     7.67
  SINCE JAN 1      3.67          5.92  -2.25     5.67

DEGREE DAYS
 HEATING
  YESTERDAY        0             0      0        0
  MONTH TO DATE   14            11      3        0
  SINCE JUN 1     83           136    -53       10
  SINCE JUL 1     14            11      3        0

 COOLING
  YESTERDAY       13             8      5        9
  MONTH TO DATE  164           171     -7      221
  SINCE JUN 1    329           233     96      455
  SINCE JAN 1    335           243     92      470
......................................................


WIND (MPH)
  RESULTANT WIND SPEED   3   RESULTANT WIND DIRECTION  NE (40)
  HIGHEST WIND SPEED    15   HIGHEST WIND DIRECTION     W (270)
  HIGHEST GUST SPEED    20   HIGHEST GUST DIRECTION    SW (240)
  AVERAGE WIND SPEED     5.2


SKY COVER
  AVERAGE SKY COVER 0.0


WEATHER CONDITIONS
 THE FOLLOWING WEATHER WAS RECORDED YESTERDAY.
  NO SIGNIFICANT WEATHER WAS OBSERVED.


RELATIVE HUMIDITY (PERCENT)
 HIGHEST    38           500 AM
 LOWEST      5           300 PM
 AVERAGE    22

..........................................................


THE ROME OR CLIMATE NORMALS FOR TODAY
                         NORMAL    RECORD    YEAR
 MAXIMUM TEMPERATURE (F)   93        MM        MM
 MINIMUM TEMPERATURE (F)   53        MM        MM


SUNRISE AND SUNSET
JULY 26 2016..........SUNRISE   538 AM PDT   SUNSET   817 PM PDT
JULY 27 2016..........SUNRISE   539 AM PDT   SUNSET   816 PM PDT


-  INDICATES NEGATIVE NUMBERS.
R  INDICATES RECORD WAS SET OR TIED.
MM INDICATES DATA IS MISSING.
T  INDICATES TRACE AMOUNT.




$$
