000
CDUS46 KBOI 250932
CLIREO


CLIMATE REPORT
NATIONAL WEATHER SERVICE BOISE ID
331 AM MDT SAT OCT 25 2014


...................................

...THE ROME OR CLIMATE SUMMARY FOR OCTOBER 24 2014...

CLIMATE NORMAL PERIOD 1981 TO 2010
CLIMATE RECORD PERIOD 9999 TO 9999


WEATHER ITEM   OBSERVED TIME   NORMAL DEPARTURE LAST
                VALUE   (LST)  VALUE  FROM      YEAR
                                      NORMAL
......................................................
TEMPERATURE (F)
 YESTERDAY
  MAXIMUM         74    350 PM  61     13       70
  MINIMUM         42   1159 PM  29     13       30
  AVERAGE         58            45     13       50

PRECIPITATION (IN)
  YESTERDAY        0.00          0.02  -0.02     0.00
  MONTH TO DATE    0.17          0.55  -0.38     0.04
  SINCE OCT 1      0.17          0.55  -0.38     0.04
  SINCE JAN 1      3.57          7.28  -3.71     5.14

DEGREE DAYS
 HEATING
  YESTERDAY        7            20    -13       15
  MONTH TO DATE  211           384   -173      432
  SINCE SEP 1    319           567   -248      582
  SINCE JUL 1    329           608   -279      582

 COOLING
  YESTERDAY        0             0      0        0
  MONTH TO DATE    2             0      2        0
  SINCE SEP 1     64            40     24       78
  SINCE JAN 1    690           506    184      878
......................................................


WIND (MPH)
  RESULTANT WIND SPEED   3   RESULTANT WIND DIRECTION  NE (50)
  HIGHEST WIND SPEED    16   HIGHEST WIND DIRECTION    SW (210)
  HIGHEST GUST SPEED    20   HIGHEST GUST DIRECTION    SW (210)
  AVERAGE WIND SPEED     5.8


SKY COVER
  AVERAGE SKY COVER 0.0


WEATHER CONDITIONS
 THE FOLLOWING WEATHER WAS RECORDED YESTERDAY.
  NO SIGNIFICANT WEATHER WAS OBSERVED.


RELATIVE HUMIDITY (PERCENT)
 HIGHEST    86           300 AM
 LOWEST     16           400 PM
 AVERAGE    51

..........................................................


THE ROME OR CLIMATE NORMALS FOR TODAY
                         NORMAL    RECORD    YEAR
 MAXIMUM TEMPERATURE (F)   60        MM        MM
 MINIMUM TEMPERATURE (F)   29        MM        MM


SUNRISE AND SUNSET
OCTOBER 25 2014.......SUNRISE   717 AM PDT   SUNSET   554 PM PDT
OCTOBER 26 2014.......SUNRISE   718 AM PDT   SUNSET   552 PM PDT


-  INDICATES NEGATIVE NUMBERS.
R  INDICATES RECORD WAS SET OR TIED.
MM INDICATES DATA IS MISSING.
T  INDICATES TRACE AMOUNT.




$$
