000
CDUS46 KBOI 160934
CLIREO


CLIMATE REPORT
NATIONAL WEATHER SERVICE BOISE ID
334 AM MDT TUE SEP 16 2014


...................................

...THE ROME OR CLIMATE SUMMARY FOR SEPTEMBER 15 2014...

CLIMATE NORMAL PERIOD 1981 TO 2010
CLIMATE RECORD PERIOD 9999 TO 9999


WEATHER ITEM   OBSERVED TIME   NORMAL DEPARTURE LAST
                VALUE   (LST)  VALUE  FROM      YEAR
                                      NORMAL
......................................................
TEMPERATURE (F)
 YESTERDAY
  MAXIMUM         92    225 PM  80     12       92
  MINIMUM         48    547 AM  41      7       55
  AVERAGE         70            61      9       74

PRECIPITATION (IN)
  YESTERDAY        0.00          0.01  -0.01     0.00
  MONTH TO DATE    0.00          0.15  -0.15     0.62
  SINCE OCT 1      2.49          8.67  -6.18     5.31
  SINCE JAN 1      2.30          6.48  -4.18     3.85

DEGREE DAYS
 HEATING
  YESTERDAY        0             5     -5        0
  MONTH TO DATE   48            58    -10        5
  SINCE SEP 1     48            58    -10        5
  SINCE JUL 1     58            99    -41        5

 COOLING
  YESTERDAY        5             1      4        9
  MONTH TO DATE   15            35    -20       73
  SINCE SEP 1     15            35    -20       73
  SINCE JAN 1    641           501    140      873
......................................................


WIND (MPH)
  RESULTANT WIND SPEED   4   RESULTANT WIND DIRECTION   S (160)
  HIGHEST WIND SPEED    52   HIGHEST WIND DIRECTION     S (170)
  HIGHEST GUST SPEED    71   HIGHEST GUST DIRECTION     S (170)
  AVERAGE WIND SPEED     6.6


SKY COVER
  AVERAGE SKY COVER 0.0


WEATHER CONDITIONS
 THE FOLLOWING WEATHER WAS RECORDED YESTERDAY.
  NO SIGNIFICANT WEATHER WAS OBSERVED.


RELATIVE HUMIDITY (PERCENT)
 HIGHEST    40          1100 PM
 LOWEST     14          1000 AM
 AVERAGE    27

..........................................................


THE ROME OR CLIMATE NORMALS FOR TODAY
                         NORMAL    RECORD    YEAR
 MAXIMUM TEMPERATURE (F)   80        MM        MM
 MINIMUM TEMPERATURE (F)   41        MM        MM


SUNRISE AND SUNSET
SEPTEMBER 16 2014.....SUNRISE   632 AM PDT   SUNSET   659 PM PDT
SEPTEMBER 17 2014.....SUNRISE   633 AM PDT   SUNSET   658 PM PDT


-  INDICATES NEGATIVE NUMBERS.
R  INDICATES RECORD WAS SET OR TIED.
MM INDICATES DATA IS MISSING.
T  INDICATES TRACE AMOUNT.




$$
