000
CDUS46 KBOI 280931
CLIREO


CLIMATE REPORT
NATIONAL WEATHER SERVICE BOISE ID
331 AM MDT WED SEP 28 2016


...................................

...THE ROME OR CLIMATE SUMMARY FOR SEPTEMBER 27 2016...

CLIMATE NORMAL PERIOD 1981 TO 2010
CLIMATE RECORD PERIOD 9999 TO 9999


WEATHER ITEM   OBSERVED TIME   NORMAL DEPARTURE LAST
                VALUE   (LST)  VALUE  FROM      YEAR
                                      NORMAL
......................................................
TEMPERATURE (F)
 YESTERDAY
  MAXIMUM         89    355 PM  74     15       82
  MINIMUM         43    529 AM  36      7       43
  AVERAGE         66            55     11       63

PRECIPITATION (IN)
  YESTERDAY        0.00          0.02  -0.02     0.00
  MONTH TO DATE    0.64          0.34   0.30     0.31
  SINCE OCT 1      8.74          8.86  -0.12     7.98
  SINCE JAN 1      4.31          6.67  -2.36     5.98

DEGREE DAYS
 HEATING
  YESTERDAY        0            10    -10        2
  MONTH TO DATE  155           151      4       96
  SINCE SEP 1    155           151      4       96
  SINCE JUL 1    176           192    -16      103

 COOLING
  YESTERDAY        1             0      1        0
  MONTH TO DATE   25            39    -14       78
  SINCE SEP 1     25            39    -14       78
  SINCE JAN 1    686           505    181      863
......................................................


WIND (MPH)
  RESULTANT WIND SPEED   2   RESULTANT WIND DIRECTION   E (80)
  HIGHEST WIND SPEED    16   HIGHEST WIND DIRECTION     E (90)
  HIGHEST GUST SPEED    21   HIGHEST GUST DIRECTION     E (80)
  AVERAGE WIND SPEED     5.8


SKY COVER
  AVERAGE SKY COVER 0.0


WEATHER CONDITIONS
 THE FOLLOWING WEATHER WAS RECORDED YESTERDAY.
  NO SIGNIFICANT WEATHER WAS OBSERVED.


RELATIVE HUMIDITY (PERCENT)
 HIGHEST    62           500 AM
 LOWEST     12           400 PM
 AVERAGE    37

..........................................................


THE ROME OR CLIMATE NORMALS FOR TODAY
                         NORMAL    RECORD    YEAR
 MAXIMUM TEMPERATURE (F)   74        MM        MM
 MINIMUM TEMPERATURE (F)   36        MM        MM


SUNRISE AND SUNSET
SEPTEMBER 28 2016.....SUNRISE   646 AM PDT   SUNSET   637 PM PDT
SEPTEMBER 29 2016.....SUNRISE   647 AM PDT   SUNSET   635 PM PDT


-  INDICATES NEGATIVE NUMBERS.
R  INDICATES RECORD WAS SET OR TIED.
MM INDICATES DATA IS MISSING.
T  INDICATES TRACE AMOUNT.




$$
