000
CDUS46 KBOI 280931
CLIREO


CLIMATE REPORT
NATIONAL WEATHER SERVICE BOISE ID
330 AM MDT FRI APR 28 2017


...................................

...THE ROME OR CLIMATE SUMMARY FOR APRIL 27 2017...

CLIMATE NORMAL PERIOD 1981 TO 2010
CLIMATE RECORD PERIOD 9999 TO 9999


WEATHER ITEM   OBSERVED TIME   NORMAL DEPARTURE LAST
                VALUE   (LST)  VALUE  FROM      YEAR
                                      NORMAL
......................................................
TEMPERATURE (F)
 YESTERDAY
  MAXIMUM         51    217 PM  64    -13       56
  MINIMUM         33   1019 PM  33      0       41
  AVERAGE         42            49     -7       49

PRECIPITATION (IN)
  YESTERDAY        0.06          0.04   0.02     0.00
  MONTH TO DATE    0.81          0.88  -0.07     0.69
  SINCE OCT 1      7.18          5.46   1.72     6.29
  SINCE JAN 1      4.80          3.27   1.53     1.86

DEGREE DAYS
 HEATING
  YESTERDAY       23            16      7       16
  MONTH TO DATE  487           532    -45      337
  SINCE MAR 1   1034          1313   -279      958
  SINCE JUL 1   5614          6047   -433     5054

 COOLING
  YESTERDAY        0             0      0        0
  MONTH TO DATE    0             0      0        0
  SINCE MAR 1      0             0      0        0
  SINCE JAN 1      0             0      0        0
......................................................


WIND (MPH)
  RESULTANT WIND SPEED   8   RESULTANT WIND DIRECTION  NW (300)
  HIGHEST WIND SPEED    30   HIGHEST WIND DIRECTION     W (270)
  HIGHEST GUST SPEED    36   HIGHEST GUST DIRECTION     W (270)
  AVERAGE WIND SPEED    10.6


SKY COVER
  AVERAGE SKY COVER 0.0


WEATHER CONDITIONS
 THE FOLLOWING WEATHER WAS RECORDED YESTERDAY.
  NO SIGNIFICANT WEATHER WAS OBSERVED.


RELATIVE HUMIDITY (PERCENT)
 HIGHEST    96           900 PM
 LOWEST     29           100 PM
 AVERAGE    63

..........................................................


THE ROME OR CLIMATE NORMALS FOR TODAY
                         NORMAL    RECORD    YEAR
 MAXIMUM TEMPERATURE (F)   65        MM        MM
 MINIMUM TEMPERATURE (F)   33        MM        MM


SUNRISE AND SUNSET
APRIL 28 2017.........SUNRISE   550 AM PDT   SUNSET   749 PM PDT
APRIL 29 2017.........SUNRISE   549 AM PDT   SUNSET   750 PM PDT


-  INDICATES NEGATIVE NUMBERS.
R  INDICATES RECORD WAS SET OR TIED.
MM INDICATES DATA IS MISSING.
T  INDICATES TRACE AMOUNT.




$$
