787
CDUS46 KBOI 180931
CLIREO


CLIMATE REPORT
NATIONAL WEATHER SERVICE BOISE ID
331 AM MDT WED OCT 18 2017


...................................

...THE ROME OR CLIMATE SUMMARY FOR OCTOBER 17 2017...

CLIMATE NORMAL PERIOD 1981 TO 2010
CLIMATE RECORD PERIOD 9999 TO 9999


WEATHER ITEM   OBSERVED TIME   NORMAL DEPARTURE LAST
                VALUE   (LST)  VALUE  FROM      YEAR
                                      NORMAL
......................................................
TEMPERATURE (F)
 YESTERDAY
  MAXIMUM         77        MM  64     13       61
  MINIMUM         29        MM  31     -2       38
  AVERAGE         53            47      6       50

PRECIPITATION (IN)
  YESTERDAY        0.00          0.02  -0.02     0.05
  MONTH TO DATE    0.12          0.37  -0.25     0.15
  SINCE OCT 1      0.12          0.37  -0.25     0.15
  SINCE JAN 1      7.24          7.10   0.14     4.46

DEGREE DAYS
 HEATING
  YESTERDAY       12            18     -6       15
  MONTH TO DATE  332           251     81      201
  SINCE SEP 1    525           434     91      356
  SINCE JUL 1    525           475     50      377

 COOLING
  YESTERDAY        0             0      0        0
  MONTH TO DATE    0             0      0        0
  SINCE SEP 1    132            40     92       36
  SINCE JAN 1   1037           506    531      697
......................................................


WIND (MPH)
  RESULTANT WIND SPEED   2   RESULTANT WIND DIRECTION   S (180)
  HIGHEST WIND SPEED    12   HIGHEST WIND DIRECTION     W (270)
  HIGHEST GUST SPEED    MM   HIGHEST GUST DIRECTION    MM
  AVERAGE WIND SPEED     5.2


SKY COVER
  AVERAGE SKY COVER 0.0


WEATHER CONDITIONS
 THE FOLLOWING WEATHER WAS RECORDED YESTERDAY.
  NO SIGNIFICANT WEATHER WAS OBSERVED.


RELATIVE HUMIDITY (PERCENT)
 HIGHEST    64           700 AM
 LOWEST     11           200 PM
 AVERAGE    38

..........................................................


THE ROME OR CLIMATE NORMALS FOR TODAY
                         NORMAL    RECORD    YEAR
 MAXIMUM TEMPERATURE (F)   64        MM        MM
 MINIMUM TEMPERATURE (F)   31        MM        MM


SUNRISE AND SUNSET
OCTOBER 18 2017.......SUNRISE   708 AM PDT   SUNSET   604 PM PDT
OCTOBER 19 2017.......SUNRISE   710 AM PDT   SUNSET   602 PM PDT


-  INDICATES NEGATIVE NUMBERS.
R  INDICATES RECORD WAS SET OR TIED.
MM INDICATES DATA IS MISSING.
T  INDICATES TRACE AMOUNT.




$$
