000
CDUS43 KLOT 080639
CLIRFD


CLIMATE REPORT
NATIONAL WEATHER SERVICE CHICAGO IL
136 AM CDT WED JUL 8 2015


...................................

...THE ROCKFORD IL CLIMATE SUMMARY FOR JULY 7 2015...

CLIMATE NORMAL PERIOD 1981 TO 2010
CLIMATE RECORD PERIOD 1905 TO 2015


WEATHER ITEM   OBSERVED TIME   RECORD YEAR NORMAL DEPARTURE LAST
                VALUE   (LST)  VALUE       VALUE  FROM      YEAR
                                                  NORMAL
..................................................................
TEMPERATURE (F)
 YESTERDAY
  MAXIMUM         74    249 PM 105    2012  85    -11       85
                                      1936
  MINIMUM         56   1159 PM  47    1984  63     -7       71
  AVERAGE         65                        74     -9       78

PRECIPITATION (IN)
  YESTERDAY        T             2.70 1912   0.13  -0.13      T
  MONTH TO DATE    0.46                      0.87  -0.41     0.47
  SINCE JUN 1      5.10                      5.52  -0.42     8.53
  SINCE JAN 1     16.29                     17.99  -1.70    18.50

SNOWFALL (IN)
  YESTERDAY        0.0           0.0    MM   0.0    0.0      0.0
  MONTH TO DATE    0.0                       0.0    0.0      0.0
  SINCE JUN 1      0.0                       0.0    0.0      0.0
  SINCE JUL 1      0.0                       0.0    0.0      0.0
  SNOW DEPTH       0

DEGREE DAYS
 HEATING
  YESTERDAY        0                         0      0        0
  MONTH TO DATE    2                         0      2        3
  SINCE JUN 1     18                        31    -13       14
  SINCE JUL 1      2                         0      2        3

 COOLING
  YESTERDAY        0                         9     -9       13
  MONTH TO DATE   24                        63    -39       33
  SINCE JUN 1    176                       238    -62      228
  SINCE JAN 1    236                       293    -57      311
..................................................................


WIND (MPH)
  HIGHEST WIND SPEED    21   HIGHEST WIND DIRECTION     N (360)
  HIGHEST GUST SPEED    26   HIGHEST GUST DIRECTION     N (360)
  AVERAGE WIND SPEED    11.2


SKY COVER
  POSSIBLE SUNSHINE  MM
  AVERAGE SKY COVER 0.9


WEATHER CONDITIONS
 THE FOLLOWING WEATHER WAS RECORDED YESTERDAY.
  LIGHT RAIN
  FOG
  HAZE


RELATIVE HUMIDITY (PERCENT)
 HIGHEST    84          1200 AM
 LOWEST     49           200 PM
 AVERAGE    67

..........................................................


THE ROCKFORD IL CLIMATE NORMALS FOR TODAY
                         NORMAL    RECORD    YEAR
 MAXIMUM TEMPERATURE (F)   85       104      1936
 MINIMUM TEMPERATURE (F)   63        46      1927


SUNRISE AND SUNSET
JULY  8 2015..........SUNRISE   528 AM CDT   SUNSET   834 PM CDT
JULY  9 2015..........SUNRISE   529 AM CDT   SUNSET   834 PM CDT


-  INDICATES NEGATIVE NUMBERS.
R  INDICATES RECORD WAS SET OR TIED.
MM INDICATES DATA IS MISSING.
T  INDICATES TRACE AMOUNT.




$$
