000
CDUS43 KLOT 272235
CLIRFD


CLIMATE REPORT
NATIONAL WEATHER SERVICE CHICAGO IL
432 PM CST THU NOV 27 2014


...................................

...THE ROCKFORD IL CLIMATE SUMMARY FOR NOVEMBER 27 2014...
VALID TODAY AS OF 0400 PM LOCAL TIME.

CLIMATE NORMAL PERIOD 1981 TO 2010
CLIMATE RECORD PERIOD 1905 TO 2014


WEATHER ITEM   OBSERVED TIME   RECORD YEAR NORMAL DEPARTURE LAST
                VALUE   (LST)  VALUE       VALUE  FROM      YEAR
                                                  NORMAL
..................................................................
TEMPERATURE (F)
 TODAY
  MAXIMUM         25    858 AM  65    1990  41    -16       26
  MINIMUM         18   1215 AM  -1    1930  25     -7        9
  AVERAGE         22                        33    -11       18

PRECIPITATION (IN)
  TODAY            T             1.59 1990   0.08  -0.08     0.00
  MONTH TO DATE    1.63                      2.33  -0.70     2.09
  SINCE SEP 1      6.32                      8.35  -2.03     6.88
  SINCE JAN 1     32.57                     34.01  -1.44    38.88

SNOWFALL (IN)     (THROUGH NOON)
  TODAY            T             6.6  1995   0.2   -0.2      0.0
  MONTH TO DATE    3.5                       1.3    2.2      1.0
  SINCE SEP 1      3.6                       1.4    2.2      1.0
  SINCE JUL 1      3.6                       1.4    2.2      1.0

DEGREE DAYS
 HEATING
  TODAY           43                        32     11       47
  MONTH TO DATE  879                       683    196      771
  SINCE SEP 1   1431                      1222    209     1261
  SINCE JUL 1   1441                      1236    205     1272

 COOLING
  TODAY            0                         0      0        0
  MONTH TO DATE    0                         0      0        0
  SINCE SEP 1     73                        93    -20      141
  SINCE JAN 1    729                       820    -91      890
..................................................................


WIND (MPH)
  HIGHEST WIND SPEED    16   HIGHEST WIND DIRECTION    NW (330)
  HIGHEST GUST SPEED    19   HIGHEST GUST DIRECTION    NW (310)
  AVERAGE WIND SPEED     9.7


SKY COVER
  POSSIBLE SUNSHINE  MM
  AVERAGE SKY COVER 0.9


WEATHER CONDITIONS
 THE FOLLOWING WEATHER WAS RECORDED TODAY.
  LIGHT SNOW
  FOG
  HAZE


RELATIVE HUMIDITY (PERCENT)
 HIGHEST    84          1200 AM
 LOWEST     62          1200 PM
 AVERAGE    73

..........................................................


THE ROCKFORD IL CLIMATE NORMALS FOR TOMORROW
                         NORMAL    RECORD    YEAR
 MAXIMUM TEMPERATURE (F)   40        65      1998
 MINIMUM TEMPERATURE (F)   24        -6      1930


SUNRISE AND SUNSET
NOVEMBER 27 2014......SUNRISE   701 AM CST   SUNSET   427 PM CST
NOVEMBER 28 2014......SUNRISE   702 AM CST   SUNSET   426 PM CST


-  INDICATES NEGATIVE NUMBERS.
R  INDICATES RECORD WAS SET OR TIED.
MM INDICATES DATA IS MISSING.
T  INDICATES TRACE AMOUNT.




$$
