000
CDUS43 KLOT 282138
CLIRFD


CLIMATE REPORT
NATIONAL WEATHER SERVICE CHICAGO IL
436 PM CDT WED JUN 28 2017


...................................

...THE ROCKFORD IL CLIMATE SUMMARY FOR JUNE 28 2017...
VALID TODAY AS OF 0400 PM LOCAL TIME.

CLIMATE NORMAL PERIOD 1981 TO 2010
CLIMATE RECORD PERIOD 1905 TO 2017


WEATHER ITEM   OBSERVED TIME   RECORD YEAR NORMAL DEPARTURE LAST
                VALUE   (LST)  VALUE       VALUE  FROM      YEAR
                                                  NORMAL
..................................................................
TEMPERATURE (F)
 TODAY
  MAXIMUM         77    257 PM 103    1934  84     -7       75
  MINIMUM         57   1247 AM  43    1925  62     -5       57
  AVERAGE         67                        73     -6       66

PRECIPITATION (IN)
  TODAY            0.72          2.15 1929   0.14   0.58     0.00
  MONTH TO DATE    3.72                      4.39  -0.67     2.12
  SINCE JUN 1      3.72                      4.39  -0.67     2.12
  SINCE JAN 1     22.57                     16.86   5.71    13.68

SNOWFALL (IN)
  TODAY            0.0           0.0    MM   0.0    0.0      0.0
  MONTH TO DATE    0.0                       0.0    0.0      0.0
  SINCE JUN 1      0.0                       0.0    0.0      0.0
  SINCE JUL 1     22.1                      36.7  -14.6     24.0

DEGREE DAYS
 HEATING
  TODAY            0                         0      0        0
  MONTH TO DATE   11                        29    -18        6
  SINCE JUN 1     11                        29    -18        6
  SINCE JUL 1   5463                      6567  -1104     5541

 COOLING
  TODAY            2                         8     -6        1
  MONTH TO DATE  194                       158     36      212
  SINCE JUN 1    194                       158     36      212
  SINCE JAN 1    230                       213     17      297
..................................................................


WIND (MPH)
  HIGHEST WIND SPEED    25   HIGHEST WIND DIRECTION     S (190)
  HIGHEST GUST SPEED    30   HIGHEST GUST DIRECTION     S (180)
  AVERAGE WIND SPEED    13.0


SKY COVER
  POSSIBLE SUNSHINE  MM
  AVERAGE SKY COVER 0.9


WEATHER CONDITIONS
 THE FOLLOWING WEATHER WAS RECORDED TODAY.
  THUNDERSTORM
  HEAVY RAIN
  RAIN
  LIGHT RAIN
  FOG


RELATIVE HUMIDITY (PERCENT)
 HIGHEST    93          1000 AM
 LOWEST     60          1200 AM
 AVERAGE    77

..........................................................


THE ROCKFORD IL CLIMATE NORMALS FOR TOMORROW
                         NORMAL    RECORD    YEAR
 MAXIMUM TEMPERATURE (F)   84       103      1931
 MINIMUM TEMPERATURE (F)   62        42      1923


SUNRISE AND SUNSET
JUNE 28 2017..........SUNRISE   523 AM CDT   SUNSET   837 PM CDT
JUNE 29 2017..........SUNRISE   523 AM CDT   SUNSET   837 PM CDT


-  INDICATES NEGATIVE NUMBERS.
R  INDICATES RECORD WAS SET OR TIED.
MM INDICATES DATA IS MISSING.
T  INDICATES TRACE AMOUNT.




$$
