000
CDUS43 KGRB 280712
CLIRHI


CLIMATE REPORT
NATIONAL WEATHER SERVICE GREEN BAY
211 AM CDT MON JUL 28 2014


...................................

...THE RHINELANDER WI CLIMATE SUMMARY FOR JULY 27 2014...

CLIMATE NORMAL PERIOD 1981 TO 2010
CLIMATE RECORD PERIOD 1908 TO 2014


WEATHER ITEM   OBSERVED TIME   RECORD YEAR NORMAL DEPARTURE LAST
                VALUE   (LST)  VALUE       VALUE  FROM      YEAR
                                                  NORMAL
..................................................................
TEMPERATURE (F)
 YESTERDAY
  MAXIMUM         68   1127 AM  96    1931  79    -11       55
  MINIMUM         51   1159 PM  41    1981  54     -3       45
  AVERAGE         60                        67     -7       50

PRECIPITATION (IN)
  YESTERDAY        0.61          1.95 1913   0.11   0.50     0.03
  MONTH TO DATE    3.91                      3.55   0.36     2.39
  SINCE JUN 1     10.64                      7.44   3.20     7.69
  SINCE JAN 1     21.75                     17.12   4.63    21.02

SNOWFALL (IN)
  YESTERDAY        0.0           0.0    MM  MM     MM        0.0
  MONTH TO DATE    0.0                      MM     MM        0.0
  SINCE JUN 1      0.0                      MM     MM        0.0
  SINCE JUL 1      0.0                      MM     MM        0.0
  SNOW DEPTH       0

DEGREE DAYS
 HEATING
  YESTERDAY        5                         1      4       15
  MONTH TO DATE  106                        53     53       56
  SINCE JUN 1    199                       187     12      230
  SINCE JUL 1    106                        53     53       56

 COOLING
  YESTERDAY        0                         3     -3        0
  MONTH TO DATE   49                        92    -43      132
  SINCE JUN 1    111                       145    -34      172
  SINCE JAN 1    118                       157    -39      186
..................................................................


WIND (MPH)
  HIGHEST WIND SPEED    14   HIGHEST WIND DIRECTION     N (20)
  HIGHEST GUST SPEED    22   HIGHEST GUST DIRECTION     N (10)
  AVERAGE WIND SPEED     6.8


SKY COVER
  POSSIBLE SUNSHINE  MM
  AVERAGE SKY COVER 0.5


WEATHER CONDITIONS
 THE FOLLOWING WEATHER WAS RECORDED YESTERDAY.
  THUNDERSTORM
  HEAVY RAIN
  RAIN
  LIGHT RAIN
  FOG


RELATIVE HUMIDITY (PERCENT)
 HIGHEST   100           500 AM
 LOWEST     72           500 PM
 AVERAGE    86

..........................................................


THE RHINELANDER WI CLIMATE NORMALS FOR TODAY
                         NORMAL    RECORD    YEAR
 MAXIMUM TEMPERATURE (F)   79        95      1916
 MINIMUM TEMPERATURE (F)   54        43      1978


SUNRISE AND SUNSET
JULY 28 2014..........SUNRISE   537 AM CDT   SUNSET   831 PM CDT
JULY 29 2014..........SUNRISE   538 AM CDT   SUNSET   830 PM CDT


-  INDICATES NEGATIVE NUMBERS.
R  INDICATES RECORD WAS SET OR TIED.
MM INDICATES DATA IS MISSING.
T  INDICATES TRACE AMOUNT.




$$
