000
CDUS43 KGRB 220846
CLIRHI


CLIMATE REPORT
NATIONAL WEATHER SERVICE GREEN BAY
345 AM CDT TUE JUL 22 2014


...................................

...THE RHINELANDER WI CLIMATE SUMMARY FOR JULY 21 2014...

CLIMATE NORMAL PERIOD 1981 TO 2010
CLIMATE RECORD PERIOD 1908 TO 2014


WEATHER ITEM   OBSERVED TIME   RECORD YEAR NORMAL DEPARTURE LAST
                VALUE   (LST)  VALUE       VALUE  FROM      YEAR
                                                  NORMAL
..................................................................
TEMPERATURE (F)
 YESTERDAY
  MAXIMUM         84    256 PM  98    1983  79      5       67
  MINIMUM         67    634 AM  39    1992  55     12       53
  AVERAGE         76                        67      9       60

PRECIPITATION (IN)
  YESTERDAY        0.00          2.10 2002   0.14  -0.14     0.00
  MONTH TO DATE    3.14                      2.83   0.31     1.61
  SINCE JUN 1      9.87                      6.72   3.15     6.91
  SINCE JAN 1     20.98                     16.40   4.58    20.24

SNOWFALL (IN)
  YESTERDAY        0.0           0.0    MM  MM     MM        0.0
  MONTH TO DATE    0.0                      MM     MM        0.0
  SINCE JUN 1      0.0                      MM     MM        0.0
  SINCE JUL 1      0.0                      MM     MM        0.0
  SNOW DEPTH       0

DEGREE DAYS
 HEATING
  YESTERDAY        0                         2     -2        5
  MONTH TO DATE   89                        42     47       15
  SINCE JUN 1    182                       176      6      189
  SINCE JUL 1     89                        42     47       15

 COOLING
  YESTERDAY       11                         4      7        0
  MONTH TO DATE   38                        74    -36      128
  SINCE JUN 1    100                       127    -27      168
  SINCE JAN 1    107                       139    -32      182
..................................................................


WIND (MPH)
  HIGHEST WIND SPEED    14   HIGHEST WIND DIRECTION     S (190)
  HIGHEST GUST SPEED    20   HIGHEST GUST DIRECTION     S (190)
  AVERAGE WIND SPEED     8.4


SKY COVER
  POSSIBLE SUNSHINE  MM
  AVERAGE SKY COVER 0.6


WEATHER CONDITIONS
 THE FOLLOWING WEATHER WAS RECORDED YESTERDAY.
  NO SIGNIFICANT WEATHER WAS OBSERVED.


RELATIVE HUMIDITY (PERCENT)
 HIGHEST    87           100 AM
 LOWEST     61           300 PM
 AVERAGE    74

..........................................................


THE RHINELANDER WI CLIMATE NORMALS FOR TODAY
                         NORMAL    RECORD    YEAR
 MAXIMUM TEMPERATURE (F)   79        97      1936
 MINIMUM TEMPERATURE (F)   55        40      1947


SUNRISE AND SUNSET
JULY 22 2014..........SUNRISE   530 AM CDT   SUNSET   838 PM CDT
JULY 23 2014..........SUNRISE   531 AM CDT   SUNSET   837 PM CDT


-  INDICATES NEGATIVE NUMBERS.
R  INDICATES RECORD WAS SET OR TIED.
MM INDICATES DATA IS MISSING.
T  INDICATES TRACE AMOUNT.




$$
