000
CDUS43 KGRB 232133
CLIRHI


CLIMATE REPORT
NATIONAL WEATHER SERVICE GREEN BAY
433 PM CDT SAT JUL 23 2016


...................................

...THE RHINELANDER WI CLIMATE SUMMARY FOR JULY 23 2016...
VALID TODAY AS OF 0400 PM LOCAL TIME.

CLIMATE NORMAL PERIOD 1981 TO 2010
CLIMATE RECORD PERIOD 1908 TO 2016


WEATHER ITEM   OBSERVED TIME   RECORD YEAR NORMAL DEPARTURE LAST
                VALUE   (LST)  VALUE       VALUE  FROM      YEAR
                                                  NORMAL
..................................................................
TEMPERATURE (F)
 TODAY
  MAXIMUM         84   1155 AM  99    1934  79      5       85
  MINIMUM         59    416 AM  40    2000  55      4       57
  AVERAGE         72                        67      5       71

PRECIPITATION (IN)
  TODAY            0.00          2.41 1914   0.12  -0.12     0.00
  MONTH TO DATE    2.27                      3.08  -0.81     3.02
  SINCE JUN 1      9.29                      6.97   2.32     6.58
  SINCE JAN 1     20.37                     16.65   3.72    15.18

SNOWFALL (IN)
  TODAY            0.0           0.0    MM  MM     MM        0.0
  MONTH TO DATE    0.0                      MM     MM        0.0
  SINCE JUN 1      0.0                      MM     MM        0.0
  SINCE JUL 1      0.0                      MM     MM        0.0
  SNOW DEPTH       0

DEGREE DAYS
 HEATING
  TODAY            0                         2     -2        0
  MONTH TO DATE   28                        46    -18       49
  SINCE JUN 1    120                       180    -60      181
  SINCE JUL 1     28                        46    -18       49

 COOLING
  TODAY            7                         3      4        6
  MONTH TO DATE  102                        80     22       52
  SINCE JUN 1    155                       133     22       55
  SINCE JAN 1    170                       145     25       60
..................................................................


WIND (MPH)
  HIGHEST WIND SPEED    10   HIGHEST WIND DIRECTION     S (160)
  HIGHEST GUST SPEED    14   HIGHEST GUST DIRECTION     E (100)
  AVERAGE WIND SPEED     4.1


SKY COVER
  POSSIBLE SUNSHINE  MM
  AVERAGE SKY COVER 0.2


WEATHER CONDITIONS
 THE FOLLOWING WEATHER WAS RECORDED TODAY.
  FOG
  FOG W/VISIBILITY <= 1/4 MILE


RELATIVE HUMIDITY (PERCENT)
 HIGHEST    93           100 AM
 LOWEST     43          1000 AM
 AVERAGE    68

..........................................................


THE RHINELANDER WI CLIMATE NORMALS FOR TOMORROW
                         NORMAL    RECORD    YEAR
 MAXIMUM TEMPERATURE (F)   79        95      1934
 MINIMUM TEMPERATURE (F)   55        41      2013
                                             1953


SUNRISE AND SUNSET
JULY 23 2016..........SUNRISE   532 AM CDT   SUNSET   836 PM CDT
JULY 24 2016..........SUNRISE   533 AM CDT   SUNSET   835 PM CDT


-  INDICATES NEGATIVE NUMBERS.
R  INDICATES RECORD WAS SET OR TIED.
MM INDICATES DATA IS MISSING.
T  INDICATES TRACE AMOUNT.




$$
