000
CDUS43 KGRB 190653
CLIRHI


CLIMATE REPORT
NATIONAL WEATHER SERVICE GREEN BAY
1253 AM CST SUN NOV 19 2017


...................................

...THE RHINELANDER WI CLIMATE SUMMARY FOR NOVEMBER 18 2017...

CLIMATE NORMAL PERIOD 1981 TO 2010
CLIMATE RECORD PERIOD 1908 TO 2017


WEATHER ITEM   OBSERVED TIME   RECORD YEAR NORMAL DEPARTURE LAST
                VALUE   (LST)  VALUE       VALUE  FROM      YEAR
                                                  NORMAL
..................................................................
TEMPERATURE (F)
 YESTERDAY
  MAXIMUM         33    159 PM  68    1917  36     -3       58
  MINIMUM         25    834 PM   0    1986  22      3       31
                                      1914
  AVERAGE         29                        29      0       45

PRECIPITATION (IN)
  YESTERDAY        T             0.73 1991   0.06  -0.06     0.04
  MONTH TO DATE    1.16                      1.13   0.03     0.12
  SINCE SEP 1      7.42                      8.37  -0.95    11.38
  SINCE JAN 1     38.51                     29.25   9.26    38.97

SNOWFALL (IN)
  YESTERDAY        T             6.0  1957  MM     MM         T
  MONTH TO DATE   12.7                      MM     MM         T
  SINCE SEP 1     13.7                      MM     MM         T
  SINCE JUL 1     13.7                      MM     MM         T
  SNOW DEPTH       0

DEGREE DAYS
 HEATING
  YESTERDAY       36                        36      0       20
  MONTH TO DATE  666                       567     99      344
  SINCE SEP 1   1401                      1533   -132     1021
  SINCE JUL 1   1567                      1660    -93     1082

 COOLING
  YESTERDAY        0                         0      0        0
  MONTH TO DATE    0                         0      0        0
  SINCE SEP 1     53                        20     33       13
  SINCE JAN 1    215                       261    -46      321
..................................................................


WIND (MPH)
  HIGHEST WIND SPEED    17   HIGHEST WIND DIRECTION    NW (320)
  HIGHEST GUST SPEED    27   HIGHEST GUST DIRECTION    NW (310)
  AVERAGE WIND SPEED     8.0


SKY COVER
  POSSIBLE SUNSHINE  MM
  AVERAGE SKY COVER 1.0


WEATHER CONDITIONS
 THE FOLLOWING WEATHER WAS RECORDED YESTERDAY.
  LIGHT SNOW
  FOG


RELATIVE HUMIDITY (PERCENT)
 HIGHEST   100          1200 AM
 LOWEST     82           200 PM
 AVERAGE    91

..........................................................


THE RHINELANDER WI CLIMATE NORMALS FOR TODAY
                         NORMAL    RECORD    YEAR
 MAXIMUM TEMPERATURE (F)   36        70      1930
 MINIMUM TEMPERATURE (F)   21         0      1932


SUNRISE AND SUNSET
NOVEMBER 19 2017......SUNRISE   703 AM CST   SUNSET   423 PM CST
NOVEMBER 20 2017......SUNRISE   704 AM CST   SUNSET   422 PM CST


-  INDICATES NEGATIVE NUMBERS.
R  INDICATES RECORD WAS SET OR TIED.
MM INDICATES DATA IS MISSING.
T  INDICATES TRACE AMOUNT.




$$
