000
CDUS43 KGRB 232132
CLIRHI


CLIMATE REPORT
NATIONAL WEATHER SERVICE GREEN BAY
432 PM CDT SUN APR 23 2017


...................................

...THE RHINELANDER WI CLIMATE SUMMARY FOR APRIL 23 2017...
VALID TODAY AS OF 0400 PM LOCAL TIME.

CLIMATE NORMAL PERIOD 1981 TO 2010
CLIMATE RECORD PERIOD 1908 TO 2017


WEATHER ITEM   OBSERVED TIME   RECORD YEAR NORMAL DEPARTURE LAST
                VALUE   (LST)  VALUE       VALUE  FROM      YEAR
                                                  NORMAL
..................................................................
TEMPERATURE (F)
 TODAY
  MAXIMUM         50    259 PM  84    1925  58     -8       60
  MINIMUM         41    940 AM  16    1909  33      8       30
  AVERAGE         46                        45      1       45

PRECIPITATION (IN)
  TODAY            T             1.29 1975   0.09  -0.09     0.02
  MONTH TO DATE    4.98                      1.88   3.10     1.11
  SINCE MAR 1      6.19                      3.45   2.74     4.78
  SINCE JAN 1      9.55                      5.49   4.06     6.51

SNOWFALL (IN)
  TODAY           MM             3.0  1910  MM     MM        0.0
  MONTH TO DATE    5.4                      MM     MM       11.9
  SINCE MAR 1     11.2                      MM     MM       21.2
  SINCE JUL 1     62.7                      MM     MM       55.7
  SNOW DEPTH       0

DEGREE DAYS
 HEATING
  TODAY           19                        20     -1       20
  MONTH TO DATE  464                       574   -110      586
  SINCE MAR 1   1616                      1747   -131     1525
  SINCE JUL 1   7127                      8369  -1242     7208

 COOLING
  TODAY            0                         0      0        0
  MONTH TO DATE    0                         0      0        0
  SINCE MAR 1      0                         0      0        0
  SINCE JAN 1      0                         0      0        0
..................................................................


WIND (MPH)
  HIGHEST WIND SPEED    13   HIGHEST WIND DIRECTION     E (90)
  HIGHEST GUST SPEED    18   HIGHEST GUST DIRECTION     N (10)
  AVERAGE WIND SPEED     7.5


SKY COVER
  POSSIBLE SUNSHINE  MM
  AVERAGE SKY COVER 0.6


WEATHER CONDITIONS
 THE FOLLOWING WEATHER WAS RECORDED TODAY.
  LIGHT RAIN


RELATIVE HUMIDITY (PERCENT)
 HIGHEST    89           800 AM
 LOWEST     52          1200 AM
 AVERAGE    71

..........................................................


THE RHINELANDER WI CLIMATE NORMALS FOR TOMORROW
                         NORMAL    RECORD    YEAR
 MAXIMUM TEMPERATURE (F)   58        85      1915
 MINIMUM TEMPERATURE (F)   33        15      1909


SUNRISE AND SUNSET
APRIL 23 2017.........SUNRISE   558 AM CDT   SUNSET   755 PM CDT
APRIL 24 2017.........SUNRISE   556 AM CDT   SUNSET   756 PM CDT


-  INDICATES NEGATIVE NUMBERS.
R  INDICATES RECORD WAS SET OR TIED.
MM INDICATES DATA IS MISSING.
T  INDICATES TRACE AMOUNT.




$$
