000
CDUS43 KGRB 200625
CLIRHI


CLIMATE REPORT
NATIONAL WEATHER SERVICE GREEN BAY
125 AM CDT SUN APR 20 2014


...................................

...THE RHINELANDER WI CLIMATE SUMMARY FOR APRIL 19 2014...

CLIMATE NORMAL PERIOD 1981 TO 2010
CLIMATE RECORD PERIOD 1908 TO 2014


WEATHER ITEM   OBSERVED TIME   RECORD YEAR NORMAL DEPARTURE LAST
                VALUE   (LST)  VALUE       VALUE  FROM      YEAR
                                                  NORMAL
..................................................................
TEMPERATURE (F)
 YESTERDAY
  MAXIMUM         53    342 PM  79    1915  56     -3       33
  MINIMUM         28    554 AM  14    1947  31     -3       20
  AVERAGE         41                        43     -2       27

PRECIPITATION (IN)
  YESTERDAY        0.05          0.74 1963   0.08  -0.03     0.20
  MONTH TO DATE    3.05                      1.53   1.52     2.84
  SINCE MAR 1      3.81                      3.10   0.71     4.85
  SINCE JAN 1      6.42                      5.14   1.28     7.65

SNOWFALL (IN)
  YESTERDAY        0.0           4.0  1925  MM     MM        2.2
  MONTH TO DATE   25.7                      MM     MM       12.8
  SINCE MAR 1     35.3                      MM     MM       29.0
  SINCE JUL 1    107.8                      MM     MM       81.6
  SNOW DEPTH       8

DEGREE DAYS
 HEATING
  YESTERDAY       24                        22      2       38
  MONTH TO DATE  628                       492    136      639
  SINCE MAR 1   2067                      1665    402     1968
  SINCE JUL 1   9696                      8287   1409     8368

 COOLING
  YESTERDAY        0                         0      0        0
  MONTH TO DATE    0                         0      0        0
  SINCE MAR 1      0                         0      0        0
  SINCE JAN 1      0                         0      0        0
..................................................................


WIND (MPH)
  HIGHEST WIND SPEED    22   HIGHEST WIND DIRECTION    SE (130)
  HIGHEST GUST SPEED    30   HIGHEST GUST DIRECTION     S (160)
  AVERAGE WIND SPEED    10.4


SKY COVER
  POSSIBLE SUNSHINE  MM
  AVERAGE SKY COVER 0.3


WEATHER CONDITIONS
 THE FOLLOWING WEATHER WAS RECORDED YESTERDAY.
  LIGHT RAIN


RELATIVE HUMIDITY (PERCENT)
 HIGHEST    78           500 AM
 LOWEST     39           200 PM
 AVERAGE    59

..........................................................


THE RHINELANDER WI CLIMATE NORMALS FOR TODAY
                         NORMAL    RECORD    YEAR
 MAXIMUM TEMPERATURE (F)   56        85      1987
 MINIMUM TEMPERATURE (F)   32         5      1928


SUNRISE AND SUNSET
APRIL 20 2014.........SUNRISE   603 AM CDT   SUNSET   751 PM CDT
APRIL 21 2014.........SUNRISE   602 AM CDT   SUNSET   752 PM CDT


-  INDICATES NEGATIVE NUMBERS.
R  INDICATES RECORD WAS SET OR TIED.
MM INDICATES DATA IS MISSING.
T  INDICATES TRACE AMOUNT.




$$
