000
CDUS41 KAKQ 200645
CLIRIC


CLIMATE REPORT
NATIONAL WEATHER SERVICE WAKEFIELD, VA
145 AM EST FRI JAN 20 2017


...................................

...THE RICHMOND VA CLIMATE SUMMARY FOR JANUARY 19 2017...

CLIMATE NORMAL PERIOD 1981 TO 2010
CLIMATE RECORD PERIOD 1871 TO 2017


WEATHER ITEM   OBSERVED TIME   RECORD YEAR NORMAL DEPARTURE LAST
                VALUE   (LST)  VALUE       VALUE  FROM      YEAR
                                                  NORMAL
..................................................................
TEMPERATURE (F)
 YESTERDAY
  MAXIMUM         55    431 PM  72    1974  47      8       28
  MINIMUM         38    813 AM  -1    1994  28     10       15
  AVERAGE         47                        38      9       22

PRECIPITATION (IN)
  YESTERDAY        0.00          1.91 1936   0.10  -0.10     0.00
  MONTH TO DATE    2.41                      1.86   0.55     1.53
  SINCE DEC 1      5.21                      5.12   0.09     7.47
  SINCE JAN 1      2.41                      1.86   0.55     1.53

SNOWFALL (IN)
  YESTERDAY        0.0           5.1  1967   0.2   -0.2
  MONTH TO DATE    7.1                       2.2    4.9
  SINCE NOV 1      7.1                       4.5    2.6
  SINCE JUL 1      7.1                       4.5    2.6
  SNOW DEPTH       0

DEGREE DAYS
 HEATING
  YESTERDAY       18                        27     -9       43
  MONTH TO DATE  473                       513    -40      522
  SINCE DEC 1   1207                      1256    -49      925
  SINCE JUL 1   1797                      1932   -135     1517

 COOLING
  YESTERDAY        0                         0      0        0
  MONTH TO DATE    0                         0      0        0
  SINCE DEC 1      0                         1     -1        8
  SINCE JAN 1      0                         0      0        0
..................................................................


WIND (MPH)
  HIGHEST WIND SPEED     9   HIGHEST WIND DIRECTION    NE (40)
  HIGHEST GUST SPEED    12   HIGHEST GUST DIRECTION     N (360)
  AVERAGE WIND SPEED     3.1


SKY COVER
  POSSIBLE SUNSHINE  MM
  AVERAGE SKY COVER 0.6


WEATHER CONDITIONS
 THE FOLLOWING WEATHER WAS RECORDED YESTERDAY.
  NO SIGNIFICANT WEATHER WAS OBSERVED.


RELATIVE HUMIDITY (PERCENT)
 HIGHEST    92           800 AM
 LOWEST     54           200 PM
 AVERAGE    73

..........................................................


THE RICHMOND VA CLIMATE NORMALS FOR TODAY
                         NORMAL    RECORD    YEAR
 MAXIMUM TEMPERATURE (F)   47        74      1951
 MINIMUM TEMPERATURE (F)   28        -2      1985


SUNRISE AND SUNSET
JANUARY 20 2017.......SUNRISE   721 AM EST   SUNSET   521 PM EST
JANUARY 21 2017.......SUNRISE   720 AM EST   SUNSET   522 PM EST


-  INDICATES NEGATIVE NUMBERS.
R  INDICATES RECORD WAS SET OR TIED.
MM INDICATES DATA IS MISSING.
T  INDICATES TRACE AMOUNT.




$$
