000
CDUS41 KAKQ 290845
CLIRIC


CLIMATE REPORT
NATIONAL WEATHER SERVICE WAKEFIELD, VA
345 AM EST THU JAN 29 2015


...................................

...THE RICHMOND VA CLIMATE SUMMARY FOR JANUARY 28 2015...

CLIMATE NORMAL PERIOD 1981 TO 2010
CLIMATE RECORD PERIOD 1871 TO 2015


WEATHER ITEM   OBSERVED TIME   RECORD YEAR NORMAL DEPARTURE LAST
                VALUE   (LST)  VALUE       VALUE  FROM      YEAR
                                                  NORMAL
..................................................................
TEMPERATURE (F)
 YESTERDAY
  MAXIMUM         44    339 PM  77    1944  48     -4       27
  MINIMUM         25    735 AM  -7    1940  29     -4       14
  AVERAGE         35                        38     -3       21

PRECIPITATION (IN)
  YESTERDAY        0.00          2.07 1952   0.10  -0.10     0.15
  MONTH TO DATE    3.49                      2.74   0.75     3.19
  SINCE DEC 1      6.63                      6.00   0.63     9.30
  SINCE JAN 1      3.49                      2.74   0.75     3.19

SNOWFALL (IN)
  YESTERDAY        0.0          10.3  1922   0.1   -0.1
  MONTH TO DATE    0.3                       3.4   -3.1
  SINCE NOV 1      0.3                       5.7   -5.4
  SINCE JUL 1      0.3                       5.7   -5.4
  SNOW DEPTH       0

DEGREE DAYS
 HEATING
  YESTERDAY       30                        27      3       44
  MONTH TO DATE  755                       756     -1      838
  SINCE DEC 1   1401                      1499    -98     1489
  SINCE JUL 1   2071                      2175   -104     2129

 COOLING
  YESTERDAY        0                         0      0        0
  MONTH TO DATE    0                         0      0        0
  SINCE DEC 1      0                         1     -1        4
  SINCE JAN 1      0                         0      0        0
..................................................................


WIND (MPH)
  HIGHEST WIND SPEED    22   HIGHEST WIND DIRECTION     N (350)
  HIGHEST GUST SPEED    30   HIGHEST GUST DIRECTION     N (350)
  AVERAGE WIND SPEED    10.4


SKY COVER
  POSSIBLE SUNSHINE  MM
  AVERAGE SKY COVER 0.2


WEATHER CONDITIONS
 THE FOLLOWING WEATHER WAS RECORDED YESTERDAY.
  NO SIGNIFICANT WEATHER WAS OBSERVED.


RELATIVE HUMIDITY (PERCENT)
 HIGHEST    63           100 AM
 LOWEST     18           500 PM
 AVERAGE    41

..........................................................


THE RICHMOND VA CLIMATE NORMALS FOR TODAY
                         NORMAL    RECORD    YEAR
 MAXIMUM TEMPERATURE (F)   48        77      1975
 MINIMUM TEMPERATURE (F)   29       -12      1940


SUNRISE AND SUNSET
JANUARY 29 2015.......SUNRISE   715 AM EST   SUNSET   530 PM EST
JANUARY 30 2015.......SUNRISE   715 AM EST   SUNSET   531 PM EST


-  INDICATES NEGATIVE NUMBERS.
R  INDICATES RECORD WAS SET OR TIED.
MM INDICATES DATA IS MISSING.
T  INDICATES TRACE AMOUNT.




$$
