913
CDUS41 KAKQ 260545
CLIRIC


CLIMATE REPORT
NATIONAL WEATHER SERVICE WAKEFIELD, VA
145 AM EDT WED APR 26 2017


...................................

...THE RICHMOND VA CLIMATE SUMMARY FOR APRIL 25 2017...

CLIMATE NORMAL PERIOD 1981 TO 2010
CLIMATE RECORD PERIOD 1871 TO 2017


WEATHER ITEM   OBSERVED TIME   RECORD YEAR NORMAL DEPARTURE LAST
                VALUE   (LST)  VALUE       VALUE  FROM      YEAR
                                                  NORMAL
..................................................................
TEMPERATURE (F)
 YESTERDAY
  MAXIMUM         70    317 PM  96    1925  73     -3       82
  MINIMUM         55    106 AM  30    1936  49      6       48
                                      1930
  AVERAGE         63                        61      2       65

PRECIPITATION (IN)
  YESTERDAY        0.37          2.39 1937   0.11   0.26     0.00
  MONTH TO DATE    2.12                      2.73  -0.61     1.59
  SINCE MAR 1      5.80                      6.77  -0.97     2.61
  SINCE JAN 1     10.80                     12.57  -1.77    10.26

SNOWFALL (IN)
  YESTERDAY        0.0           0.0  2002   0.0    0.0
  MONTH TO DATE    0.0                       0.1   -0.1
  SINCE NOV 1      7.1                      10.3   -3.2
  SINCE JUL 1      7.1                      10.3   -3.2
  SNOW DEPTH       0

DEGREE DAYS
 HEATING
  YESTERDAY        2                         6     -4        0
  MONTH TO DATE  111                       215   -104      241
  SINCE MAR 1    604                       731   -127      599
  SINCE JUL 1   3086                      3667   -581     3187

 COOLING
  YESTERDAY        0                         2     -2        0
  MONTH TO DATE   48                        28     20       14
  SINCE MAR 1     56                        34     22       20
  SINCE JAN 1     56                        34     22       20
..................................................................


WIND (MPH)
  HIGHEST WIND SPEED    25   HIGHEST WIND DIRECTION    NE (30)
  HIGHEST GUST SPEED    31   HIGHEST GUST DIRECTION    NE (30)
  AVERAGE WIND SPEED    12.2


SKY COVER
  POSSIBLE SUNSHINE  MM
  AVERAGE SKY COVER 0.9


WEATHER CONDITIONS
 THE FOLLOWING WEATHER WAS RECORDED YESTERDAY.
  HEAVY RAIN
  LIGHT RAIN
  FOG


RELATIVE HUMIDITY (PERCENT)
 HIGHEST   100           100 AM
 LOWEST     87           300 PM
 AVERAGE    94

..........................................................


THE RICHMOND VA CLIMATE NORMALS FOR TODAY
                         NORMAL    RECORD    YEAR
 MAXIMUM TEMPERATURE (F)   73        96      1960
 MINIMUM TEMPERATURE (F)   49        32      1934
                                             1919


SUNRISE AND SUNSET
APRIL 26 2017.........SUNRISE   620 AM EDT   SUNSET   755 PM EDT
APRIL 27 2017.........SUNRISE   619 AM EDT   SUNSET   756 PM EDT


-  INDICATES NEGATIVE NUMBERS.
R  INDICATES RECORD WAS SET OR TIED.
MM INDICATES DATA IS MISSING.
T  INDICATES TRACE AMOUNT.




$$
