000
CDUS45 KGJT 290735
CLIRIL


CLIMATE REPORT
NATIONAL WEATHER SERVICE GRAND JUNCTION CO
132 AM MDT FRI AUG 29 2014


...................................

...THE RIFLE CO CLIMATE SUMMARY FOR AUGUST 28 2014...

CLIMATE NORMAL PERIOD 1981 TO 2010
CLIMATE RECORD PERIOD 9999 TO 9999


WEATHER ITEM   OBSERVED TIME   RECORD YEAR NORMAL DEPARTURE LAST
                VALUE   (LST)  VALUE       VALUE  FROM      YEAR
                                                  NORMAL
..................................................................
TEMPERATURE (F)
 YESTERDAY
  MAXIMUM         74    506 PM  MM      MM  85    -11       92
  MINIMUM         54    505 AM  MM      MM  50      4       57
  AVERAGE         64                        68     -4       75

PRECIPITATION (IN)
  YESTERDAY        0.07         MM      MM   0.06   0.01     0.00
  MONTH TO DATE    2.65                      1.25   1.40     0.30
  SINCE JUN 1      3.64                      3.40   0.24     1.07
  SINCE JAN 1      8.13                      8.82  -0.69     5.06

SNOWFALL (IN)
  YESTERDAY       MM            MM      MM  MM     MM       MM
  MONTH TO DATE   MM                        MM     MM       MM
  SINCE JUN 1     MM                        MM     MM       MM
  SINCE JUL 1     MM                        MM     MM       MM
  SNOW DEPTH      MM

DEGREE DAYS
 HEATING
  YESTERDAY        1                         1      0        0
  MONTH TO DATE   17                         1     16        0
  SINCE JUN 1     57                        61     -4       13
  SINCE JUL 1     17                         2     15        0

 COOLING
  YESTERDAY        0                         3     -3       10
  MONTH TO DATE  129                       165    -36      177
  SINCE JUN 1    508                       501      7      667
  SINCE JAN 1    522                       508     14      674
..................................................................


WIND (MPH)
  HIGHEST WIND SPEED    10   HIGHEST WIND DIRECTION    SE (120)
  HIGHEST GUST SPEED    14   HIGHEST GUST DIRECTION     W (270)
  AVERAGE WIND SPEED     3.5


SKY COVER
  POSSIBLE SUNSHINE  MM
  AVERAGE SKY COVER 0.6


WEATHER CONDITIONS
 THE FOLLOWING WEATHER WAS RECORDED YESTERDAY.
  LIGHT RAIN
  FOG


RELATIVE HUMIDITY (PERCENT)
 HIGHEST    93           400 AM
 LOWEST     46           500 PM
 AVERAGE    70

..........................................................


THE RIFLE CO CLIMATE NORMALS FOR TODAY
                         NORMAL    RECORD    YEAR
 MAXIMUM TEMPERATURE (F)   85        MM        MM
 MINIMUM TEMPERATURE (F)   50        MM        MM


SUNRISE AND SUNSET
AUGUST 29 2014........SUNRISE   636 AM MDT   SUNSET   746 PM MDT
AUGUST 30 2014........SUNRISE   637 AM MDT   SUNSET   745 PM MDT


-  INDICATES NEGATIVE NUMBERS.
R  INDICATES RECORD WAS SET OR TIED.
MM INDICATES DATA IS MISSING.
T  INDICATES TRACE AMOUNT.




$$
