000
CDUS45 KRIW 260735
CLIRIW


CLIMATE REPORT
NATIONAL WEATHER SERVICE RIVERTON WY
1234 AM MST FRI DEC 26 2014


...................................

...THE RIVERTON WY CLIMATE SUMMARY FOR DECEMBER 25 2014...

CLIMATE NORMAL PERIOD 1981 TO 2010
CLIMATE RECORD PERIOD 1995 TO 2014


WEATHER ITEM   OBSERVED TIME   RECORD YEAR NORMAL DEPARTURE LAST
                VALUE   (LST)  VALUE       VALUE  FROM      YEAR
                                                  NORMAL
..................................................................
TEMPERATURE (F)
 YESTERDAY
  MAXIMUM         28    530 AM  41    2005  31     -3       30
  MINIMUM         17   1159 PM -10    2002   7     10        8
  AVERAGE         23                        19      4       19

PRECIPITATION (IN)
  YESTERDAY        0.15R         0.05 2012   0.01   0.14     0.00
  MONTH TO DATE    0.45                      0.24   0.21     0.20
  SINCE DEC 1      0.45                      0.24   0.21     0.20
  SINCE JAN 1      7.21                      9.35  -2.14     9.24

SNOWFALL (IN)
  YESTERDAY        0.6                                       0.0
  MONTH TO DATE    4.1                                       5.0
  SINCE DEC 1      4.1                                       5.0
  SINCE JUL 1      9.6                                      31.3
  SNOW DEPTH       2

DEGREE DAYS
 HEATING
  YESTERDAY       42                        46     -4       46
  MONTH TO DATE  932                      1124   -192     1159
  SINCE DEC 1    932                      1124   -192     1159
  SINCE JUL 1   2709                      3040   -331     3057

 COOLING
  YESTERDAY        0                         0      0        0
  MONTH TO DATE    0                         0      0        0
  SINCE DEC 1      0                         0      0        0
  SINCE JAN 1    431                       494    -63      798
..................................................................


WIND (MPH)
  HIGHEST WIND SPEED    30   HIGHEST WIND DIRECTION     N (360)
  HIGHEST GUST SPEED    40   HIGHEST GUST DIRECTION     N (360)
  AVERAGE WIND SPEED    16.3


SKY COVER
  POSSIBLE SUNSHINE  MM
  AVERAGE SKY COVER 0.9


WEATHER CONDITIONS
 THE FOLLOWING WEATHER WAS RECORDED YESTERDAY.
  HEAVY SNOW
  SNOW
  LIGHT SNOW
  FOG
  FOG W/VISIBILITY <= 1/4 MILE


RELATIVE HUMIDITY (PERCENT)
 HIGHEST    92          1100 PM
 LOWEST     73          1200 AM
 AVERAGE    83

..........................................................


THE RIVERTON WY CLIMATE NORMALS FOR TODAY
                         NORMAL    RECORD    YEAR
 MAXIMUM TEMPERATURE (F)   31        47      2006
 MINIMUM TEMPERATURE (F)    7       -11      2002


SUNRISE AND SUNSET
DECEMBER 26 2014......SUNRISE   744 AM MST   SUNSET   445 PM MST
DECEMBER 27 2014......SUNRISE   744 AM MST   SUNSET   446 PM MST


-  INDICATES NEGATIVE NUMBERS.
R  INDICATES RECORD WAS SET OR TIED.
MM INDICATES DATA IS MISSING.
T  INDICATES TRACE AMOUNT.




$$
