000
CDUS45 KRIW 060041
CLIRIW


CLIMATE REPORT
NATIONAL WEATHER SERVICE RIVERTON WY
540 PM MST MON DEC 5 2016


...................................

...THE RIVERTON WY CLIMATE SUMMARY FOR DECEMBER 5 2016...
VALID TODAY AS OF 0500 PM LOCAL TIME.

CLIMATE NORMAL PERIOD 1981 TO 2010
CLIMATE RECORD PERIOD 1995 TO 2016


WEATHER ITEM   OBSERVED TIME   RECORD YEAR NORMAL DEPARTURE LAST
                VALUE   (LST)  VALUE       VALUE  FROM      YEAR
                                                  NORMAL
..................................................................
TEMPERATURE (F)
 TODAY
  MAXIMUM         34   1217 AM  56    2012  33      1       32
  MINIMUM         15    538 PM -14    2013  10      5       11
  AVERAGE         25                        21      4       22

PRECIPITATION (IN)
  TODAY            0.01          0.02 2009   0.01   0.00     0.00
  MONTH TO DATE    0.01                      0.05  -0.04     0.00
  SINCE DEC 1      0.01                      0.05  -0.04     0.00
  SINCE JAN 1     13.65                      9.16   4.49    10.15

SNOWFALL (IN)
  TODAY            0.3                                       0.0
  MONTH TO DATE    0.3                                       0.0
  SINCE DEC 1      0.3                                       0.0
  SINCE JUL 1      4.7                                      18.1
  SNOW DEPTH       T

DEGREE DAYS
 HEATING
  TODAY           40                        44     -4       43
  MONTH TO DATE  190                       215    -25      257
  SINCE DEC 1    190                       215    -25      257
  SINCE JUL 1   1786                      2131   -345     1796

 COOLING
  TODAY            0                         0      0        0
  MONTH TO DATE    0                         0      0        0
  SINCE DEC 1      0                         0      0        0
  SINCE JAN 1    605                       494    111      546
..................................................................


WIND (MPH)
  HIGHEST WIND SPEED    25   HIGHEST WIND DIRECTION    NW (310)
  HIGHEST GUST SPEED    37   HIGHEST GUST DIRECTION     N (350)
  AVERAGE WIND SPEED    16.3


SKY COVER
  POSSIBLE SUNSHINE  MM
  AVERAGE SKY COVER 0.3


WEATHER CONDITIONS
 THE FOLLOWING WEATHER WAS RECORDED TODAY.
  LIGHT SNOW


RELATIVE HUMIDITY (PERCENT)
 HIGHEST    72           100 AM
 LOWEST     21           100 PM
 AVERAGE    47

..........................................................


THE RIVERTON WY CLIMATE NORMALS FOR TOMORROW
                         NORMAL    RECORD    YEAR
 MAXIMUM TEMPERATURE (F)   33        48      2008
 MINIMUM TEMPERATURE (F)    9       -13      2013
                                             2005


SUNRISE AND SUNSET
DECEMBER  5 2016......SUNRISE   730 AM MST   SUNSET   439 PM MST
DECEMBER  6 2016......SUNRISE   731 AM MST   SUNSET   439 PM MST


-  INDICATES NEGATIVE NUMBERS.
R  INDICATES RECORD WAS SET OR TIED.
MM INDICATES DATA IS MISSING.
T  INDICATES TRACE AMOUNT.




$$
