000
CDUS45 KRIW 230729
CLIRIW


CLIMATE REPORT
NATIONAL WEATHER SERVICE RIVERTON WY
128 AM MDT SUN APR 23 2017


...................................

...THE RIVERTON WY CLIMATE SUMMARY FOR APRIL 22 2017...

CLIMATE NORMAL PERIOD 1981 TO 2010
CLIMATE RECORD PERIOD 1995 TO 2017


WEATHER ITEM   OBSERVED TIME   RECORD YEAR NORMAL DEPARTURE LAST
                VALUE   (LST)  VALUE       VALUE  FROM      YEAR
                                                  NORMAL
..................................................................
TEMPERATURE (F)
 YESTERDAY
  MAXIMUM         60    428 PM  79    2006  59      1       77
  MINIMUM         35   1200 AM  19    2013  33      2       40
  AVERAGE         48                        46      2       59

PRECIPITATION (IN)
  YESTERDAY        0.00          0.57 1999   0.05  -0.05     0.00
  MONTH TO DATE    1.74                      0.87   0.87     0.71
  SINCE MAR 1      5.45                      1.42   4.03     2.84
  SINCE JAN 1      7.31                      1.93   5.38     3.52

SNOWFALL (IN)
  YESTERDAY        0.0                                       0.0
  MONTH TO DATE    4.6                                       6.8
  SINCE MAR 1      4.6                                      28.3
  SINCE JUL 1     52.3                                      56.5
  SNOW DEPTH       0

DEGREE DAYS
 HEATING
  YESTERDAY       17                        19     -2        6
  MONTH TO DATE  435                       483    -48      375
  SINCE MAR 1   1139                      1401   -262     1185
  SINCE JUL 1   7013                      7255   -242     6506

 COOLING
  YESTERDAY        0                         0      0        0
  MONTH TO DATE    0                         0      0        0
  SINCE MAR 1      0                         0      0        0
  SINCE JAN 1      0                         0      0        0
..................................................................


WIND (MPH)
  HIGHEST WIND SPEED    24   HIGHEST WIND DIRECTION     S (180)
  HIGHEST GUST SPEED    32   HIGHEST GUST DIRECTION     S (170)
  AVERAGE WIND SPEED     5.5


SKY COVER
  POSSIBLE SUNSHINE  MM
  AVERAGE SKY COVER 0.5


WEATHER CONDITIONS
 THE FOLLOWING WEATHER WAS RECORDED YESTERDAY.
  NO SIGNIFICANT WEATHER WAS OBSERVED.


RELATIVE HUMIDITY (PERCENT)
 HIGHEST   100          1200 AM
 LOWEST     28           400 PM
 AVERAGE    64

..........................................................


THE RIVERTON WY CLIMATE NORMALS FOR TODAY
                         NORMAL    RECORD    YEAR
 MAXIMUM TEMPERATURE (F)   60        83      2012
 MINIMUM TEMPERATURE (F)   33         9      2013


SUNRISE AND SUNSET
APRIL 23 2017.........SUNRISE   619 AM MDT   SUNSET   806 PM MDT
APRIL 24 2017.........SUNRISE   617 AM MDT   SUNSET   807 PM MDT


-  INDICATES NEGATIVE NUMBERS.
R  INDICATES RECORD WAS SET OR TIED.
MM INDICATES DATA IS MISSING.
T  INDICATES TRACE AMOUNT.




$$
