000
CDUS45 KRIW 070738
CLIRIW


CLIMATE REPORT
NATIONAL WEATHER SERVICE RIVERTON WY
1236 AM MST SUN FEB 7 2016


...................................

...THE RIVERTON WY CLIMATE SUMMARY FOR FEBRUARY 6 2016...

CLIMATE NORMAL PERIOD 1981 TO 2010
CLIMATE RECORD PERIOD 1995 TO 2016


WEATHER ITEM   OBSERVED TIME   RECORD YEAR NORMAL DEPARTURE LAST
                VALUE   (LST)  VALUE       VALUE  FROM      YEAR
                                                  NORMAL
..................................................................
TEMPERATURE (F)
 YESTERDAY
  MAXIMUM         48    414 PM  53    1996  33     15       50
  MINIMUM         12    710 AM -21    2014  10      2       28
  AVERAGE         30                        22      8       39

PRECIPITATION (IN)
  YESTERDAY        0.00          0.13 2001   0.00   0.00     0.00
  MONTH TO DATE    0.24                      0.04   0.20     0.29
  SINCE DEC 1      0.72                      0.60   0.12     0.97
  SINCE JAN 1      0.64                      0.28   0.36     0.32

SNOWFALL (IN)
  YESTERDAY        0.0                                       0.0
  MONTH TO DATE    2.6                                       3.8
  SINCE DEC 1     10.1                                      11.1
  SINCE JUL 1     28.2                                      16.6
  SNOW DEPTH       4

DEGREE DAYS
 HEATING
  YESTERDAY       35                        43     -8       26
  MONTH TO DATE  279                       263     16      200
  SINCE DEC 1   3121                      3062     59     2815
  SINCE JUL 1   4660                      4978   -318     4592

 COOLING
  YESTERDAY        0                         0      0        0
  MONTH TO DATE    0                         0      0        0
  SINCE DEC 1      0                         0      0        0
  SINCE JAN 1      0                         0      0        0
..................................................................


WIND (MPH)
  HIGHEST WIND SPEED    35   HIGHEST WIND DIRECTION    NW (320)
  HIGHEST GUST SPEED    42   HIGHEST GUST DIRECTION    NW (320)
  AVERAGE WIND SPEED    11.6


SKY COVER
  POSSIBLE SUNSHINE  MM
  AVERAGE SKY COVER 0.0


WEATHER CONDITIONS
 THE FOLLOWING WEATHER WAS RECORDED YESTERDAY.
  NO SIGNIFICANT WEATHER WAS OBSERVED.


RELATIVE HUMIDITY (PERCENT)
 HIGHEST    73           500 AM
 LOWEST     37           500 PM
 AVERAGE    55

..........................................................


THE RIVERTON WY CLIMATE NORMALS FOR TODAY
                         NORMAL    RECORD    YEAR
 MAXIMUM TEMPERATURE (F)   33        59      1996
 MINIMUM TEMPERATURE (F)   11       -16      2003


SUNRISE AND SUNSET
FEBRUARY  7 2016......SUNRISE   722 AM MST   SUNSET   534 PM MST
FEBRUARY  8 2016......SUNRISE   721 AM MST   SUNSET   535 PM MST


-  INDICATES NEGATIVE NUMBERS.
R  INDICATES RECORD WAS SET OR TIED.
MM INDICATES DATA IS MISSING.
T  INDICATES TRACE AMOUNT.




$$
