000
CDUS45 KRIW 210730
CLIRIW


CLIMATE REPORT
NATIONAL WEATHER SERVICE RIVERTON WY
1229 AM MST TUE FEB 21 2017


...................................

...THE RIVERTON WY CLIMATE SUMMARY FOR FEBRUARY 20 2017...

CLIMATE NORMAL PERIOD 1981 TO 2010
CLIMATE RECORD PERIOD 1995 TO 2017


WEATHER ITEM   OBSERVED TIME   RECORD YEAR NORMAL DEPARTURE LAST
                VALUE   (LST)  VALUE       VALUE  FROM      YEAR
                                                  NORMAL
..................................................................
TEMPERATURE (F)
 YESTERDAY
  MAXIMUM         51    337 PM  52    1996  38     13       47
  MINIMUM         24    644 AM -13    2006  14     10       29
  AVERAGE         38                        26     12       38

PRECIPITATION (IN)
  YESTERDAY        0.00          0.12 2010   0.01  -0.01     0.00
  MONTH TO DATE    0.10                      0.18  -0.08     0.28
  SINCE DEC 1      1.88                      0.74   1.14     0.76
  SINCE JAN 1      1.11                      0.42   0.69     0.68

SNOWFALL (IN)
  YESTERDAY        0.0                                       0.0
  MONTH TO DATE    1.4                                       2.6
  SINCE DEC 1     30.4                                      10.1
  SINCE JUL 1     34.8                                      28.2
  SNOW DEPTH       T

DEGREE DAYS
 HEATING
  YESTERDAY       27                        39    -12       27
  MONTH TO DATE  781                       842    -61      682
  SINCE DEC 1   3934                      3641    293     3524
  SINCE JUL 1   5530                      5557    -27     5063

 COOLING
  YESTERDAY        0                         0      0        0
  MONTH TO DATE    0                         0      0        0
  SINCE DEC 1      0                         0      0        0
  SINCE JAN 1      0                         0      0        0
..................................................................


WIND (MPH)
  HIGHEST WIND SPEED    26   HIGHEST WIND DIRECTION    SW (240)
  HIGHEST GUST SPEED    32   HIGHEST GUST DIRECTION    SW (240)
  AVERAGE WIND SPEED    10.1


SKY COVER
  POSSIBLE SUNSHINE  MM
  AVERAGE SKY COVER 0.0


WEATHER CONDITIONS
 THE FOLLOWING WEATHER WAS RECORDED YESTERDAY.
  NO SIGNIFICANT WEATHER WAS OBSERVED.


RELATIVE HUMIDITY (PERCENT)
 HIGHEST    70          1000 PM
 LOWEST     39           300 PM
 AVERAGE    55

..........................................................


THE RIVERTON WY CLIMATE NORMALS FOR TODAY
                         NORMAL    RECORD    YEAR
 MAXIMUM TEMPERATURE (F)   38        56      2000
 MINIMUM TEMPERATURE (F)   15        -6      2011


SUNRISE AND SUNSET
FEBRUARY 21 2017......SUNRISE   702 AM MST   SUNSET   553 PM MST
FEBRUARY 22 2017......SUNRISE   700 AM MST   SUNSET   555 PM MST


-  INDICATES NEGATIVE NUMBERS.
R  INDICATES RECORD WAS SET OR TIED.
MM INDICATES DATA IS MISSING.
T  INDICATES TRACE AMOUNT.




$$
