000
CDUS45 KRIW 300729
CLIRKS


CLIMATE REPORT
NATIONAL WEATHER SERVICE RIVERTON WY
128 AM MDT THU MAR 30 2017


...................................

...THE ROCK SPRINGS WY CLIMATE SUMMARY FOR MARCH 29 2017...

CLIMATE NORMAL PERIOD 1981 TO 2010
CLIMATE RECORD PERIOD 1948 TO 2017


WEATHER ITEM   OBSERVED TIME   RECORD YEAR NORMAL DEPARTURE LAST
                VALUE   (LST)  VALUE       VALUE  FROM      YEAR
                                                  NORMAL
..................................................................
TEMPERATURE (F)
 YESTERDAY
  MAXIMUM         52    513 PM  67    1978  49      3       36
  MINIMUM         27    618 AM   0    1987  26      1       27
  AVERAGE         40                        37      3       32

PRECIPITATION (IN)
  YESTERDAY        0.00          0.23 2016   0.03  -0.03     0.23
  MONTH TO DATE    1.05                      0.63   0.42     0.52
  SINCE MAR 1      1.05                      0.63   0.42     0.52
  SINCE JAN 1      1.95                      1.56   0.39     0.74

DEGREE DAYS
 HEATING
  YESTERDAY       25                        28     -3       33
  MONTH TO DATE  732                       922   -190      834
  SINCE MAR 1    732                       922   -190      834
  SINCE JUL 1   6470                      6774   -304     6351

 COOLING
  YESTERDAY        0                         0      0        0
  MONTH TO DATE    0                         0      0        0
  SINCE MAR 1      0                         0      0        0
  SINCE JAN 1      0                         0      0        0
..................................................................


WIND (MPH)
  HIGHEST WIND SPEED    28   HIGHEST WIND DIRECTION     W (260)
  HIGHEST GUST SPEED    31   HIGHEST GUST DIRECTION     W (260)
  AVERAGE WIND SPEED    13.9


SKY COVER
  POSSIBLE SUNSHINE  MM
  AVERAGE SKY COVER 0.0


WEATHER CONDITIONS
 THE FOLLOWING WEATHER WAS RECORDED YESTERDAY.
  NO SIGNIFICANT WEATHER WAS OBSERVED.


RELATIVE HUMIDITY (PERCENT)
 HIGHEST    85          1200 AM
 LOWEST     41           400 PM
 AVERAGE    63

..........................................................


THE ROCK SPRINGS WY CLIMATE NORMALS FOR TODAY
                         NORMAL    RECORD    YEAR
 MAXIMUM TEMPERATURE (F)   49        67      1978
 MINIMUM TEMPERATURE (F)   26         6      1977


SUNRISE AND SUNSET
MARCH 30 2017.........SUNRISE   702 AM MDT   SUNSET   740 PM MDT
MARCH 31 2017.........SUNRISE   700 AM MDT   SUNSET   741 PM MDT


-  INDICATES NEGATIVE NUMBERS.
R  INDICATES RECORD WAS SET OR TIED.
MM INDICATES DATA IS MISSING.
T  INDICATES TRACE AMOUNT.




$$
