000
CDUS45 KRIW 280730
CLIRKS


CLIMATE REPORT
NATIONAL WEATHER SERVICE RIVERTON WY
130 AM MDT THU AUG 28 2014


...................................

...THE ROCK SPRINGS WY CLIMATE SUMMARY FOR AUGUST 27 2014...

CLIMATE NORMAL PERIOD 1981 TO 2010
CLIMATE RECORD PERIOD 1948 TO 2014


WEATHER ITEM   OBSERVED TIME   RECORD YEAR NORMAL DEPARTURE LAST
                VALUE   (LST)  VALUE       VALUE  FROM      YEAR
                                                  NORMAL
..................................................................
TEMPERATURE (F)
 YESTERDAY
  MAXIMUM         58   1258 PM  90    2011  79    -21       80
  MINIMUM         49   1159 PM  35    1976  50     -1       55
  AVERAGE         54                        64    -10       68

PRECIPITATION (IN)
  YESTERDAY        0.02          0.09 2011   0.02   0.00      T
  MONTH TO DATE    0.42                      0.53  -0.11     0.47
  SINCE JUN 1      1.07                      1.96  -0.89     0.68
  SINCE JAN 1      2.38                      5.69  -3.31     2.17

DEGREE DAYS
 HEATING
  YESTERDAY       11                         2      9        0
  MONTH TO DATE   63                        27     36        1
  SINCE JUN 1    224                       218      6       63
  SINCE JUL 1     77                        51     26        1

 COOLING
  YESTERDAY        0                         1     -1        3
  MONTH TO DATE   70                        92    -22      128
  SINCE JUN 1    292                       271     21      445
  SINCE JAN 1    299                       272     27      446
..................................................................


WIND (MPH)
  HIGHEST WIND SPEED    20   HIGHEST WIND DIRECTION     W (260)
  HIGHEST GUST SPEED    23   HIGHEST GUST DIRECTION     W (250)
  AVERAGE WIND SPEED     9.3


SKY COVER
  POSSIBLE SUNSHINE  MM
  AVERAGE SKY COVER 0.9


WEATHER CONDITIONS
 THE FOLLOWING WEATHER WAS RECORDED YESTERDAY.
  LIGHT RAIN
  FOG


RELATIVE HUMIDITY (PERCENT)
 HIGHEST    96           800 AM
 LOWEST     62           100 PM
 AVERAGE    79

..........................................................


THE ROCK SPRINGS WY CLIMATE NORMALS FOR TODAY
                         NORMAL    RECORD    YEAR
 MAXIMUM TEMPERATURE (F)   78        89      1974
 MINIMUM TEMPERATURE (F)   50        38      1977


SUNRISE AND SUNSET
AUGUST 28 2014........SUNRISE   638 AM MDT   SUNSET   756 PM MDT
AUGUST 29 2014........SUNRISE   639 AM MDT   SUNSET   754 PM MDT


-  INDICATES NEGATIVE NUMBERS.
R  INDICATES RECORD WAS SET OR TIED.
MM INDICATES DATA IS MISSING.
T  INDICATES TRACE AMOUNT.




$$
