000
CDUS45 KRIW 250758
CLIRKS


CLIMATE REPORT
NATIONAL WEATHER SERVICE RIVERTON WY
139 AM MDT SUN SEP 25 2016


...................................

...THE ROCK SPRINGS WY CLIMATE SUMMARY FOR SEPTEMBER 24 2016...

CLIMATE NORMAL PERIOD 1981 TO 2010
CLIMATE RECORD PERIOD 1948 TO 2016


WEATHER ITEM   OBSERVED TIME   RECORD YEAR NORMAL DEPARTURE LAST
                VALUE   (LST)  VALUE       VALUE  FROM      YEAR
                                                  NORMAL
..................................................................
TEMPERATURE (F)
 YESTERDAY
  MAXIMUM         47    604 PM  82    2001  66    -19       80
  MINIMUM         35    829 AM  21    2000  39     -4       49
  AVERAGE         41                        53    -12       65

PRECIPITATION (IN)
  YESTERDAY        0.04          0.41 1986   0.04   0.00     0.00
  MONTH TO DATE    1.59                      0.73   0.86     0.55
  SINCE SEP 1      1.59                      0.73   0.86     0.55
  SINCE JAN 1      6.76                      6.51   0.25     8.23

DEGREE DAYS
 HEATING
  YESTERDAY       24                        12     12        0
  MONTH TO DATE  183                       182      1      101
  SINCE SEP 1    183                       182      1      101
  SINCE JUL 1    242                       246     -4      156

 COOLING
  YESTERDAY        0                         0      0        0
  MONTH TO DATE   12                         7      5       12
  SINCE SEP 1     12                         7      5       12
  SINCE JAN 1    354                       284     70      264
..................................................................


WIND (MPH)
  HIGHEST WIND SPEED    22   HIGHEST WIND DIRECTION     W (250)
  HIGHEST GUST SPEED    26   HIGHEST GUST DIRECTION     W (260)
  AVERAGE WIND SPEED    12.1


SKY COVER
  POSSIBLE SUNSHINE  MM
  AVERAGE SKY COVER 0.9


WEATHER CONDITIONS
 THE FOLLOWING WEATHER WAS RECORDED YESTERDAY.
  LIGHT RAIN
  FOG


RELATIVE HUMIDITY (PERCENT)
 HIGHEST   100          1000 AM
 LOWEST     65           600 PM
 AVERAGE    83

..........................................................


THE ROCK SPRINGS WY CLIMATE NORMALS FOR TODAY
                         NORMAL    RECORD    YEAR
 MAXIMUM TEMPERATURE (F)   66        83      2001
 MINIMUM TEMPERATURE (F)   39        18      2000


SUNRISE AND SUNSET
SEPTEMBER 25 2016.....SUNRISE   707 AM MDT   SUNSET   707 PM MDT
SEPTEMBER 26 2016.....SUNRISE   708 AM MDT   SUNSET   706 PM MDT


-  INDICATES NEGATIVE NUMBERS.
R  INDICATES RECORD WAS SET OR TIED.
MM INDICATES DATA IS MISSING.
T  INDICATES TRACE AMOUNT.




$$
