000
CDUS45 KRIW 250735
CLIRKS


CLIMATE REPORT
NATIONAL WEATHER SERVICE RIVERTON WY
135 AM MDT WED MAY 25 2016


...................................

...THE ROCK SPRINGS WY CLIMATE SUMMARY FOR MAY 24 2016...

CLIMATE NORMAL PERIOD 1981 TO 2010
CLIMATE RECORD PERIOD 1948 TO 2016


WEATHER ITEM   OBSERVED TIME   RECORD YEAR NORMAL DEPARTURE LAST
                VALUE   (LST)  VALUE       VALUE  FROM      YEAR
                                                  NORMAL
..................................................................
TEMPERATURE (F)
 YESTERDAY
  MAXIMUM         66    148 PM  80    2003  67     -1       47
                                      2001
  MINIMUM         37   1136 PM  30    2007  40     -3       32
  AVERAGE         52                        53     -1       40

PRECIPITATION (IN)
  YESTERDAY        T             0.94 1957   0.03  -0.03     0.58
  MONTH TO DATE    2.10                      0.94   1.16     2.53
  SINCE MAR 1      4.14                      2.53   1.61     3.42
  SINCE JAN 1      4.36                      3.46   0.90     3.51

DEGREE DAYS
 HEATING
  YESTERDAY       13                        12      1       25
  MONTH TO DATE  420                       368     52      429
  SINCE MAR 1   1978                      2048    -70     1874
  SINCE JUL 1   7495                      7900   -405     6987

 COOLING
  YESTERDAY        0                         0      0        0
  MONTH TO DATE    0                         0      0        0
  SINCE MAR 1      0                         0      0        0
  SINCE JAN 1      0                         0      0        0
..................................................................


WIND (MPH)
  HIGHEST WIND SPEED    52   HIGHEST WIND DIRECTION     W (250)
  HIGHEST GUST SPEED    62   HIGHEST GUST DIRECTION     W (250)
  AVERAGE WIND SPEED    11.0


SKY COVER
  POSSIBLE SUNSHINE  MM
  AVERAGE SKY COVER 0.3


WEATHER CONDITIONS
 THE FOLLOWING WEATHER WAS RECORDED YESTERDAY.
  THUNDERSTORM
  LIGHT RAIN


RELATIVE HUMIDITY (PERCENT)
 HIGHEST    92          1100 PM
 LOWEST     16           100 PM
 AVERAGE    54

..........................................................


THE ROCK SPRINGS WY CLIMATE NORMALS FOR TODAY
                         NORMAL    RECORD    YEAR
 MAXIMUM TEMPERATURE (F)   67        82      2003
 MINIMUM TEMPERATURE (F)   40        26      1975


SUNRISE AND SUNSET
MAY 25 2016...........SUNRISE   548 AM MDT   SUNSET   839 PM MDT
MAY 26 2016...........SUNRISE   547 AM MDT   SUNSET   840 PM MDT


-  INDICATES NEGATIVE NUMBERS.
R  INDICATES RECORD WAS SET OR TIED.
MM INDICATES DATA IS MISSING.
T  INDICATES TRACE AMOUNT.




$$
