000
CDUS45 KRIW 010735
CLIRKS


CLIMATE REPORT
NATIONAL WEATHER SERVICE RIVERTON WY
135 AM MDT TUE SEP 1 2015


...................................

...THE ROCK SPRINGS WY CLIMATE SUMMARY FOR AUGUST 31 2015...

CLIMATE NORMAL PERIOD 1981 TO 2010
CLIMATE RECORD PERIOD 1948 TO 2015


WEATHER ITEM   OBSERVED TIME   RECORD YEAR NORMAL DEPARTURE LAST
                VALUE   (LST)  VALUE       VALUE  FROM      YEAR
                                                  NORMAL
..................................................................
TEMPERATURE (F)
 YESTERDAY
  MAXIMUM         77    130 PM  88    1991  77      0       67
  MINIMUM         50    613 AM  33    1962  49      1       46
  AVERAGE         64                        63      1       57

PRECIPITATION (IN)
  YESTERDAY        0.00          0.51 1963   0.02  -0.02     0.04
  MONTH TO DATE    0.37                      0.62  -0.25     0.52
  SINCE JUN 1      3.60                      2.05   1.55     1.17
  SINCE JAN 1      7.68                      5.78   1.90     2.48

DEGREE DAYS
 HEATING
  YESTERDAY        1                         3     -2        8
  MONTH TO DATE   29                        39    -10       77
  SINCE JUN 1    104                       231   -127      238
  SINCE JUL 1     55                        64     -9       91

 COOLING
  YESTERDAY        0                         1     -1        0
  MONTH TO DATE   83                        97    -14       70
  SINCE JUN 1    252                       276    -24      292
  SINCE JAN 1    252                       277    -25      299
..................................................................


WIND (MPH)
  HIGHEST WIND SPEED    23   HIGHEST WIND DIRECTION    SW (220)
  HIGHEST GUST SPEED    29   HIGHEST GUST DIRECTION    SW (210)
  AVERAGE WIND SPEED     9.5


SKY COVER
  POSSIBLE SUNSHINE  MM
  AVERAGE SKY COVER 0.0


WEATHER CONDITIONS
 THE FOLLOWING WEATHER WAS RECORDED YESTERDAY.
  NO SIGNIFICANT WEATHER WAS OBSERVED.


RELATIVE HUMIDITY (PERCENT)
 HIGHEST    83           300 AM
 LOWEST     25           100 PM
 AVERAGE    54

..........................................................


THE ROCK SPRINGS WY CLIMATE NORMALS FOR TODAY
                         NORMAL    RECORD    YEAR
 MAXIMUM TEMPERATURE (F)   77        88      1955
 MINIMUM TEMPERATURE (F)   48        32      1973


SUNRISE AND SUNSET
SEPTEMBER  1 2015.....SUNRISE   642 AM MDT   SUNSET   750 PM MDT
SEPTEMBER  2 2015.....SUNRISE   643 AM MDT   SUNSET   748 PM MDT


-  INDICATES NEGATIVE NUMBERS.
R  INDICATES RECORD WAS SET OR TIED.
MM INDICATES DATA IS MISSING.
T  INDICATES TRACE AMOUNT.




$$
