000
CDUS45 KRIW 240744
CLIRKS


CLIMATE REPORT
NATIONAL WEATHER SERVICE RIVERTON WY
1242 AM MST FRI FEB 24 2017


...................................

...THE ROCK SPRINGS WY CLIMATE SUMMARY FOR FEBRUARY 23 2017...

CLIMATE NORMAL PERIOD 1981 TO 2010
CLIMATE RECORD PERIOD 1948 TO 2017


WEATHER ITEM   OBSERVED TIME   RECORD YEAR NORMAL DEPARTURE LAST
                VALUE   (LST)  VALUE       VALUE  FROM      YEAR
                                                  NORMAL
..................................................................
TEMPERATURE (F)
 YESTERDAY
  MAXIMUM         25    602 AM  54    2002  36    -11       31
  MINIMUM         17   1159 PM  -5    1969  17      0       15
  AVERAGE         21                        26     -5       23

PRECIPITATION (IN)
  YESTERDAY        0.20R         0.17 1961   0.02   0.18      T
  MONTH TO DATE    0.40                      0.40   0.00     0.18
  SINCE DEC 1      0.97                      1.35  -0.38     0.25
  SINCE JAN 1      0.89                      0.85   0.04     0.21

DEGREE DAYS
 HEATING
  YESTERDAY       44                        39      5       42
  MONTH TO DATE  801                       958   -157      835
  SINCE DEC 1   3764                      3669     95     3674
  SINCE JUL 1   5484                      5662   -178     5340

 COOLING
  YESTERDAY        0                         0      0        0
  MONTH TO DATE    0                         0      0        0
  SINCE DEC 1      0                         0      0        0
  SINCE JAN 1      0                         0      0        0
..................................................................


WIND (MPH)
  HIGHEST WIND SPEED    43   HIGHEST WIND DIRECTION     N (20)
  HIGHEST GUST SPEED    53   HIGHEST GUST DIRECTION     N (20)
  AVERAGE WIND SPEED    15.9


SKY COVER
  POSSIBLE SUNSHINE  MM
  AVERAGE SKY COVER 1.0


WEATHER CONDITIONS
 THE FOLLOWING WEATHER WAS RECORDED YESTERDAY.
  HEAVY SNOW
  SNOW
  LIGHT SNOW
  FOG
  FOG W/VISIBILITY <= 1/4 MILE
  HAZE


RELATIVE HUMIDITY (PERCENT)
 HIGHEST    88          1200 AM
 LOWEST     73           600 PM
 AVERAGE    81

..........................................................


THE ROCK SPRINGS WY CLIMATE NORMALS FOR TODAY
                         NORMAL    RECORD    YEAR
 MAXIMUM TEMPERATURE (F)   36        55      1981
 MINIMUM TEMPERATURE (F)   17       -14      1960


SUNRISE AND SUNSET
FEBRUARY 24 2017......SUNRISE   658 AM MST   SUNSET   601 PM MST
FEBRUARY 25 2017......SUNRISE   657 AM MST   SUNSET   602 PM MST


-  INDICATES NEGATIVE NUMBERS.
R  INDICATES RECORD WAS SET OR TIED.
MM INDICATES DATA IS MISSING.
T  INDICATES TRACE AMOUNT.




$$
