000
CDUS45 KRIW 170729
CLIRKS


CLIMATE REPORT
NATIONAL WEATHER SERVICE RIVERTON WY
128 AM MDT THU APR 17 2014


...................................

...THE ROCK SPRINGS WY CLIMATE SUMMARY FOR APRIL 16 2014...

CLIMATE NORMAL PERIOD 1981 TO 2010
CLIMATE RECORD PERIOD 1948 TO 2014


WEATHER ITEM   OBSERVED TIME   RECORD YEAR NORMAL DEPARTURE LAST
                VALUE   (LST)  VALUE       VALUE  FROM      YEAR
                                                  NORMAL
..................................................................
TEMPERATURE (F)
 YESTERDAY
  MAXIMUM         52    316 PM  71    1987  54     -2       27
  MINIMUM         27    600 AM  15    2013  29     -2       15
  AVERAGE         40                        42     -2       21

PRECIPITATION (IN)
  YESTERDAY        0.00          0.21 1978   0.03  -0.03      T
  MONTH TO DATE    0.17                      0.44  -0.27     0.28
  SINCE MAR 1      0.60                      1.12  -0.52     0.47
  SINCE JAN 1      0.75                      2.05  -1.30     0.84

DEGREE DAYS
 HEATING
  YESTERDAY       25                        23      2       44
  MONTH TO DATE  389                       405    -16      464
  SINCE MAR 1   1275                      1382   -107     1379
  SINCE JUL 1   6727                      7234   -507     6860

 COOLING
  YESTERDAY        0                         0      0        0
  MONTH TO DATE    0                         0      0        0
  SINCE MAR 1      0                         0      0        0
  SINCE JAN 1      0                         0      0        0
..................................................................


WIND (MPH)
  HIGHEST WIND SPEED    23   HIGHEST WIND DIRECTION     W (280)
  HIGHEST GUST SPEED    28   HIGHEST GUST DIRECTION    NW (310)
  AVERAGE WIND SPEED    11.6


SKY COVER
  POSSIBLE SUNSHINE  MM
  AVERAGE SKY COVER 0.0


WEATHER CONDITIONS
 THE FOLLOWING WEATHER WAS RECORDED YESTERDAY.
  NO SIGNIFICANT WEATHER WAS OBSERVED.


RELATIVE HUMIDITY (PERCENT)
 HIGHEST    66          1200 AM
 LOWEST     12           100 PM
 AVERAGE    39

..........................................................


THE ROCK SPRINGS WY CLIMATE NORMALS FOR TODAY
                         NORMAL    RECORD    YEAR
 MAXIMUM TEMPERATURE (F)   54        76      1987
 MINIMUM TEMPERATURE (F)   30        15      2013


SUNRISE AND SUNSET
APRIL 17 2014.........SUNRISE   633 AM MDT   SUNSET   759 PM MDT
APRIL 18 2014.........SUNRISE   632 AM MDT   SUNSET   800 PM MDT


-  INDICATES NEGATIVE NUMBERS.
R  INDICATES RECORD WAS SET OR TIED.
MM INDICATES DATA IS MISSING.
T  INDICATES TRACE AMOUNT.




$$
