000
CDUS45 KRIW 270741
CLIRKS


CLIMATE REPORT
NATIONAL WEATHER SERVICE RIVERTON WY
1241 AM MST FRI FEB 27 2015


...................................

...THE ROCK SPRINGS WY CLIMATE SUMMARY FOR FEBRUARY 26 2015...

CLIMATE NORMAL PERIOD 1981 TO 2010
CLIMATE RECORD PERIOD 1948 TO 2015


WEATHER ITEM   OBSERVED TIME   RECORD YEAR NORMAL DEPARTURE LAST
                VALUE   (LST)  VALUE       VALUE  FROM      YEAR
                                                  NORMAL
..................................................................
TEMPERATURE (F)
 YESTERDAY
  MAXIMUM         23    337 PM  52    1988  37    -14       45
  MINIMUM          5   1159 PM -10    1960  18    -13        9
  AVERAGE         14                        27    -13       27

PRECIPITATION (IN)
  YESTERDAY        T             0.21 1996   0.02  -0.02     0.00
  MONTH TO DATE    0.08                      0.45  -0.37     0.08
  SINCE DEC 1      0.20                      1.40  -1.20     0.33
  SINCE JAN 1      0.09                      0.90  -0.81     0.15

DEGREE DAYS
 HEATING
  YESTERDAY       51                        38     13       38
  MONTH TO DATE  840                      1072   -232     1003
  SINCE DEC 1   3202                      3783   -581     3488
  SINCE JUL 1   5018                      5776   -758     5396

 COOLING
  YESTERDAY        0                         0      0        0
  MONTH TO DATE    0                         0      0        0
  SINCE DEC 1      0                         0      0        0
  SINCE JAN 1      0                         0      0        0
..................................................................


WIND (MPH)
  HIGHEST WIND SPEED    24   HIGHEST WIND DIRECTION     E (70)
  HIGHEST GUST SPEED    29   HIGHEST GUST DIRECTION    NE (60)
  AVERAGE WIND SPEED    11.5


SKY COVER
  POSSIBLE SUNSHINE  MM
  AVERAGE SKY COVER 0.7


WEATHER CONDITIONS
 THE FOLLOWING WEATHER WAS RECORDED YESTERDAY.
  LIGHT SNOW
  FOG
  HAZE


RELATIVE HUMIDITY (PERCENT)
 HIGHEST    88           100 AM
 LOWEST     74           500 PM
 AVERAGE    81

..........................................................


THE ROCK SPRINGS WY CLIMATE NORMALS FOR TODAY
                         NORMAL    RECORD    YEAR
 MAXIMUM TEMPERATURE (F)   37        53      2006
 MINIMUM TEMPERATURE (F)   18       -15      1960


SUNRISE AND SUNSET
FEBRUARY 27 2015......SUNRISE   654 AM MST   SUNSET   604 PM MST
FEBRUARY 28 2015......SUNRISE   653 AM MST   SUNSET   605 PM MST


-  INDICATES NEGATIVE NUMBERS.
R  INDICATES RECORD WAS SET OR TIED.
MM INDICATES DATA IS MISSING.
T  INDICATES TRACE AMOUNT.




$$
