000
CDUS45 KRIW 300740
CLIRKS


CLIMATE REPORT
NATIONAL WEATHER SERVICE RIVERTON WY
128 AM MDT SAT JUL 30 2016


...................................

...THE ROCK SPRINGS WY CLIMATE SUMMARY FOR JULY 29 2016...

CLIMATE NORMAL PERIOD 1981 TO 2010
CLIMATE RECORD PERIOD 1948 TO 2016


WEATHER ITEM   OBSERVED TIME   RECORD YEAR NORMAL DEPARTURE LAST
                VALUE   (LST)  VALUE       VALUE  FROM      YEAR
                                                  NORMAL
..................................................................
TEMPERATURE (F)
 YESTERDAY
  MAXIMUM         91    351 PM  95    2006  85      6       78
  MINIMUM         56    536 AM  42    1971  55      1       43
  AVERAGE         74                        70      4       61

PRECIPITATION (IN)
  YESTERDAY        0.00          0.37 1950   0.03  -0.03     0.00
  MONTH TO DATE    0.22                      0.60  -0.38     2.12
  SINCE JUN 1      0.43                      1.39  -0.96     3.23
  SINCE JAN 1      4.89                      5.12  -0.23     7.31

DEGREE DAYS
 HEATING
  YESTERDAY        0                         0      0        4
  MONTH TO DATE   13                        19     -6       26
  SINCE JUN 1     52                       186   -134       75
  SINCE JUL 1     13                        19     -6       26

 COOLING
  YESTERDAY        9                         5      4        0
  MONTH TO DATE  158                       130     28       76
  SINCE JUN 1    239                       165     74      164
  SINCE JAN 1    239                       166     73      164
..................................................................


WIND (MPH)
  HIGHEST WIND SPEED    30   HIGHEST WIND DIRECTION     W (290)
  HIGHEST GUST SPEED    37   HIGHEST GUST DIRECTION    NW (300)
  AVERAGE WIND SPEED    11.5


SKY COVER
  POSSIBLE SUNSHINE  MM
  AVERAGE SKY COVER 0.0


WEATHER CONDITIONS
 THE FOLLOWING WEATHER WAS RECORDED YESTERDAY.
  NO SIGNIFICANT WEATHER WAS OBSERVED.


RELATIVE HUMIDITY (PERCENT)
 HIGHEST    67           600 AM
 LOWEST      6           500 PM
 AVERAGE    37

..........................................................


THE ROCK SPRINGS WY CLIMATE NORMALS FOR TODAY
                         NORMAL    RECORD    YEAR
 MAXIMUM TEMPERATURE (F)   85        95      1966
 MINIMUM TEMPERATURE (F)   55        40      1950


SUNRISE AND SUNSET
JULY 30 2016..........SUNRISE   609 AM MDT   SUNSET   835 PM MDT
JULY 31 2016..........SUNRISE   610 AM MDT   SUNSET   834 PM MDT


-  INDICATES NEGATIVE NUMBERS.
R  INDICATES RECORD WAS SET OR TIED.
MM INDICATES DATA IS MISSING.
T  INDICATES TRACE AMOUNT.




$$
