906
CDUS45 KRIW 240731
CLIRKS


CLIMATE REPORT
NATIONAL WEATHER SERVICE RIVERTON WY
128 AM MDT WED MAY 24 2017


...................................

...THE ROCK SPRINGS WY CLIMATE SUMMARY FOR MAY 23 2017...

CLIMATE NORMAL PERIOD 1981 TO 2010
CLIMATE RECORD PERIOD 1948 TO 2017


WEATHER ITEM   OBSERVED TIME   RECORD YEAR NORMAL DEPARTURE LAST
                VALUE   (LST)  VALUE       VALUE  FROM      YEAR
                                                  NORMAL
..................................................................
TEMPERATURE (F)
 YESTERDAY
  MAXIMUM         68    512 PM  83    1984  66      2       58
  MINIMUM         34    455 AM  24    1966  40     -6       32
  AVERAGE         51                        53     -2       45

PRECIPITATION (IN)
  YESTERDAY        0.00          0.55 2008   0.04  -0.04      T
  MONTH TO DATE    0.62                      0.91  -0.29     2.10
  SINCE MAR 1      2.60                      2.50   0.10     4.14
  SINCE JAN 1      3.50                      3.43   0.07     4.36

DEGREE DAYS
 HEATING
  YESTERDAY       14                        12      2       20
  MONTH TO DATE  342                       356    -14      407
  SINCE MAR 1   1796                      2036   -240     1965
  SINCE JUL 1   7534                      7888   -354     7482

 COOLING
  YESTERDAY        0                         0      0        0
  MONTH TO DATE    0                         0      0        0
  SINCE MAR 1      0                         0      0        0
  SINCE JAN 1      0                         0      0        0
..................................................................


WIND (MPH)
  HIGHEST WIND SPEED    16   HIGHEST WIND DIRECTION    NW (330)
  HIGHEST GUST SPEED    20   HIGHEST GUST DIRECTION    NW (310)
  AVERAGE WIND SPEED     6.4


SKY COVER
  POSSIBLE SUNSHINE  MM
  AVERAGE SKY COVER 0.1


WEATHER CONDITIONS
 THE FOLLOWING WEATHER WAS RECORDED YESTERDAY.
  FOG
  FOG W/VISIBILITY <= 1/4 MILE


RELATIVE HUMIDITY (PERCENT)
 HIGHEST   100           500 AM
 LOWEST     19           200 PM
 AVERAGE    60

..........................................................


THE ROCK SPRINGS WY CLIMATE NORMALS FOR TODAY
                         NORMAL    RECORD    YEAR
 MAXIMUM TEMPERATURE (F)   67        80      2003
                                             2001
 MINIMUM TEMPERATURE (F)   40        30      2007


SUNRISE AND SUNSET
MAY 24 2017...........SUNRISE   549 AM MDT   SUNSET   838 PM MDT
MAY 25 2017...........SUNRISE   548 AM MDT   SUNSET   839 PM MDT


-  INDICATES NEGATIVE NUMBERS.
R  INDICATES RECORD WAS SET OR TIED.
MM INDICATES DATA IS MISSING.
T  INDICATES TRACE AMOUNT.




$$
