000
CDUS41 KRNK 050923
CLIRNK


CLIMATE REPORT
NATIONAL WEATHER SERVICE BLACKSBURG VA
417 AM EST THU MAR 5 2015


...................................

...THE BLACKSBURG VA CLIMATE SUMMARY FOR MARCH 4 2015...

CLIMATE NORMAL PERIOD 1981 TO 2010
CLIMATE RECORD PERIOD 1952 TO 2015


WEATHER ITEM   OBSERVED TIME   RECORD YEAR NORMAL DEPARTURE LAST
                VALUE   (LST)  VALUE       VALUE  FROM      YEAR
                                                  NORMAL
..................................................................
TEMPERATURE (F)
 YESTERDAY
  MAXIMUM         52    235 PM  75    1976  49      3       34
  MINIMUM         36   1200 PM   4    1980  27      9       12
  AVERAGE         44                        38      6       23

PRECIPITATION (IN)
  YESTERDAY        0.73          1.24 1993   0.10   0.63     0.00
  MONTH TO DATE    0.76                      0.39   0.37     0.87
  SINCE MAR 1      0.76                      0.39   0.37     0.87
  SINCE JAN 1      4.18                      6.28  -2.10     6.50

SNOWFALL (IN)
  YESTERDAY        0.0
  MONTH TO DATE    0.0
  SINCE MAR 1      0.0
  SINCE JUL 1     23.4
  SNOW DEPTH       0

DEGREE DAYS
 HEATING
  YESTERDAY       21                        27     -6       42
  MONTH TO DATE  113                       109      4      121
  SINCE MAR 1    113                       109      4      121
  SINCE JUL 1   4239                      4157     82     4302

 COOLING
  YESTERDAY        0                         0      0        0
  MONTH TO DATE    0                         0      0        0
  SINCE MAR 1      0                         0      0        0
  SINCE JAN 1      0                         0      0        0
..................................................................


WIND (MPH)
  HIGHEST WIND SPEED     9   HIGHEST WIND DIRECTION    NW (310)
  HIGHEST GUST SPEED     9   HIGHEST GUST DIRECTION    NW (310)
  AVERAGE WIND SPEED     1.5


SKY COVER
  POSSIBLE SUNSHINE  MM
  AVERAGE SKY COVER 1.0


WEATHER CONDITIONS
 THE FOLLOWING WEATHER WAS RECORDED YESTERDAY.
  HEAVY RAIN
  RAIN
  LIGHT RAIN
  FOG


RELATIVE HUMIDITY (PERCENT)
 HIGHEST   100          1200 AM
 LOWEST     83          1200 PM
 AVERAGE    92

..........................................................


THE BLACKSBURG VA CLIMATE NORMALS FOR TODAY
                         NORMAL    RECORD    YEAR
 MAXIMUM TEMPERATURE (F)   50        79      1976
 MINIMUM TEMPERATURE (F)   27         8      2002


SUNRISE AND SUNSET
MARCH  5 2015.........SUNRISE   648 AM EST   SUNSET   619 PM EST
MARCH  6 2015.........SUNRISE   646 AM EST   SUNSET   620 PM EST


-  INDICATES NEGATIVE NUMBERS.
R  INDICATES RECORD WAS SET OR TIED.
MM INDICATES DATA IS MISSING.
T  INDICATES TRACE AMOUNT.




$$
