000
CDUS41 KRNK 050638
CLIRNK


CLIMATE REPORT
NATIONAL WEATHER SERVICE BLACKSBURG VA
236 AM EDT WED AUG 5 2015


...................................

...THE BLACKSBURG VA CLIMATE SUMMARY FOR AUGUST 4 2015...

CLIMATE NORMAL PERIOD 1981 TO 2010
CLIMATE RECORD PERIOD 1952 TO 2015


WEATHER ITEM   OBSERVED RECORD YEAR NORMAL DEPARTURE LAST
                VALUE   VALUE       VALUE  FROM      YEAR
                                           NORMAL
...........................................................
TEMPERATURE (F)
 YESTERDAY
  MAXIMUM         87     95    1987  82      5       82
  MINIMUM         63     47    1976  60      3       53
  AVERAGE         75                 71      4       68

PRECIPITATION (IN)
  YESTERDAY        T      0.94 1970   0.13  -0.13     0.00
  MONTH TO DATE    T                  0.51  -0.51     0.36
  SINCE JUN 1      7.74               8.77  -1.03     5.35
  SINCE JAN 1     23.27              26.11  -2.84    20.18

SNOWFALL (IN)
  YESTERDAY        0.0                                0.0
  MONTH TO DATE    0.0                                0.0
  SINCE JUN 1      T                                   T
  SINCE JUL 1      T                                  0.0
  SNOW DEPTH       0

DEGREE DAYS
 HEATING
  YESTERDAY        0                  0      0        0
  MONTH TO DATE    0                  0      0        0
  SINCE JUN 1     11                 44    -33       11
  SINCE JUL 1      0                  6     -6        8

 COOLING
  YESTERDAY       10                  6      4        3
  MONTH TO DATE   24                 24      0        6
  SINCE JUN 1    482                339    143      352
  SINCE JAN 1    558                368    190      410
...........................................................


WIND (MPH)
  HIGHEST WIND SPEED    10   HIGHEST WIND DIRECTION     W (290)
  HIGHEST GUST SPEED    17   HIGHEST GUST DIRECTION     W (290)
  AVERAGE WIND SPEED     3.3


SKY COVER
  AVERAGE SKY COVER 0.1


WEATHER CONDITIONS
 THE FOLLOWING WEATHER WAS RECORDED YESTERDAY.
  LIGHT RAIN


RELATIVE HUMIDITY (PERCENT)
 HIGHEST    96           600 AM
 LOWEST     53           200 PM
 AVERAGE    75

..........................................................


THE BLACKSBURG VA CLIMATE NORMALS FOR TODAY
                         NORMAL    RECORD    YEAR
 MAXIMUM TEMPERATURE (F)   82        93      1987
 MINIMUM TEMPERATURE (F)   60        49      1998


SUNRISE AND SUNSET
AUGUST  5 2015........SUNRISE   630 AM EDT   SUNSET   825 PM EDT
AUGUST  6 2015........SUNRISE   630 AM EDT   SUNSET   824 PM EDT


-  INDICATES NEGATIVE NUMBERS.
R  INDICATES RECORD WAS SET OR TIED.
MM INDICATES DATA IS MISSING.
T  INDICATES TRACE AMOUNT.

$$

RAB
