000
CDUS41 KRNK 252129
CLIRNK


CLIMATE REPORT
NATIONAL WEATHER SERVICE BLACKSBURG VA
527 PM EDT FRI JUL 25 2014


...................................

...THE BLACKSBURG VA CLIMATE SUMMARY FOR JULY 25 2014...
VALID TODAY AS OF 0500 PM LOCAL TIME.

CLIMATE NORMAL PERIOD 1981 TO 2010
CLIMATE RECORD PERIOD 1952 TO 2014


WEATHER ITEM   OBSERVED TIME   RECORD YEAR NORMAL DEPARTURE LAST
                VALUE   (LST)  VALUE       VALUE  FROM      YEAR
                                                  NORMAL
..................................................................
TEMPERATURE (F)
 TODAY
  MAXIMUM         83    300 PM  92    1987  82      1       79
  MINIMUM         62    100 AM  53    1988  60      2       58
  AVERAGE         73                        71      2       69

PRECIPITATION (IN)
  TODAY            0.00          1.21 1992   0.14  -0.14     0.00
  MONTH TO DATE    1.72                      3.44  -1.72     5.94
  SINCE JUN 1      4.79                      7.44  -2.65    13.88
  SINCE JAN 1     19.62                     24.78  -5.16    35.75

SNOWFALL (IN)
  TODAY            0.0
  MONTH TO DATE    0.0
  SINCE JUN 1      T
  SINCE JUL 1      0.0
  SNOW DEPTH       0

DEGREE DAYS
 HEATING
  TODAY            0                         0      0        0
  MONTH TO DATE    6                         0      6        0
  SINCE JUN 1      9                        38    -29        7
  SINCE JUL 1      6                         0      6        0

 COOLING
  TODAY            8                         6      2        4
  MONTH TO DATE  157                       156      1      204
  SINCE JUN 1    323                       275     48      320
  SINCE JAN 1    381                       304     77      351
..................................................................


WIND (MPH)
  HIGHEST WIND SPEED     7   HIGHEST WIND DIRECTION    NW (310)
  HIGHEST GUST SPEED    MM   HIGHEST GUST DIRECTION    MM
  AVERAGE WIND SPEED     2.3


SKY COVER
  POSSIBLE SUNSHINE  MM
  AVERAGE SKY COVER 0.8


WEATHER CONDITIONS
 THE FOLLOWING WEATHER WAS RECORDED TODAY.
  FOG


RELATIVE HUMIDITY (PERCENT)
 HIGHEST   100          1200 AM
 LOWEST     54           200 PM
 AVERAGE    77

..........................................................


THE BLACKSBURG VA CLIMATE NORMALS FOR TOMORROW
                         NORMAL    RECORD    YEAR
 MAXIMUM TEMPERATURE (F)   82        94      1987
 MINIMUM TEMPERATURE (F)   60        50      1983


SUNRISE AND SUNSET
JULY 25 2014..........SUNRISE   621 AM EDT   SUNSET   835 PM EDT
JULY 26 2014..........SUNRISE   622 AM EDT   SUNSET   834 PM EDT


-  INDICATES NEGATIVE NUMBERS.
R  INDICATES RECORD WAS SET OR TIED.
MM INDICATES DATA IS MISSING.
T  INDICATES TRACE AMOUNT.

REMARKS

TRACE OF SNOW IS FROM HAIL ON JUNE 17

$$

MBS
