273
CDUS41 KRNK 190750
CLIRNK


CLIMATE REPORT
NATIONAL WEATHER SERVICE BLACKSBURG VA
343 AM EDT THU OCT 19 2017


...................................

...THE BLACKSBURG VA CLIMATE SUMMARY FOR OCTOBER 18 2017...

CLIMATE NORMAL PERIOD 1981 TO 2010
CLIMATE RECORD PERIOD 1952 TO 2017


WEATHER ITEM   OBSERVED RECORD YEAR NORMAL DEPARTURE LAST
                VALUE   VALUE       VALUE  FROM      YEAR
                                           NORMAL
...........................................................
TEMPERATURE (F)
 YESTERDAY
  MAXIMUM         67     80    1953  65      2       78
  MINIMUM         33     22    1970  38     -5       50
  AVERAGE         50                 52     -2       64

PRECIPITATION (IN)
  YESTERDAY        0.00   2.68 1975   0.09  -0.09     0.00
  MONTH TO DATE    3.69               1.61   2.08     1.96
  SINCE SEP 1      5.14               4.71   0.43     8.67
  SINCE JAN 1     35.10              33.90   1.20    37.34

SNOWFALL (IN)
  YESTERDAY        0.0                                0.0
  MONTH TO DATE    0.0                                0.0
  SINCE SEP 1      0.0                                0.0
  SINCE JUL 1      0.0                                0.0
  SNOW DEPTH       0

DEGREE DAYS
 HEATING
  YESTERDAY       15                 13      2        1
  MONTH TO DATE   90                198   -108      110
  SINCE SEP 1    160                311   -151      117
  SINCE JUL 1    169                329   -160      117

 COOLING
  YESTERDAY        0                  0      0        0
  MONTH TO DATE   35                  1     34        0
  SINCE SEP 1     96                 58     38      132
  SINCE JAN 1    632                570     62      909
...........................................................


WIND (MPH)
  HIGHEST WIND SPEED     8   HIGHEST WIND DIRECTION    SE (120)
  HIGHEST GUST SPEED    MM   HIGHEST GUST DIRECTION    MM
  AVERAGE WIND SPEED     1.6


SKY COVER
  AVERAGE SKY COVER 0.0


WEATHER CONDITIONS
 THE FOLLOWING WEATHER WAS RECORDED YESTERDAY.
  FOG


RELATIVE HUMIDITY (PERCENT)
 HIGHEST   100           300 AM
 LOWEST     36           415 PM
 AVERAGE    68

..........................................................


THE BLACKSBURG VA CLIMATE NORMALS FOR TODAY
                         NORMAL    RECORD    YEAR
 MAXIMUM TEMPERATURE (F)   65        83      2016
 MINIMUM TEMPERATURE (F)   38        25      1970


SUNRISE AND SUNSET
OCTOBER 19 2017.......SUNRISE   734 AM EDT   SUNSET   639 PM EDT
OCTOBER 20 2017.......SUNRISE   734 AM EDT   SUNSET   638 PM EDT


-  INDICATES NEGATIVE NUMBERS.
R  INDICATES RECORD WAS SET OR TIED.
MM INDICATES DATA IS MISSING.
T  INDICATES TRACE AMOUNT.


REMARKS:
DUE TO MISSING TEMPERATURES ON SEPTEMBER 8-10...ALL TEMPERATURE AND
DEGREE DAY INFORMATION WILL BE CALCULATED WITHOUT DATA FROM THESE
DATES.


$$
