000
CDUS41 KRNK 192121
CLIRNK


CLIMATE REPORT
NATIONAL WEATHER SERVICE BLACKSBURG VA
518 PM EDT SAT AUG 19 2017


...................................

...THE BLACKSBURG VA CLIMATE SUMMARY FOR AUGUST 19 2017...
VALID TODAY AS OF 0500 PM LOCAL TIME.

CLIMATE NORMAL PERIOD 1981 TO 2010
CLIMATE RECORD PERIOD 1952 TO 2017


WEATHER ITEM   OBSERVED RECORD YEAR NORMAL DEPARTURE LAST
                VALUE   VALUE       VALUE  FROM      YEAR
                                           NORMAL
...........................................................
TEMPERATURE (F)
 TODAY
  MAXIMUM         83     93    2007  82      1       78
                               1988
  MINIMUM         59     48    1977  59      0       67
  AVERAGE         71                 70      1       73

PRECIPITATION (IN)
  TODAY            0.00   1.70 1989   0.12  -0.12     0.15
  MONTH TO DATE    1.76               2.26  -0.50     3.91
  SINCE JUN 1      7.98              10.52  -2.54    12.05
  SINCE JAN 1     29.22              27.86   1.36    28.07

SNOWFALL (IN)
  TODAY            0.0                                0.0
  MONTH TO DATE    0.0                                0.0
  SINCE JUN 1      0.0                                0.0
  SINCE JUL 1      0.0                                0.0
  SNOW DEPTH       0

DEGREE DAYS
 HEATING
  TODAY            0                  0      0        0
  MONTH TO DATE    2                  0      2        0
  SINCE JUN 1     36                 44     -8       12
  SINCE JUL 1      2                  6     -4        0

 COOLING
  TODAY            6                  5      1        8
  MONTH TO DATE  105                112     -7      179
  SINCE JUN 1    442                427     15      636
  SINCE JAN 1    496                456     40      682
...........................................................


WIND (MPH)
  HIGHEST WIND SPEED     7   HIGHEST WIND DIRECTION    SW (240)
  HIGHEST GUST SPEED    MM   HIGHEST GUST DIRECTION    MM
  AVERAGE WIND SPEED     1.9


SKY COVER
  AVERAGE SKY COVER 0.1


WEATHER CONDITIONS
 THE FOLLOWING WEATHER WAS RECORDED TODAY.
  FOG


RELATIVE HUMIDITY (PERCENT)
 HIGHEST   100           100 AM
 LOWEST     49           300 PM
 AVERAGE    75

..........................................................


THE BLACKSBURG VA CLIMATE NORMALS FOR TOMORROW
                         NORMAL    RECORD    YEAR
 MAXIMUM TEMPERATURE (F)   82        92      2007
                                             1988
 MINIMUM TEMPERATURE (F)   59        47      1964


SUNRISE AND SUNSET
AUGUST 19 2017........SUNRISE   642 AM EDT   SUNSET   808 PM EDT
AUGUST 20 2017........SUNRISE   643 AM EDT   SUNSET   807 PM EDT


-  INDICATES NEGATIVE NUMBERS.
R  INDICATES RECORD WAS SET OR TIED.
MM INDICATES DATA IS MISSING.
T  INDICATES TRACE AMOUNT.


$$

PW
