000
CDUS41 KRNK 072106
CLIRNK


CLIMATE REPORT
NATIONAL WEATHER SERVICE BLACKSBURG VA
506 PM EDT TUE JUL 7 2015


...................................

...THE BLACKSBURG VA CLIMATE SUMMARY FOR JULY 7 2015...
VALID TODAY AS OF 0500 PM LOCAL TIME.

CLIMATE NORMAL PERIOD 1981 TO 2010
CLIMATE RECORD PERIOD 1952 TO 2015


WEATHER ITEM   OBSERVED RECORD YEAR NORMAL DEPARTURE LAST
                VALUE   VALUE       VALUE  FROM      YEAR
                                           NORMAL
...........................................................
TEMPERATURE (F)
 TODAY
  MAXIMUM         83     94    2010  82      1       86
  MINIMUM         61     41    1972  60      1       58
  AVERAGE         72                 71      1       72

PRECIPITATION (IN)
  TODAY            0.00   1.78 2005   0.13  -0.13     0.00
  MONTH TO DATE    2.08               0.89   1.19     0.01
  SINCE JUN 1      5.56               4.89   0.67     3.08
  SINCE JAN 1     21.09              22.23  -1.14    17.91

SNOWFALL (IN)
  TODAY            0.0                                0.0
  MONTH TO DATE    0.0                                0.0
  SINCE JUN 1      0.0                                 T
  SINCE JUL 1      0.0                                0.0
  SNOW DEPTH       0

DEGREE DAYS
 HEATING
  TODAY            0                  0      0        0
  MONTH TO DATE    0                  0      0        2
  SINCE JUN 1     11                 38    -27        5
  SINCE JUL 1      0                  0      0        2

 COOLING
  TODAY            7                  6      1        7
  MONTH TO DATE   35                 42     -7       44
  SINCE JUN 1    247                161     86      210
  SINCE JAN 1    323                190    133      268
...........................................................


WIND (MPH)
  HIGHEST WIND SPEED     9   HIGHEST WIND DIRECTION    SW (210)
  HIGHEST GUST SPEED    MM   HIGHEST GUST DIRECTION    MM
  AVERAGE WIND SPEED     2.5


SKY COVER
  AVERAGE SKY COVER 0.7


WEATHER CONDITIONS
 THE FOLLOWING WEATHER WAS RECORDED TODAY.
  FOG
  FOG W/VISIBILITY <= 1/4 MILE


RELATIVE HUMIDITY (PERCENT)
 HIGHEST   100          1200 AM
 LOWEST     56           200 PM
 AVERAGE    78

..........................................................


THE BLACKSBURG VA CLIMATE NORMALS FOR TOMORROW
                         NORMAL    RECORD    YEAR
 MAXIMUM TEMPERATURE (F)   82        96      1988
 MINIMUM TEMPERATURE (F)   60        45      1972


SUNRISE AND SUNSET
JULY  7 2015..........SUNRISE   608 AM EDT   SUNSET   845 PM EDT
JULY  8 2015..........SUNRISE   609 AM EDT   SUNSET   845 PM EDT


-  INDICATES NEGATIVE NUMBERS.
R  INDICATES RECORD WAS SET OR TIED.
MM INDICATES DATA IS MISSING.
T  INDICATES TRACE AMOUNT.




$$
