000
CDUS41 KRNK 060731
CLIRNK


CLIMATE REPORT
NATIONAL WEATHER SERVICE BLACKSBURG VA
229 AM EST TUE DEC 6 2016


...................................

...THE BLACKSBURG VA CLIMATE SUMMARY FOR DECEMBER 5 2016...

CLIMATE NORMAL PERIOD 1981 TO 2010
CLIMATE RECORD PERIOD 1952 TO 2016


WEATHER ITEM   OBSERVED RECORD YEAR NORMAL DEPARTURE LAST
                VALUE   VALUE       VALUE  FROM      YEAR
                                           NORMAL
...........................................................
TEMPERATURE (F)
 YESTERDAY
  MAXIMUM         53     70    2001  47      6       54
  MINIMUM         35      2    1974  26      9       21
  AVERAGE         44                 36      8       38

PRECIPITATION (IN)
  YESTERDAY        0.03   2.69 1993   0.10  -0.07     0.00
  MONTH TO DATE    0.35               0.51  -0.16     1.68
  SINCE DEC 1      0.35               0.51  -0.16     1.68
  SINCE JAN 1     39.30              38.45   0.85    45.66

SNOWFALL (IN)
  YESTERDAY        0.0                                0.0
  MONTH TO DATE    T                                  0.0
  SINCE DEC 1      T                                  0.0
  SINCE JUL 1      T                                   T
  SNOW DEPTH       0

DEGREE DAYS
 HEATING
  YESTERDAY       21                 29     -8       27
  MONTH TO DATE  130                140    -10      121
  SINCE DEC 1    130                140    -10      121
  SINCE JUL 1    903               1320   -417     1009

 COOLING
  YESTERDAY        0                  0      0        0
  MONTH TO DATE    0                  0      0        0
  SINCE DEC 1      0                  0      0        0
  SINCE JAN 1    914                573    341      820
...........................................................


WIND (MPH)
  HIGHEST WIND SPEED    10   HIGHEST WIND DIRECTION    NW (300)
  HIGHEST GUST SPEED    17   HIGHEST GUST DIRECTION     W (280)
  AVERAGE WIND SPEED     3.3


SKY COVER
  AVERAGE SKY COVER 0.6


WEATHER CONDITIONS
 THE FOLLOWING WEATHER WAS RECORDED YESTERDAY.
  RAIN
  LIGHT RAIN
  FOG


RELATIVE HUMIDITY (PERCENT)
 HIGHEST   100          1200 AM
 LOWEST     52           200 PM
 AVERAGE    76

..........................................................


THE BLACKSBURG VA CLIMATE NORMALS FOR TODAY
                         NORMAL    RECORD    YEAR
 MAXIMUM TEMPERATURE (F)   46        75      2001
 MINIMUM TEMPERATURE (F)   26         4      1974


SUNRISE AND SUNSET
DECEMBER  6 2016......SUNRISE   722 AM EST   SUNSET   504 PM EST
DECEMBER  7 2016......SUNRISE   723 AM EST   SUNSET   504 PM EST


-  INDICATES NEGATIVE NUMBERS.
R  INDICATES RECORD WAS SET OR TIED.
MM INDICATES DATA IS MISSING.
T  INDICATES TRACE AMOUNT.




$$
