000
CDUS41 KRNK 270926
CLIRNK

CLIMATE REPORT
NATIONAL WEATHER SERVICE BLACKSBURG VA
526 AM EDT SAT AUG 27 2016


...................................

...THE BLACKSBURG VA CLIMATE SUMMARY FOR AUGUST 26 2016...

CLIMATE NORMAL PERIOD 1981 TO 2010
CLIMATE RECORD PERIOD 1952 TO 2016


WEATHER ITEM   OBSERVED RECORD YEAR NORMAL DEPARTURE LAST
                VALUE   VALUE       VALUE  FROM      YEAR
                                           NORMAL
...........................................................
TEMPERATURE (F)
 YESTERDAY
  MAXIMUM         90     91    1993  81      9       75
  MINIMUM         65     42    1970  58      7       52
  AVERAGE         78                 69      9       64

PRECIPITATION (IN)
  YESTERDAY        0.00   2.18 1961   0.11  -0.11     0.00
  MONTH TO DATE    4.15               3.06   1.09     4.08
  SINCE JUN 1     12.29              11.32   0.97    11.82
  SINCE JAN 1     28.31              28.66  -0.35    27.35

SNOWFALL (IN)
  YESTERDAY        0.0                                0.0
  MONTH TO DATE    0.0                                0.0
  SINCE JUN 1      0.0                                 T
  SINCE JUL 1      0.0                                 T
  SNOW DEPTH       0

DEGREE DAYS
 HEATING
  YESTERDAY        0                  1     -1        1
  MONTH TO DATE    0                  1     -1        1
  SINCE JUN 1     12                 45    -33       12
  SINCE JUL 1      0                  7     -7        1

 COOLING
  YESTERDAY       13                  5      8        0
  MONTH TO DATE  222                147     75      169
  SINCE JUN 1    679                462    217      627
  SINCE JAN 1    725                491    234      703
...........................................................


WIND (MPH)
  HIGHEST WIND SPEED     8   HIGHEST WIND DIRECTION    NE (30)
  HIGHEST GUST SPEED    MM   HIGHEST GUST DIRECTION    MM
  AVERAGE WIND SPEED     1.6


SKY COVER
  AVERAGE SKY COVER 0.4


WEATHER CONDITIONS
 THE FOLLOWING WEATHER WAS RECORDED YESTERDAY.
  FOG
  FOG W/VISIBILITY <= 1/4 MILE


RELATIVE HUMIDITY (PERCENT)
 HIGHEST   100          1200 AM
 LOWEST     50           400 PM
 AVERAGE    75

..........................................................


THE BLACKSBURG VA CLIMATE NORMALS FOR TODAY
                         NORMAL    RECORD    YEAR
 MAXIMUM TEMPERATURE (F)   81        96      1959
 MINIMUM TEMPERATURE (F)   57        40      1968


SUNRISE AND SUNSET
AUGUST 27 2016........SUNRISE   649 AM EDT   SUNSET   757 PM EDT
AUGUST 28 2016........SUNRISE   649 AM EDT   SUNSET   755 PM EDT


-  INDICATES NEGATIVE NUMBERS.
R  INDICATES RECORD WAS SET OR TIED.
MM INDICATES DATA IS MISSING.
T  INDICATES TRACE AMOUNT.

$$

PW
