000
CDUS46 KSGX 310021
CLIRNM


CLIMATE REPORT
NATIONAL WEATHER SERVICE SAN DIEGO, CA
521 PM PDT THU OCT 30 2014


...................................

...THE RAMONA AIRPORT CA CLIMATE SUMMARY FOR OCTOBER 30 2014...
VALID TODAY AS OF 0500 PM LOCAL TIME.

CLIMATE NORMAL PERIOD 1981 TO 2010
CLIMATE RECORD PERIOD 1974 TO 2014


WEATHER ITEM   OBSERVED TIME   RECORD YEAR NORMAL DEPARTURE LAST
                VALUE   (LST)  VALUE       VALUE  FROM      YEAR
                                                  NORMAL
..................................................................
TEMPERATURE (F)
 TODAY
  MAXIMUM         83    111 PM  90    1999  76      7       68
  MINIMUM         40    323 AM  31    1976  45     -5       39
  AVERAGE         62                        60      2       54

PRECIPITATION (IN)
  TODAY            0.00          0.90 1996   0.03  -0.03     0.00
  MONTH TO DATE    T                         0.69  -0.69     1.62
  SINCE JUL 1      0.41                      1.26  -0.85     1.71
  SINCE JAN 1      5.50                     12.59  -7.09     6.21

SNOWFALL (IN)
  TODAY            0.0
  MONTH TO DATE    0.0
  SINCE JAN 1      0.0
  SINCE JUL 1      0.0
  SNOW DEPTH       0

DEGREE DAYS
 HEATING
  TODAY            3                         5     -2       11
  MONTH TO DATE   16                        96    -80      130
  SINCE SEP 1     16                       111    -95      144
  SINCE JUL 1     16                       114    -98      145

 COOLING
  TODAY            0                         1     -1        0
  MONTH TO DATE   83                        50     33       10
  SINCE SEP 1    378                       230    148      229
  SINCE JAN 1   1117                       843    274      893
..................................................................


WIND (MPH)
  RESULTANT WIND SPEED   3   RESULTANT WIND DIRECTION   W (280)
  HIGHEST WIND SPEED    15   HIGHEST WIND DIRECTION     W (270)
  HIGHEST GUST SPEED    18   HIGHEST GUST DIRECTION     W (280)
  AVERAGE WIND SPEED     4.2


SKY COVER
  POSSIBLE SUNSHINE  MM
  AVERAGE SKY COVER 0.0


WEATHER CONDITIONS
 THE FOLLOWING WEATHER WAS RECORDED TODAY.
  NO SIGNIFICANT WEATHER WAS OBSERVED.


RELATIVE HUMIDITY (PERCENT)
 HIGHEST    89           100 AM
 LOWEST     23          1000 AM
 AVERAGE    56

..........................................................


THE RAMONA AIRPORT CA CLIMATE NORMALS FOR TOMORROW
                         NORMAL    RECORD    YEAR
 MAXIMUM TEMPERATURE (F)   76        91      1999
 MINIMUM TEMPERATURE (F)   44        32      1979


SUNRISE AND SUNSET
OCTOBER 30 2014.......SUNRISE   704 AM PDT   SUNSET   558 PM PDT
OCTOBER 31 2014.......SUNRISE   705 AM PDT   SUNSET   557 PM PDT


-  INDICATES NEGATIVE NUMBERS.
R  INDICATES RECORD WAS SET OR TIED.
MM INDICATES DATA IS MISSING.
T  INDICATES TRACE AMOUNT.




$$
