000
CDUS46 KSGX 231421
CLIRNM


CLIMATE REPORT
NATIONAL WEATHER SERVICE SAN DIEGO, CA
720 AM PDT SAT MAY 23 2015


...................................

...THE RAMONA AIRPORT CA CLIMATE SUMMARY FOR MAY 22 2015...

CLIMATE NORMAL PERIOD 1981 TO 2010
CLIMATE RECORD PERIOD 1974 TO 2015


WEATHER ITEM   OBSERVED TIME   RECORD YEAR NORMAL DEPARTURE LAST
                VALUE   (LST)  VALUE       VALUE  FROM      YEAR
                                                  NORMAL
..................................................................
TEMPERATURE (F)
 YESTERDAY
  MAXIMUM         66    137 PM  93    2001  77    -11       66
  MINIMUM         50    843 PM  40    1987  48      2       54
  AVERAGE         58                        62     -4       60

PRECIPITATION (IN)
  YESTERDAY        0.09          0.37 2006   0.00   0.09     0.00
  MONTH TO DATE    1.40                      0.29   1.11      T
  SINCE OCT 1      9.33                     15.34  -6.01     7.76
  SINCE JAN 1      4.73                     11.20  -6.47     5.09

SNOWFALL (IN)
  YESTERDAY        0.0
  MONTH TO DATE    0.0
  SINCE MAR 1      0.0
  SINCE JUL 1      0.0
  SNOW DEPTH       0

DEGREE DAYS
 HEATING
  YESTERDAY        7                         4      3        5
  MONTH TO DATE  126                       107     19       67
  SINCE MAR 1    514                       758   -244      508
  SINCE JUL 1   1698                      2499   -801     1929

 COOLING
  YESTERDAY        0                         1     -1        0
  MONTH TO DATE    6                        10     -4       47
  SINCE MAR 1     25                        14     11       56
  SINCE JAN 1     27                        15     12       56
..................................................................


WIND (MPH)
  RESULTANT WIND SPEED  10   RESULTANT WIND DIRECTION   W (270)
  HIGHEST WIND SPEED    20   HIGHEST WIND DIRECTION     W (270)
  HIGHEST GUST SPEED    24   HIGHEST GUST DIRECTION     W (260)
  AVERAGE WIND SPEED     9.6


SKY COVER
  POSSIBLE SUNSHINE  MM
  AVERAGE SKY COVER 0.8


WEATHER CONDITIONS
 THE FOLLOWING WEATHER WAS RECORDED YESTERDAY.
  RAIN
  LIGHT RAIN
  FOG


RELATIVE HUMIDITY (PERCENT)
 HIGHEST    96           400 AM
 LOWEST     48           300 PM
 AVERAGE    72

..........................................................


THE RAMONA AIRPORT CA CLIMATE NORMALS FOR TODAY
                         NORMAL    RECORD    YEAR
 MAXIMUM TEMPERATURE (F)   77        97      2001
 MINIMUM TEMPERATURE (F)   49        38      1975


SUNRISE AND SUNSET
MAY 23 2015...........SUNRISE   543 AM PDT   SUNSET   746 PM PDT
MAY 24 2015...........SUNRISE   543 AM PDT   SUNSET   746 PM PDT


-  INDICATES NEGATIVE NUMBERS.
R  INDICATES RECORD WAS SET OR TIED.
MM INDICATES DATA IS MISSING.
T  INDICATES TRACE AMOUNT.




$$
