000
CDUS46 KSGX 251417
CLIRNM


CLIMATE REPORT
NATIONAL WEATHER SERVICE SAN DIEGO, CA
617 AM PST THU DEC 25 2014


...................................

...THE RAMONA AIRPORT CA CLIMATE SUMMARY FOR DECEMBER 24 2014...

CLIMATE NORMAL PERIOD 1981 TO 2010
CLIMATE RECORD PERIOD 1974 TO 2014


WEATHER ITEM   OBSERVED TIME   RECORD YEAR NORMAL DEPARTURE LAST
                VALUE   (LST)  VALUE       VALUE  FROM      YEAR
                                                  NORMAL
..................................................................
TEMPERATURE (F)
 YESTERDAY
  MAXIMUM         73   1226 PM  85    2005  65      8       75
  MINIMUM         45   1021 PM  25    2011  34     11       38
                                      1998
  AVERAGE         59                        49     10       57

PRECIPITATION (IN)
  YESTERDAY        0.00          0.17 1994   0.08  -0.08     0.00
  MONTH TO DATE    3.18                      1.41   1.77     0.84
  SINCE JUL 1      4.52                      3.89   0.63     2.76
  SINCE JAN 1      9.61                     15.22  -5.61     7.26

SNOWFALL (IN)
  YESTERDAY        0.0
  MONTH TO DATE    0.0
  SINCE JAN 1      0.0
  SINCE JUL 1      0.0
  SNOW DEPTH       0

DEGREE DAYS
 HEATING
  YESTERDAY        6                        16    -10        8
  MONTH TO DATE  244                       371   -127      340
  SINCE DEC 1    244                       371   -127      340
  SINCE JUL 1    444                       782   -338      769

 COOLING
  YESTERDAY        0                         0      0        0
  MONTH TO DATE    0                         0      0        1
  SINCE DEC 1      0                         0      0        1
  SINCE JAN 1   1119                       850    269      899
..................................................................


WIND (MPH)
  RESULTANT WIND SPEED   3   RESULTANT WIND DIRECTION  NE (60)
  HIGHEST WIND SPEED    18   HIGHEST WIND DIRECTION     E (70)
  HIGHEST GUST SPEED    24   HIGHEST GUST DIRECTION     E (80)
  AVERAGE WIND SPEED     5.5


SKY COVER
  POSSIBLE SUNSHINE  MM
  AVERAGE SKY COVER 0.0


WEATHER CONDITIONS
 THE FOLLOWING WEATHER WAS RECORDED YESTERDAY.
  NO SIGNIFICANT WEATHER WAS OBSERVED.


RELATIVE HUMIDITY (PERCENT)
 HIGHEST    68           800 PM
 LOWEST     16          1100 AM
 AVERAGE    42

..........................................................


THE RAMONA AIRPORT CA CLIMATE NORMALS FOR TODAY
                         NORMAL    RECORD    YEAR
 MAXIMUM TEMPERATURE (F)   65        83      1980
 MINIMUM TEMPERATURE (F)   34        22      1987


SUNRISE AND SUNSET
DECEMBER 25 2014......SUNRISE   649 AM PST   SUNSET   447 PM PST
DECEMBER 26 2014......SUNRISE   649 AM PST   SUNSET   448 PM PST


-  INDICATES NEGATIVE NUMBERS.
R  INDICATES RECORD WAS SET OR TIED.
MM INDICATES DATA IS MISSING.
T  INDICATES TRACE AMOUNT.




$$
