616
CDUS46 KSGX 090117
CLIRNM


CLIMATE REPORT
NATIONAL WEATHER SERVICE SAN DIEGO, CA
516 PM PST MON FEB 8 2016


...................................

...THE RAMONA AIRPORT CA CLIMATE SUMMARY FOR FEBRUARY 8 2016...
VALID TODAY AS OF 0500 PM LOCAL TIME.

CLIMATE NORMAL PERIOD 1981 TO 2010
CLIMATE RECORD PERIOD 1974 TO 2016


WEATHER ITEM   OBSERVED TIME   RECORD YEAR NORMAL DEPARTURE LAST
                VALUE   (LST)  VALUE       VALUE  FROM      YEAR
                                                  NORMAL
..................................................................
TEMPERATURE (F)
 TODAY
  MAXIMUM         79    132 PM  84    1996  65     14       77
  MINIMUM         54    216 AM  27    2001  36     18       42
  AVERAGE         67                        50     17       60

PRECIPITATION (IN)
  TODAY            0.00          2.07 1993   0.10  -0.10     0.00
  MONTH TO DATE    0.01                      0.61  -0.60     0.00
  SINCE OCT 1     10.08                      8.07   2.01     5.39
  SINCE JAN 1      6.55                      3.93   2.62     0.79

DEGREE DAYS
 HEATING
  TODAY            0                        15    -15        5
  MONTH TO DATE   88                       120    -32       66
  SINCE DEC 1   1030                      1056    -26      814
  SINCE JUL 1   1369                      1467    -98     1014

 COOLING
  TODAY            2                         0      2        0
  MONTH TO DATE    2                         0      2        0
  SINCE DEC 1      2                         1      1        0
  SINCE JAN 1      2                         1      1        0
..................................................................


WIND (MPH)
  RESULTANT WIND SPEED  12   RESULTANT WIND DIRECTION   E (70)
  HIGHEST WIND SPEED    23   HIGHEST WIND DIRECTION     E (70)
  HIGHEST GUST SPEED    30   HIGHEST GUST DIRECTION     E (80)
  AVERAGE WIND SPEED    12.3


SKY COVER
  POSSIBLE SUNSHINE  MM
  AVERAGE SKY COVER 0.0


WEATHER CONDITIONS
 THE FOLLOWING WEATHER WAS RECORDED TODAY.
  NO SIGNIFICANT WEATHER WAS OBSERVED.


RELATIVE HUMIDITY (PERCENT)
 HIGHEST    26           200 AM
 LOWEST     15          1200 AM
 AVERAGE    21

..........................................................


THE RAMONA AIRPORT CA CLIMATE NORMALS FOR TOMORROW
                         NORMAL    RECORD    YEAR
 MAXIMUM TEMPERATURE (F)   65        83      1988
 MINIMUM TEMPERATURE (F)   37        28      2001


SUNRISE AND SUNSET
FEBRUARY  8 2016......SUNRISE   638 AM PST   SUNSET   526 PM PST
FEBRUARY  9 2016......SUNRISE   637 AM PST   SUNSET   527 PM PST


-  INDICATES NEGATIVE NUMBERS.
R  INDICATES RECORD WAS SET OR TIED.
MM INDICATES DATA IS MISSING.
T  INDICATES TRACE AMOUNT.




$$
