331
CDUS46 KSGX 220124
CLIRNM


CLIMATE REPORT
NATIONAL WEATHER SERVICE SAN DIEGO, CA
523 PM PST WED FEB 21 2018


...................................

...THE RAMONA AIRPORT CA CLIMATE SUMMARY FOR FEBRUARY 21 2018...
VALID TODAY AS OF 0500 PM LOCAL TIME.

CLIMATE NORMAL PERIOD 1981 TO 2010
CLIMATE RECORD PERIOD 1974 TO 2018


WEATHER ITEM   OBSERVED TIME   RECORD YEAR NORMAL DEPARTURE LAST
                VALUE   (LST)  VALUE       VALUE  FROM      YEAR
                                                  NORMAL
..................................................................
TEMPERATURE (F)
 TODAY
  MAXIMUM         51    349 PM  83    1982  65    -14       74
  MINIMUM         24R   312 AM  29    2012  38    -14       43
                                      2011
  AVERAGE         38                        51    -13       59

PRECIPITATION (IN)
  TODAY            T             4.07 1980   0.13  -0.13     0.00
  MONTH TO DATE    0.06                      2.21  -2.15     2.00
  SINCE OCT 1      3.39                      9.67  -6.28    16.36
  SINCE JAN 1      3.35                      5.53  -2.18     9.34

DEGREE DAYS
 HEATING
  TODAY           27                        14     13        6
  MONTH TO DATE  231                       302    -71      207
  SINCE DEC 1    788                      1238   -450     1063
  SINCE JUL 1    969                      1649   -680     1314

 COOLING
  TODAY            0                         0      0        0
  MONTH TO DATE    0                         0      0        0
  SINCE DEC 1     17                         1     16        1
  SINCE JAN 1     16                         1     15        0
..................................................................


WIND (MPH)
  RESULTANT WIND SPEED   2   RESULTANT WIND DIRECTION  SE (150)
  HIGHEST WIND SPEED    15   HIGHEST WIND DIRECTION    SW (230)
  HIGHEST GUST SPEED    17   HIGHEST GUST DIRECTION    SW (230)
  AVERAGE WIND SPEED     4.1


SKY COVER
  POSSIBLE SUNSHINE  MM
  AVERAGE SKY COVER 0.6


WEATHER CONDITIONS
 THE FOLLOWING WEATHER WAS RECORDED TODAY.
  LIGHT RAIN


RELATIVE HUMIDITY (PERCENT)
 HIGHEST    81          1200 AM
 LOWEST     46           900 AM
 AVERAGE    64

..........................................................


THE RAMONA AIRPORT CA CLIMATE NORMALS FOR TOMORROW
                         NORMAL    RECORD    YEAR
 MAXIMUM TEMPERATURE (F)   65        88      2002
 MINIMUM TEMPERATURE (F)   38        22      2006


SUNRISE AND SUNSET
FEBRUARY 21 2018......SUNRISE   625 AM PST   SUNSET   538 PM PST
FEBRUARY 22 2018......SUNRISE   624 AM PST   SUNSET   539 PM PST


-  INDICATES NEGATIVE NUMBERS.
R  INDICATES RECORD WAS SET OR TIED.
MM INDICATES DATA IS MISSING.
T  INDICATES TRACE AMOUNT.




$$
