000
CDUS46 KSGX 060017
CLIRNM


CLIMATE REPORT
NATIONAL WEATHER SERVICE SAN DIEGO, CA
416 PM PST THU MAR 5 2015


...................................

...THE RAMONA AIRPORT CA CLIMATE SUMMARY FOR MARCH 5 2015...
VALID TODAY AS OF 0400 PM LOCAL TIME.

CLIMATE NORMAL PERIOD 1981 TO 2010
CLIMATE RECORD PERIOD 1974 TO 2015


WEATHER ITEM   OBSERVED TIME   RECORD YEAR NORMAL DEPARTURE LAST
                VALUE   (LST)  VALUE       VALUE  FROM      YEAR
                                                  NORMAL
..................................................................
TEMPERATURE (F)
 TODAY
  MAXIMUM         71    257 PM  82    1987  66      5       78
  MINIMUM         34    616 AM  26    1974  39     -5       40
  AVERAGE         53                        52      1       59

PRECIPITATION (IN)
  TODAY            0.00          2.65 1995   0.18  -0.18     0.00
  MONTH TO DATE    1.23                      0.90   0.33     0.89
  SINCE OCT 1      7.44                     11.47  -4.03     6.68
  SINCE JAN 1      2.84                      7.33  -4.49     4.01

SNOWFALL (IN)
  TODAY            0.0
  MONTH TO DATE    0.0
  SINCE JAN 1      0.0
  SINCE JUL 1      0.0
  SNOW DEPTH       0

DEGREE DAYS
 HEATING
  TODAY           12                        13     -1        6
  MONTH TO DATE   80                        65     15       54
  SINCE MAR 1     80                        65     15       54
  SINCE JUL 1   1264                      1806   -542     1475

 COOLING
  TODAY            0                         0      0        0
  MONTH TO DATE    0                         0      0        0
  SINCE MAR 1      0                         0      0        0
  SINCE JAN 1      2                         1      1        0
..................................................................


WIND (MPH)
  RESULTANT WIND SPEED   4   RESULTANT WIND DIRECTION   E (90)
  HIGHEST WIND SPEED    20   HIGHEST WIND DIRECTION     E (80)
  HIGHEST GUST SPEED    24   HIGHEST GUST DIRECTION     E (80)
  AVERAGE WIND SPEED     6.3


SKY COVER
  POSSIBLE SUNSHINE  MM
  AVERAGE SKY COVER 0.0


WEATHER CONDITIONS
 THE FOLLOWING WEATHER WAS RECORDED TODAY.
  NO SIGNIFICANT WEATHER WAS OBSERVED.


RELATIVE HUMIDITY (PERCENT)
 HIGHEST    79          1200 AM
 LOWEST     15           300 PM
 AVERAGE    47

..........................................................


THE RAMONA AIRPORT CA CLIMATE NORMALS FOR TOMORROW
                         NORMAL    RECORD    YEAR
 MAXIMUM TEMPERATURE (F)   66        82      2007
                                             1979
 MINIMUM TEMPERATURE (F)   39        28      1974


SUNRISE AND SUNSET
MARCH  5 2015.........SUNRISE   611 AM PST   SUNSET   548 PM PST
MARCH  6 2015.........SUNRISE   610 AM PST   SUNSET   549 PM PST


-  INDICATES NEGATIVE NUMBERS.
R  INDICATES RECORD WAS SET OR TIED.
MM INDICATES DATA IS MISSING.
T  INDICATES TRACE AMOUNT.




$$
