000
CDUS45 KREV 270855
CLIRNO


CLIMATE REPORT
NATIONAL WEATHER SERVICE RENO NV
155 AM PDT THU APR 27 2017


...................................

...THE RENO-TAHOE INTL AIRPORT NV CLIMATE SUMMARY FOR APRIL 26 2017...

CLIMATE NORMAL PERIOD 1981 TO 2010
CLIMATE RECORD PERIOD 1888 TO 2017


WEATHER ITEM   OBSERVED TIME   RECORD YEAR NORMAL DEPARTURE LAST
                VALUE   (LST)  VALUE       VALUE  FROM      YEAR
                                                  NORMAL
..................................................................
TEMPERATURE (F)
 YESTERDAY
  MAXIMUM         68    124 PM  87    1987  67      1       63
  MINIMUM         51    616 AM  21    1985  40     11       33
  AVERAGE         60                        54      6       48

PRECIPITATION (IN)
  YESTERDAY        T             0.55 1940   0.02  -0.02     0.00
  MONTH TO DATE    0.65                      0.41   0.24     0.78
  SINCE OCT 1     14.30                      5.58   8.72     7.82
  SINCE JAN 1     10.51                      3.22   7.29     3.87

SNOWFALL (IN)
  YESTERDAY        0.0           0.3  1955   0.1   -0.1      0.0
  MONTH TO DATE    T                         0.5   -0.5       T
  SINCE MAR 1      2.9                       2.5    0.4      6.8
  SINCE JUL 1     27.0                      21.5    5.5     30.9
  SNOW DEPTH       0

DEGREE DAYS
 HEATING
  YESTERDAY        5                        12     -7       17
  MONTH TO DATE  343                       383    -40      248
  SINCE MAR 1    844                       981   -137      759
  SINCE JUL 1   4217                      4619   -402     4096

 COOLING
  YESTERDAY        0                         0      0        0
  MONTH TO DATE    0                         0      0        0
  SINCE MAR 1      0                         0      0        0
  SINCE JAN 1      0                         0      0        0
..................................................................


WIND (MPH)
  RESULTANT WIND SPEED  11   RESULTANT WIND DIRECTION   W (290)
  HIGHEST WIND SPEED    31   HIGHEST WIND DIRECTION     W (270)
  HIGHEST GUST SPEED    43   HIGHEST GUST DIRECTION     W (280)
  AVERAGE WIND SPEED    13.0



WEATHER CONDITIONS
 THE FOLLOWING WEATHER WAS RECORDED YESTERDAY.
  NO SIGNIFICANT WEATHER WAS OBSERVED.


RELATIVE HUMIDITY (PERCENT)
 HIGHEST    59           300 AM
 LOWEST     34           100 PM
 AVERAGE    47

..........................................................


THE RENO-TAHOE INTL AIRPORT NV CLIMATE NORMALS FOR TODAY
                         NORMAL    RECORD    YEAR
 MAXIMUM TEMPERATURE (F)   67        84      2013
                                             2004
                                             1987
 MINIMUM TEMPERATURE (F)   40        17      1955


SUNRISE AND SUNSET
APRIL 27 2017.........SUNRISE   605 AM PDT   SUNSET   749 PM PDT
APRIL 28 2017.........SUNRISE   603 AM PDT   SUNSET   750 PM PDT


-  INDICATES NEGATIVE NUMBERS.
R  INDICATES RECORD WAS SET OR TIED.
MM INDICATES DATA IS MISSING.
T  INDICATES TRACE AMOUNT.




$$
