000
CDUS45 KREV 270843
CLIRNO


CLIMATE REPORT
NATIONAL WEATHER SERVICE RENO NV
143 AM PDT WED JUL 27 2016


...................................

...THE RENO TAHOE AIRPORT NV CLIMATE SUMMARY FOR JULY 26 2016...

CLIMATE NORMAL PERIOD 1981 TO 2010
CLIMATE RECORD PERIOD 1888 TO 2016


WEATHER ITEM   OBSERVED TIME   RECORD YEAR NORMAL DEPARTURE LAST
                VALUE   (LST)  VALUE       VALUE  FROM      YEAR
                                                  NORMAL
..................................................................
TEMPERATURE (F)
 YESTERDAY
  MAXIMUM        101    244 PM 104    1980  94      7       89
                                      1945
  MINIMUM         59    508 AM  39    1967  59      0       56
                                      1966
  AVERAGE         80                        76      4       73

PRECIPITATION (IN)
  YESTERDAY        0.00          0.32 1938   0.01  -0.01     0.00
  MONTH TO DATE    0.00                      0.15  -0.15     0.51
  SINCE OCT 1      9.16                      6.79   2.37     5.72
  SINCE JAN 1      5.21                      4.43   0.78     4.30

SNOWFALL (IN)
  YESTERDAY        0.0           0.0    MM   0.0    0.0      0.0
  MONTH TO DATE    0.0                       0.0    0.0      0.0
  SINCE JUN 1      0.0                       T      0.0      0.0
  SINCE JUL 1      0.0                       0.0    0.0      0.0
  SNOW DEPTH       0

DEGREE DAYS
 HEATING
  YESTERDAY        0                         0      0        0
  MONTH TO DATE    0                         0      0        1
  SINCE JUN 1     15                        56    -41        8
  SINCE JUL 1      0                         0      0        1

 COOLING
  YESTERDAY       15                        11      4        8
  MONTH TO DATE  267                       259      8      267
  SINCE JUN 1    531                       395    136      552
  SINCE JAN 1    559                       432    127      586
..................................................................


WIND (MPH)
  RESULTANT WIND SPEED   4   RESULTANT WIND DIRECTION   W (280)
  HIGHEST WIND SPEED    18   HIGHEST WIND DIRECTION    NW (300)
  HIGHEST GUST SPEED    32   HIGHEST GUST DIRECTION     W (280)
  AVERAGE WIND SPEED     5.9



WEATHER CONDITIONS
 THE FOLLOWING WEATHER WAS RECORDED YESTERDAY.
  NO SIGNIFICANT WEATHER WAS OBSERVED.


RELATIVE HUMIDITY (PERCENT)
 HIGHEST    34           300 AM
 LOWEST      5           300 PM
 AVERAGE    20

..........................................................


THE RENO TAHOE AIRPORT NV CLIMATE NORMALS FOR TODAY
                         NORMAL    RECORD    YEAR
 MAXIMUM TEMPERATURE (F)   94       103      1980
                                             1945
 MINIMUM TEMPERATURE (F)   59        39      1965


SUNRISE AND SUNSET
JULY 27 2016..........SUNRISE   555 AM PDT   SUNSET   816 PM PDT
JULY 28 2016..........SUNRISE   556 AM PDT   SUNSET   815 PM PDT


-  INDICATES NEGATIVE NUMBERS.
R  INDICATES RECORD WAS SET OR TIED.
MM INDICATES DATA IS MISSING.
T  INDICATES TRACE AMOUNT.




$$
