000
CDUS45 KREV 200836
CLIRNO


CLIMATE REPORT
NATIONAL WEATHER SERVICE RENO NV
1236 AM PST SAT DEC 20 2014


...................................

...THE RENO TAHOE AIRPORT NV CLIMATE SUMMARY FOR DECEMBER 19 2014...

CLIMATE NORMAL PERIOD 1981 TO 2010
CLIMATE RECORD PERIOD 1888 TO 2014


WEATHER ITEM   OBSERVED TIME   RECORD YEAR NORMAL DEPARTURE LAST
                VALUE   (LST)  VALUE       VALUE  FROM      YEAR
                                                  NORMAL
..................................................................
TEMPERATURE (F)
 YESTERDAY
  MAXIMUM         49   1048 AM  67    1917  45      4       40
  MINIMUM         30    600 AM  -3    1978  24      6       22
  AVERAGE         40                        35      5       31

PRECIPITATION (IN)
  YESTERDAY        T             0.57 1981   0.03  -0.03     0.02
  MONTH TO DATE    0.84                      0.58   0.26     0.41
  SINCE OCT 1      1.33                      1.91  -0.58     0.96
  SINCE JAN 1      4.90                      6.95  -2.05     4.02

SNOWFALL (IN)
  YESTERDAY        0.0           3.3  1968   0.2   -0.2      0.5
  MONTH TO DATE    0.4                       2.3   -1.9      4.3
  SINCE DEC 1      0.4                       2.3   -1.9      4.3
  SINCE JUL 1      0.4                       5.8   -5.4      4.7
  SNOW DEPTH       0

DEGREE DAYS
 HEATING
  YESTERDAY       25                        30     -5       34
  MONTH TO DATE  429                       553   -124      755
  SINCE DEC 1    429                       553   -124      755
  SINCE JUL 1   1254                      1656   -402     1873

 COOLING
  YESTERDAY        0                         0      0        0
  MONTH TO DATE    0                         0      0        0
  SINCE DEC 1      0                         0      0        0
  SINCE JAN 1   1211                       839    372     1174
..................................................................


WIND (MPH)
  RESULTANT WIND SPEED   1   RESULTANT WIND DIRECTION   S (170)
  HIGHEST WIND SPEED    14   HIGHEST WIND DIRECTION     W (280)
  HIGHEST GUST SPEED    20   HIGHEST GUST DIRECTION    NW (300)
  AVERAGE WIND SPEED     4.4



WEATHER CONDITIONS
 THE FOLLOWING WEATHER WAS RECORDED YESTERDAY.
  LIGHT RAIN


RELATIVE HUMIDITY (PERCENT)
 HIGHEST    83           200 PM
 LOWEST     37          1000 AM
 AVERAGE    60

..........................................................


THE RENO TAHOE AIRPORT NV CLIMATE NORMALS FOR TODAY
                         NORMAL    RECORD    YEAR
 MAXIMUM TEMPERATURE (F)   45        63      2005
 MINIMUM TEMPERATURE (F)   24        -7      1978


SUNRISE AND SUNSET
DECEMBER 20 2014......SUNRISE   715 AM PST   SUNSET   438 PM PST
DECEMBER 21 2014......SUNRISE   716 AM PST   SUNSET   439 PM PST


-  INDICATES NEGATIVE NUMBERS.
R  INDICATES RECORD WAS SET OR TIED.
MM INDICATES DATA IS MISSING.
T  INDICATES TRACE AMOUNT.




$$
