000
CDUS45 KREV 200837
CLIRNO


CLIMATE REPORT
NATIONAL WEATHER SERVICE RENO NV
1236 AM PST MON NOV 20 2017


...................................

...THE RENO-TAHOE INTL AIRPORT NV CLIMATE SUMMARY FOR NOVEMBER 19 2017...

CLIMATE NORMAL PERIOD 1981 TO 2010
CLIMATE RECORD PERIOD 1888 TO 2017


WEATHER ITEM   OBSERVED TIME   RECORD YEAR NORMAL DEPARTURE LAST
                VALUE   (LST)  VALUE       VALUE  FROM      YEAR
                                                  NORMAL
..................................................................
TEMPERATURE (F)
 YESTERDAY
  MAXIMUM         50    356 PM  72    1932  53     -3       66
  MINIMUM         26    600 AM   3    1994  30     -4       42
  AVERAGE         38                        41     -3       54

PRECIPITATION (IN)
  YESTERDAY        0.00          0.97 1946   0.04  -0.04      T
  MONTH TO DATE    0.97                      0.49   0.48      T
  SINCE OCT 1      1.25                      1.00   0.25     2.43
  SINCE JAN 1     13.41                      6.04   7.37     7.68

SNOWFALL (IN)
  YESTERDAY        0.0           1.0  1953   0.2   -0.2      0.0
  MONTH TO DATE    T                         1.8   -1.8       T
  SINCE SEP 1      T                         2.2   -2.2       T
  SINCE JUL 1      T                         2.2   -2.2       T
  SNOW DEPTH       0

DEGREE DAYS
 HEATING
  YESTERDAY       27                        24      3       11
  MONTH TO DATE  328                       387    -59      266
  SINCE SEP 1    785                       813    -28      595
  SINCE JUL 1    785                       823    -38      595

 COOLING
  YESTERDAY        0                         0      0        0
  MONTH TO DATE    0                         0      0        0
  SINCE SEP 1    151                        93     58       95
  SINCE JAN 1   1401                       839    562     1088
..................................................................


WIND (MPH)
  RESULTANT WIND SPEED   1   RESULTANT WIND DIRECTION  SE (120)
  HIGHEST WIND SPEED     8   HIGHEST WIND DIRECTION     E (80)
  HIGHEST GUST SPEED    11   HIGHEST GUST DIRECTION    SW (230)
  AVERAGE WIND SPEED     1.4



WEATHER CONDITIONS
 THE FOLLOWING WEATHER WAS RECORDED YESTERDAY.
  NO SIGNIFICANT WEATHER WAS OBSERVED.


RELATIVE HUMIDITY (PERCENT)
 HIGHEST    92           700 AM
 LOWEST     42           400 PM
 AVERAGE    67

..........................................................


THE RENO-TAHOE INTL AIRPORT NV CLIMATE NORMALS FOR TODAY
                         NORMAL    RECORD    YEAR
 MAXIMUM TEMPERATURE (F)   53        72      1932
 MINIMUM TEMPERATURE (F)   29         7      1977


SUNRISE AND SUNSET
NOVEMBER 20 2017......SUNRISE   649 AM PST   SUNSET   440 PM PST
NOVEMBER 21 2017......SUNRISE   650 AM PST   SUNSET   440 PM PST


-  INDICATES NEGATIVE NUMBERS.
R  INDICATES RECORD WAS SET OR TIED.
MM INDICATES DATA IS MISSING.
T  INDICATES TRACE AMOUNT.




$$
