505
CDUS45 KREV 180913
CLIRNO


CLIMATE REPORT
NATIONAL WEATHER SERVICE RENO NV
113 AM PST THU JAN 18 2018


...................................

...THE RENO-TAHOE INTL AIRPORT NV CLIMATE SUMMARY FOR JANUARY 17 2018...

CLIMATE NORMAL PERIOD 1981 TO 2010
CLIMATE RECORD PERIOD 1888 TO 2018


WEATHER ITEM   OBSERVED TIME   RECORD YEAR NORMAL DEPARTURE LAST
                VALUE   (LST)  VALUE       VALUE  FROM      YEAR
                                                  NORMAL
..................................................................
TEMPERATURE (F)
 YESTERDAY
  MAXIMUM         59    431 PM  66    2011  46     13       36
  MINIMUM         32    639 AM  -7    1949  25      7       24
  AVERAGE         46                        36     10       30

PRECIPITATION (IN)
  YESTERDAY        0.00          1.39 1916   0.04  -0.04      T
  MONTH TO DATE    0.53                      0.63  -0.10     4.56
  SINCE OCT 1      2.10                      2.99  -0.89     8.35
  SINCE JAN 1      0.53                      0.63  -0.10     4.56

SNOWFALL (IN)
  YESTERDAY        0.0          22.5  1916   0.2   -0.2       T
  MONTH TO DATE    0.0                       3.8   -3.8      9.4
  SINCE DEC 1      1.0                       8.7   -7.7     10.2
  SINCE JUL 1      1.0                      12.2  -11.2     10.8
  SNOW DEPTH       0

DEGREE DAYS
 HEATING
  YESTERDAY       19                        29    -10       35
  MONTH TO DATE  364                       511   -147      540
  SINCE DEC 1   1242                      1432   -190     1403
  SINCE JUL 1   2182                      2535   -353     2281

 COOLING
  YESTERDAY        0                         0      0        0
  MONTH TO DATE    0                         0      0        0
  SINCE DEC 1      0                         0      0        0
  SINCE JAN 1      0                         0      0        0
..................................................................


WIND (MPH)
  RESULTANT WIND SPEED   1   RESULTANT WIND DIRECTION  NE (40)
  HIGHEST WIND SPEED     8   HIGHEST WIND DIRECTION     N (340)
  HIGHEST GUST SPEED    13   HIGHEST GUST DIRECTION    NW (320)
  AVERAGE WIND SPEED     1.0



WEATHER CONDITIONS
 THE FOLLOWING WEATHER WAS RECORDED YESTERDAY.
  NO SIGNIFICANT WEATHER WAS OBSERVED.


RELATIVE HUMIDITY (PERCENT)
 HIGHEST    89           100 AM
 LOWEST     40           400 PM
 AVERAGE    65

..........................................................


THE RENO-TAHOE INTL AIRPORT NV CLIMATE NORMALS FOR TODAY
                         NORMAL    RECORD    YEAR
 MAXIMUM TEMPERATURE (F)   46        66      2015
                                             1971
 MINIMUM TEMPERATURE (F)   26        -4      1949
                                             1910


SUNRISE AND SUNSET
JANUARY 18 2018.......SUNRISE   716 AM PST   SUNSET   503 PM PST
JANUARY 19 2018.......SUNRISE   716 AM PST   SUNSET   504 PM PST


-  INDICATES NEGATIVE NUMBERS.
R  INDICATES RECORD WAS SET OR TIED.
MM INDICATES DATA IS MISSING.
T  INDICATES TRACE AMOUNT.




$$
