000
CDUS41 KRNK 200833
CLIROA


CLIMATE REPORT
NATIONAL WEATHER SERVICE BLACKSBURG VA
331 AM EST MON FEB 20 2017


...................................

...THE ROANOKE VA CLIMATE SUMMARY FOR FEBRUARY 19 2017...

CLIMATE NORMAL PERIOD 1981 TO 2010
CLIMATE RECORD PERIOD 1912 TO 2017


WEATHER ITEM   OBSERVED TIME   RECORD YEAR NORMAL DEPARTURE LAST
                VALUE   (LST)  VALUE       VALUE  FROM      YEAR
                                                  NORMAL
..................................................................
TEMPERATURE (F)
 YESTERDAY
  MAXIMUM         66    327 PM  77    1939  50     16       51
  MINIMUM         46   1058 PM   4    2015  30     16       26
  AVERAGE         56                        40     16       39

PRECIPITATION (IN)
  YESTERDAY        0.00          1.88 1927   0.10  -0.10     0.00
  MONTH TO DATE    0.22                      1.98  -1.76     3.59
  SINCE DEC 1      7.11                      7.84  -0.73    11.13
  SINCE JAN 1      4.32                      4.90  -0.58     6.58

SNOWFALL (IN)
  YESTERDAY        0.0                                       0.0
  MONTH TO DATE    T                                         8.5
  SINCE DEC 1      4.5                                      22.0
  SINCE JUL 1      4.5                                      22.0
  SNOW DEPTH       0

DEGREE DAYS
 HEATING
  YESTERDAY        9                        25    -16       26
  MONTH TO DATE  343                       501   -158      585
  SINCE DEC 1   1819                      2189   -370     2016
  SINCE JUL 1   2347                      2993   -646     2658

 COOLING
  YESTERDAY        0                         0      0        0
  MONTH TO DATE    0                         0      0        0
  SINCE DEC 1      0                         0      0        0
  SINCE JAN 1      0                         0      0        0
..................................................................


WIND (MPH)
  HIGHEST WIND SPEED    22   HIGHEST WIND DIRECTION    NW (310)
  HIGHEST GUST SPEED    27   HIGHEST GUST DIRECTION    NW (300)
  AVERAGE WIND SPEED    10.3


SKY COVER
  AVERAGE SKY COVER 0.3


WEATHER CONDITIONS
 THE FOLLOWING WEATHER WAS RECORDED YESTERDAY.
  NO SIGNIFICANT WEATHER WAS OBSERVED.


RELATIVE HUMIDITY (PERCENT)
 HIGHEST    76          1100 PM
 LOWEST     43          1200 AM
 AVERAGE    60

..........................................................


THE ROANOKE VA CLIMATE NORMALS FOR TODAY
                         NORMAL    RECORD    YEAR
 MAXIMUM TEMPERATURE (F)   51        75      1939
 MINIMUM TEMPERATURE (F)   31         0      2015


SUNRISE AND SUNSET
FEBRUARY 20 2017......SUNRISE   703 AM EST   SUNSET   605 PM EST
FEBRUARY 21 2017......SUNRISE   701 AM EST   SUNSET   606 PM EST


-  INDICATES NEGATIVE NUMBERS.
R  INDICATES RECORD WAS SET OR TIED.
MM INDICATES DATA IS MISSING.
T  INDICATES TRACE AMOUNT.

$$
RCS
