000
CDUS41 KRNK 220915
CLIROA


CLIMATE REPORT
NATIONAL WEATHER SERVICE BLACKSBURG VA
406 AM EST THU FEB 22 2018


...................................

...THE ROANOKE VA CLIMATE SUMMARY FOR FEBRUARY 21 2018...

CLIMATE NORMAL PERIOD 1981 TO 2010
CLIMATE RECORD PERIOD 1912 TO 2018


WEATHER ITEM   OBSERVED TIME   RECORD YEAR NORMAL DEPARTURE LAST
                VALUE   (LST)  VALUE       VALUE  FROM      YEAR
                                                  NORMAL
..................................................................
TEMPERATURE (F)
 YESTERDAY
  MAXIMUM         77R   104 PM  73    1930  51     26       61
  MINIMUM         48    319 AM  10    2015  31     17       45
  AVERAGE         63                        41     22       53

PRECIPITATION (IN)
  YESTERDAY        0.00          1.32 1993   0.10  -0.10     0.00
  MONTH TO DATE    3.90                      2.19   1.71     0.22
  SINCE DEC 1      6.40                      8.05  -1.65     7.11
  SINCE JAN 1      6.04                      5.11   0.93     4.32

SNOWFALL (IN)
  YESTERDAY        0.0                                       0.0
  MONTH TO DATE    1.5                                        T
  SINCE DEC 1      5.1                                       4.5
  SINCE JUL 1      5.1                                       4.5
  SNOW DEPTH       0

DEGREE DAYS
 HEATING
  YESTERDAY        2                        24    -22       12
  MONTH TO DATE  436                       549   -113      366
  SINCE DEC 1   2183                      2237    -54     1842
  SINCE JUL 1   2918                      3041   -123     2370

 COOLING
  YESTERDAY        0                         0      0        0
  MONTH TO DATE    0                         0      0        0
  SINCE DEC 1      0                         0      0        0
  SINCE JAN 1      0                         0      0        0
..................................................................


WIND (MPH)
  HIGHEST WIND SPEED    17   HIGHEST WIND DIRECTION     S (200)
  HIGHEST GUST SPEED    23   HIGHEST GUST DIRECTION     S (200)
  AVERAGE WIND SPEED     4.8


SKY COVER
  AVERAGE SKY COVER 0.5


WEATHER CONDITIONS
 THE FOLLOWING WEATHER WAS RECORDED YESTERDAY.
  NO SIGNIFICANT WEATHER WAS OBSERVED.


RELATIVE HUMIDITY (PERCENT)
 HIGHEST   100           300 AM
 LOWEST     54           100 PM
 AVERAGE    77

..........................................................


THE ROANOKE VA CLIMATE NORMALS FOR TODAY
                         NORMAL    RECORD    YEAR
 MAXIMUM TEMPERATURE (F)   51        76      1980
 MINIMUM TEMPERATURE (F)   31         2      1963


SUNRISE AND SUNSET
FEBRUARY 22 2018......SUNRISE   700 AM EST   SUNSET   607 PM EST
FEBRUARY 23 2018......SUNRISE   659 AM EST   SUNSET   608 PM EST


-  INDICATES NEGATIVE NUMBERS.
R  INDICATES RECORD WAS SET OR TIED.
MM INDICATES DATA IS MISSING.
T  INDICATES TRACE AMOUNT.


$$
