000
CDUS41 KRNK 271003
CLIROA


CLIMATE REPORT
NATIONAL WEATHER SERVICE BLACKSBURG VA
453 AM EST TUE JAN 27 2015


...................................

...THE ROANOKE VA CLIMATE SUMMARY FOR JANUARY 26 2015...

CLIMATE NORMAL PERIOD 1981 TO 2010
CLIMATE RECORD PERIOD 1912 TO 2015


WEATHER ITEM   OBSERVED TIME   RECORD YEAR NORMAL DEPARTURE LAST
                VALUE   (LST)  VALUE       VALUE  FROM      YEAR
                                                  NORMAL
..................................................................
TEMPERATURE (F)
 YESTERDAY
  MAXIMUM         47    134 PM  78    1950  46      1       49
  MINIMUM         32   1159 PM   1    1940  28      4       20
  AVERAGE         40                        37      3       35

PRECIPITATION (IN)
  YESTERDAY        0.05          0.57 2011   0.09  -0.04     0.00
  MONTH TO DATE    1.30                      2.44  -1.14     1.76
  SINCE DEC 1      3.84                      5.38  -1.54     6.14
  SINCE JAN 1      1.30                      2.44  -1.14     1.76

SNOWFALL (IN)
  YESTERDAY        T
  MONTH TO DATE    0.2
  SINCE DEC 1      0.2
  SINCE JUL 1      0.7
  SNOW DEPTH       0

DEGREE DAYS
 HEATING
  YESTERDAY       25                        28     -3       30
  MONTH TO DATE  737                       745     -8      872
  SINCE DEC 1   1434                      1551   -117     1567
  SINCE JUL 1   2312                      2355    -43     2439

 COOLING
  YESTERDAY        0                         0      0        0
  MONTH TO DATE    0                         0      0        0
  SINCE DEC 1      0                         0      0        0
  SINCE JAN 1      0                         0      0        0
..................................................................


WIND (MPH)
  HIGHEST WIND SPEED    25   HIGHEST WIND DIRECTION    NW (300)
  HIGHEST GUST SPEED    30   HIGHEST GUST DIRECTION    NW (310)
  AVERAGE WIND SPEED     6.8


SKY COVER
  POSSIBLE SUNSHINE  MM
  AVERAGE SKY COVER 0.8


WEATHER CONDITIONS
 THE FOLLOWING WEATHER WAS RECORDED YESTERDAY.
  LIGHT RAIN
  LIGHT SNOW
  FOG


RELATIVE HUMIDITY (PERCENT)
 HIGHEST    86           500 PM
 LOWEST     62          1200 AM
 AVERAGE    74

..........................................................


THE ROANOKE VA CLIMATE NORMALS FOR TODAY
                         NORMAL    RECORD    YEAR
 MAXIMUM TEMPERATURE (F)   46        75      1999
                                             1944
 MINIMUM TEMPERATURE (F)   28         2      1987


SUNRISE AND SUNSET
JANUARY 27 2015.......SUNRISE   727 AM EST   SUNSET   539 PM EST
JANUARY 28 2015.......SUNRISE   726 AM EST   SUNSET   540 PM EST


-  INDICATES NEGATIVE NUMBERS.
R  INDICATES RECORD WAS SET OR TIED.
MM INDICATES DATA IS MISSING.
T  INDICATES TRACE AMOUNT.




$$
