000
CDUS41 KRNK 300759
CLIROA


CLIMATE REPORT
NATIONAL WEATHER SERVICE BLACKSBURG VA
355 AM EDT TUE JUN 30 2015


...................................

...THE ROANOKE VA CLIMATE SUMMARY FOR JUNE 29 2015...

CLIMATE NORMAL PERIOD 1981 TO 2010
CLIMATE RECORD PERIOD 1912 TO 2015


WEATHER ITEM   OBSERVED TIME   RECORD YEAR NORMAL DEPARTURE LAST
                VALUE   (LST)  VALUE       VALUE  FROM      YEAR
                                                  NORMAL
..................................................................
TEMPERATURE (F)
 YESTERDAY
  MAXIMUM         80    136 PM 104    2012  86     -6       75
  MINIMUM         54    502 AM  44    1919  65    -11       63
  AVERAGE         67                        76     -9       69

PRECIPITATION (IN)
  YESTERDAY        0.00          3.23 1949   0.12  -0.12     0.07
  MONTH TO DATE    8.93                      3.71   5.22     3.05
  SINCE JUN 1      8.93                      3.71   5.22     3.05
  SINCE JAN 1     23.91                     20.41   3.50    18.65

SNOWFALL (IN)
  YESTERDAY        0.0                                       0.0
  MONTH TO DATE    T                                         0.0
  SINCE JUN 1      T                                         0.0
  SINCE JUL 1     21.7                                      28.0
  SNOW DEPTH       0

DEGREE DAYS
 HEATING
  YESTERDAY        0                         0      0        0
  MONTH TO DATE    7                         9     -2        0
  SINCE JUN 1      7                         9     -2        0
  SINCE JUL 1   4251                      4142    109     4366

 COOLING
  YESTERDAY        2                        11     -9        4
  MONTH TO DATE  316                       236     80      288
  SINCE JUN 1    316                       236     80      288
  SINCE JAN 1    484                       352    132      437
..................................................................


WIND (MPH)
  HIGHEST WIND SPEED    16   HIGHEST WIND DIRECTION     S (160)
  HIGHEST GUST SPEED    22   HIGHEST GUST DIRECTION     S (170)
  AVERAGE WIND SPEED     4.0


SKY COVER
  AVERAGE SKY COVER 0.5


WEATHER CONDITIONS
 THE FOLLOWING WEATHER WAS RECORDED YESTERDAY.
  NO SIGNIFICANT WEATHER WAS OBSERVED.


RELATIVE HUMIDITY (PERCENT)
 HIGHEST    93           500 AM
 LOWEST     47           100 PM
 AVERAGE    70

..........................................................


THE ROANOKE VA CLIMATE NORMALS FOR TODAY
                         NORMAL    RECORD    YEAR
 MAXIMUM TEMPERATURE (F)   86       104      1936
 MINIMUM TEMPERATURE (F)   65        50      1919


SUNRISE AND SUNSET
JUNE 30 2015..........SUNRISE   602 AM EDT   SUNSET   844 PM EDT
JULY  1 2015..........SUNRISE   603 AM EDT   SUNSET   844 PM EDT


-  INDICATES NEGATIVE NUMBERS.
R  INDICATES RECORD WAS SET OR TIED.
MM INDICATES DATA IS MISSING.
T  INDICATES TRACE AMOUNT.




$$
