000
CDUS41 KBUF 311020
CLIROC


CLIMATE REPORT
NATIONAL WEATHER SERVICE BUFFALO NY
618 AM EDT THU JUL 31 2014


...................................

...THE ROCHESTER NY CLIMATE SUMMARY FOR JULY 30 2014...

CLIMATE NORMAL PERIOD 1981 TO 2010
CLIMATE RECORD PERIOD 1871 TO 2014


WEATHER ITEM   OBSERVED TIME   RECORD YEAR NORMAL DEPARTURE LAST
                VALUE   (LST)  VALUE       VALUE  FROM      YEAR
                                                  NORMAL
..................................................................
TEMPERATURE (F)
 YESTERDAY
  MAXIMUM         74   1254 PM  96    1933  81     -7       76
  MINIMUM         57    503 AM  45    1968  61     -4       55
  AVERAGE         66                        71     -5       66

PRECIPITATION (IN)
  YESTERDAY        0.01          1.86 1911   0.11  -0.10     0.00
  MONTH TO DATE    7.52                      3.22   4.30     4.41
  SINCE JUN 1      9.58                      6.56   3.02    10.68
  SINCE JAN 1     22.58                     19.02   3.56    22.51

SNOWFALL (IN)
  YESTERDAY        0.0           0.0    MM   0.0    0.0      0.0
  MONTH TO DATE    0.0                       0.0    0.0      0.0
  SINCE JUN 1      0.0                       0.0    0.0      0.0
  SINCE JUL 1      0.0                       0.0    0.0      0.0
  SNOW DEPTH       0

DEGREE DAYS
 HEATING
  YESTERDAY        0                         0      0        0
  MONTH TO DATE    7                         6      1        8
  SINCE JUN 1     36                        74    -38       66
  SINCE JUL 1      7                         6      1        8

 COOLING
  YESTERDAY        1                         6     -5        1
  MONTH TO DATE  147                       180    -33      257
  SINCE JUN 1    297                       286     11      364
  SINCE JAN 1    336                       316     20      435
..................................................................


WIND (MPH)
  HIGHEST WIND SPEED    16   HIGHEST WIND DIRECTION    NW (330)
  HIGHEST GUST SPEED    20   HIGHEST GUST DIRECTION    NW (330)
  AVERAGE WIND SPEED     6.3


SKY COVER
  AVERAGE SKY COVER 0.7


WEATHER CONDITIONS
 THE FOLLOWING WEATHER WAS RECORDED YESTERDAY.
  THUNDERSTORM
  LIGHT RAIN


RELATIVE HUMIDITY (PERCENT)
 HIGHEST    93          1100 PM
 LOWEST     53           100 PM
 AVERAGE    73

..........................................................


THE ROCHESTER NY CLIMATE NORMALS FOR TODAY
                         NORMAL    RECORD    YEAR
 MAXIMUM TEMPERATURE (F)   81        98      1933
 MINIMUM TEMPERATURE (F)   61        47      1891


SUNRISE AND SUNSET
JULY 31 2014..........SUNRISE   600 AM EDT   SUNSET   833 PM EDT
AUGUST  1 2014........SUNRISE   601 AM EDT   SUNSET   832 PM EDT


-  INDICATES NEGATIVE NUMBERS.
R  INDICATES RECORD WAS SET OR TIED.
MM INDICATES DATA IS MISSING.
T  INDICATES TRACE AMOUNT.




$$
