000
CDUS41 KBUF 011024
CLIROC


CLIMATE REPORT
NATIONAL WEATHER SERVICE BUFFALO NY
621 AM EDT SAT OCT 1 2016


...................................

...THE ROCHESTER NY CLIMATE SUMMARY FOR SEPTEMBER 30 2016...

CLIMATE NORMAL PERIOD 1981 TO 2010
CLIMATE RECORD PERIOD 1871 TO 2016


WEATHER ITEM   OBSERVED TIME   RECORD YEAR NORMAL DEPARTURE LAST
                VALUE   (LST)  VALUE       VALUE  FROM      YEAR
                                                  NORMAL
..................................................................
TEMPERATURE (F)
 YESTERDAY
  MAXIMUM         66    313 PM  89    1881  66      0       59
  MINIMUM         54   1159 PM  30    1991  47      7       53
  AVERAGE         60                        56      4       56

PRECIPITATION (IN)
  YESTERDAY        T             1.73 1959   0.11  -0.11     0.62
  MONTH TO DATE    2.30                      3.38  -1.08     4.07
  SINCE SEP 1      2.30                      3.38  -1.08     4.07
  SINCE JAN 1     19.95                     25.98  -6.03    30.20

SNOWFALL (IN)
  YESTERDAY        0.0           T    1899   0.0    0.0      0.0
  MONTH TO DATE    0.0                       0.0    0.0      0.0
  SINCE SEP 1      0.0                       0.0    0.0      0.0
  SINCE JUL 1      0.0                       0.0    0.0      0.0
  SNOW DEPTH       0

DEGREE DAYS
 HEATING
  YESTERDAY        5                         9     -4        9
  MONTH TO DATE   51                       148    -97       49
  SINCE SEP 1     51                       147    -96       49
  SINCE JUL 1     51                       181   -130       68

 COOLING
  YESTERDAY        0                         1     -1        0
  MONTH TO DATE  112                        50     62      143
  SINCE SEP 1    112                        50     62      143
  SINCE JAN 1    963                       534    429      697
..................................................................


WIND (MPH)
  HIGHEST WIND SPEED    22   HIGHEST WIND DIRECTION    SE (120)
  HIGHEST GUST SPEED    28   HIGHEST GUST DIRECTION     E (110)
  AVERAGE WIND SPEED    10.7


SKY COVER
  AVERAGE SKY COVER 1.0


WEATHER CONDITIONS
 THE FOLLOWING WEATHER WAS RECORDED YESTERDAY.
  LIGHT RAIN
  FOG
  HAZE


RELATIVE HUMIDITY (PERCENT)
 HIGHEST    93          1000 PM
 LOWEST     52           300 PM
 AVERAGE    73

..........................................................


THE ROCHESTER NY CLIMATE NORMALS FOR TODAY
                         NORMAL    RECORD    YEAR
 MAXIMUM TEMPERATURE (F)   65        86      1877
 MINIMUM TEMPERATURE (F)   46        31      1993


SUNRISE AND SUNSET
OCTOBER  1 2016.......SUNRISE   709 AM EDT   SUNSET   651 PM EDT
OCTOBER  2 2016.......SUNRISE   710 AM EDT   SUNSET   649 PM EDT


-  INDICATES NEGATIVE NUMBERS.
R  INDICATES RECORD WAS SET OR TIED.
MM INDICATES DATA IS MISSING.
T  INDICATES TRACE AMOUNT.




$$
