109
CDUS45 KABQ 050833
CLIROW


CLIMATE REPORT
NATIONAL WEATHER SERVICE ALBUQUERQUE NM
232 AM MDT THU MAY 5 2016


...................................

...THE ROSWELL NM CLIMATE SUMMARY FOR MAY 4 2016...

CLIMATE NORMAL PERIOD 1981 TO 2010
CLIMATE RECORD PERIOD 1893 TO 2016


WEATHER ITEM   OBSERVED TIME   RECORD YEAR NORMAL DEPARTURE
                VALUE   (LST)  VALUE       VALUE  FROM
                                                  NORMAL
...............................................................
TEMPERATURE (F)
 YESTERDAY
  MAXIMUM         84    428 PM 101    1947  82      2
  MINIMUM         42    505 AM  31    1913  51     -9
  AVERAGE         63                        66     -3

PRECIPITATION (IN)
  YESTERDAY        0.00          0.86 2015   0.04  -0.04
  MONTH TO DATE    0.01                      0.13  -0.12
  SINCE MAR 1      0.78                      1.25  -0.47
  SINCE JAN 1      1.34                      2.05  -0.71

SNOWFALL (IN)
  YESTERDAY       MM
  MONTH TO DATE    0.0
  SINCE MAR 1      T
  SINCE JUL 1     17.8

DEGREE DAYS
 HEATING
  YESTERDAY        2                         2      0
  MONTH TO DATE   36                         8     28
  SINCE MAR 1    451                       559   -108
  SINCE JUL 1   3011                      3266   -255

 COOLING
  YESTERDAY        0                         3     -3
  MONTH TO DATE    0                        12    -12
  SINCE MAR 1     20                        52    -32
  SINCE JAN 1     20                        52    -32
...............................................................


WIND (MPH)
  HIGHEST WIND SPEED    13   HIGHEST WIND DIRECTION     E (70)
  HIGHEST GUST SPEED    15   HIGHEST GUST DIRECTION     E (70)
  AVERAGE WIND SPEED     4.9


SKY COVER
  AVERAGE SKY COVER 0.0


WEATHER CONDITIONS
 THE FOLLOWING WEATHER WAS RECORDED YESTERDAY.
  NO SIGNIFICANT WEATHER WAS OBSERVED.


RELATIVE HUMIDITY (PERCENT)
 HIGHEST    62           400 AM
 LOWEST      7           500 PM
 AVERAGE    35

..........................................................


THE ROSWELL NM CLIMATE NORMALS FOR TODAY
                         NORMAL    RECORD    YEAR
 MAXIMUM TEMPERATURE (F)   82       101      2000
 MINIMUM TEMPERATURE (F)   51        31      1913


SUNRISE AND SUNSET
MAY  5 2016...........SUNRISE   606 AM MDT   SUNSET   744 PM MDT
MAY  6 2016...........SUNRISE   605 AM MDT   SUNSET   745 PM MDT


-  INDICATES NEGATIVE NUMBERS.
R  INDICATES RECORD WAS SET OR TIED.
MM INDICATES DATA IS MISSING.
T  INDICATES TRACE AMOUNT.




$$
