000
CDUS45 KABQ 010834
CLIROW


CLIMATE REPORT
NATIONAL WEATHER SERVICE ALBUQUERQUE NM
232 AM MDT FRI AUG 1 2014


...................................

...THE ROSWELL NM CLIMATE SUMMARY FOR JULY 31 2014...

CLIMATE NORMAL PERIOD 1981 TO 2010
CLIMATE RECORD PERIOD 1893 TO 2014


WEATHER ITEM   OBSERVED TIME   RECORD YEAR NORMAL DEPARTURE
                VALUE   (LST)  VALUE       VALUE  FROM
                                                  NORMAL
...............................................................
TEMPERATURE (F)
 YESTERDAY
  MAXIMUM         84    237 PM 104    1972  93     -9
  MINIMUM         67    622 AM  56    1947  67      0
  AVERAGE         76                        80     -4

PRECIPITATION (IN)
  YESTERDAY        0.00          0.84 1997   0.06  -0.06
  MONTH TO DATE    3.42                      2.06   1.36
  SINCE JUN 1      4.85                      3.79   1.06
  SINCE JAN 1      9.71                      6.96   2.75

SNOWFALL (IN)
  YESTERDAY        0.0
  MONTH TO DATE    0.0
  SINCE JUN 1      0.0
  SINCE JUL 1      0.0

DEGREE DAYS
 HEATING
  YESTERDAY        0                         0      0
  MONTH TO DATE    0                         0      0
  SINCE JUN 1      0                         1     -1
  SINCE JUL 1      0                         0      0

 COOLING
  YESTERDAY       11                        15     -4
  MONTH TO DATE  498                       476     22
  SINCE JUN 1    978                       873    105
  SINCE JAN 1   1232                      1098    134
...............................................................


WIND (MPH)
  HIGHEST WIND SPEED    15   HIGHEST WIND DIRECTION    NE (40)
  HIGHEST GUST SPEED    18   HIGHEST GUST DIRECTION    NE (40)
  AVERAGE WIND SPEED     5.2


SKY COVER
  AVERAGE SKY COVER 0.6


WEATHER CONDITIONS
 THE FOLLOWING WEATHER WAS RECORDED YESTERDAY.
  THUNDERSTORM


RELATIVE HUMIDITY (PERCENT)
 HIGHEST    81           300 AM
 LOWEST     47           300 PM
 AVERAGE    64

..........................................................


THE ROSWELL NM CLIMATE NORMALS FOR TODAY
                         NORMAL    RECORD    YEAR
 MAXIMUM TEMPERATURE (F)   93       107      1966
 MINIMUM TEMPERATURE (F)   67        55      1925


SUNRISE AND SUNSET
AUGUST  1 2014........SUNRISE   611 AM MDT   SUNSET   757 PM MDT
AUGUST  2 2014........SUNRISE   612 AM MDT   SUNSET   757 PM MDT


-  INDICATES NEGATIVE NUMBERS.
R  INDICATES RECORD WAS SET OR TIED.
MM INDICATES DATA IS MISSING.
T  INDICATES TRACE AMOUNT.




$$
