000
CDUS45 KABQ 200828
CLIROW


CLIMATE REPORT
NATIONAL WEATHER SERVICE ALBUQUERQUE NM
226 AM MDT SUN APR 20 2014


...................................

...THE ROSWELL NM CLIMATE SUMMARY FOR APRIL 19 2014...

CLIMATE NORMAL PERIOD 1981 TO 2010
CLIMATE RECORD PERIOD 1893 TO 2014


WEATHER ITEM   OBSERVED TIME   RECORD YEAR NORMAL DEPARTURE
                VALUE   (LST)  VALUE       VALUE  FROM
                                                  NORMAL
...............................................................
TEMPERATURE (F)
 YESTERDAY
  MAXIMUM         67    345 PM  93    1961  78    -11
                                      1960
  MINIMUM         50   1157 PM  29    1920  46      4
  AVERAGE         59                        62     -3

PRECIPITATION (IN)
  YESTERDAY        0.11          1.23 1937   0.02   0.09
  MONTH TO DATE    0.11                      0.33  -0.22
  SINCE MAR 1      0.39                      0.84  -0.45
  SINCE JAN 1      0.41                      1.64  -1.23

SNOWFALL (IN)
  YESTERDAY        0.0
  MONTH TO DATE    T
  SINCE MAR 1      T
  SINCE JUL 1      5.0

DEGREE DAYS
 HEATING
  YESTERDAY        6                         5      1
  MONTH TO DATE  124                       126     -2
  SINCE MAR 1    505                       513     -8
  SINCE JUL 1   3208                      3220    -12

 COOLING
  YESTERDAY        0                         1     -1
  MONTH TO DATE   13                        14     -1
  SINCE MAR 1     14                        17     -3
  SINCE JAN 1     14                        17     -3
...............................................................


WIND (MPH)
  HIGHEST WIND SPEED    21   HIGHEST WIND DIRECTION     S (160)
  HIGHEST GUST SPEED    24   HIGHEST GUST DIRECTION     S (180)
  AVERAGE WIND SPEED     9.1


SKY COVER
  AVERAGE SKY COVER 0.4


WEATHER CONDITIONS
 THE FOLLOWING WEATHER WAS RECORDED YESTERDAY.
  THUNDERSTORM
  RAIN
  LIGHT RAIN
  FOG


RELATIVE HUMIDITY (PERCENT)
 HIGHEST    83           600 AM
 LOWEST     55          1200 AM
 AVERAGE    69

..........................................................


THE ROSWELL NM CLIMATE NORMALS FOR TODAY
                         NORMAL    RECORD    YEAR
 MAXIMUM TEMPERATURE (F)   78        94      1989
 MINIMUM TEMPERATURE (F)   46        27      1893


SUNRISE AND SUNSET
APRIL 20 2014.........SUNRISE   622 AM MDT   SUNSET   733 PM MDT
APRIL 21 2014.........SUNRISE   621 AM MDT   SUNSET   733 PM MDT


-  INDICATES NEGATIVE NUMBERS.
R  INDICATES RECORD WAS SET OR TIED.
MM INDICATES DATA IS MISSING.
T  INDICATES TRACE AMOUNT.

$$
