000
CDUS45 KABQ 190830
CLIROW


CLIMATE REPORT
NATIONAL WEATHER SERVICE ALBUQUERQUE NM
228 AM MDT THU OCT 19 2017


...................................

...THE ROSWELL NM CLIMATE SUMMARY FOR OCTOBER 18 2017...

CLIMATE NORMAL PERIOD 1981 TO 2010
CLIMATE RECORD PERIOD 1893 TO 2017


WEATHER ITEM   OBSERVED TIME   RECORD YEAR NORMAL DEPARTURE
                VALUE   (LST)  VALUE       VALUE  FROM
                                                  NORMAL
...............................................................
TEMPERATURE (F)
 YESTERDAY
  MAXIMUM         85    354 PM  89    1995  75     10
  MINIMUM         47    639 AM  25    1966  46      1
  AVERAGE         66                        60      6

PRECIPITATION (IN)
  YESTERDAY        0.00          0.63 1909   0.04  -0.04
  MONTH TO DATE    1.60                      0.75   0.85
  SINCE SEP 1      3.78                      2.28   1.50
  SINCE JAN 1     11.12                     11.21  -0.09

SNOWFALL (IN)
  YESTERDAY        0.0
  MONTH TO DATE    0.0
  SINCE SEP 1      0.0
  SINCE JUL 1      0.0

DEGREE DAYS
 HEATING
  YESTERDAY        0                         5     -5
  MONTH TO DATE   45                        61    -16
  SINCE SEP 1     51                        77    -26
  SINCE JUL 1     51                        77    -26

 COOLING
  YESTERDAY        1                         1      0
  MONTH TO DATE   77                        32     45
  SINCE SEP 1    370                       259    111
  SINCE JAN 1   2161                      1783    378
...............................................................


WIND (MPH)
  HIGHEST WIND SPEED    15   HIGHEST WIND DIRECTION     S (190)
  HIGHEST GUST SPEED    19   HIGHEST GUST DIRECTION     S (190)
  AVERAGE WIND SPEED     5.8


SKY COVER
  AVERAGE SKY COVER 0.0


WEATHER CONDITIONS
 THE FOLLOWING WEATHER WAS RECORDED YESTERDAY.
  NO SIGNIFICANT WEATHER WAS OBSERVED.


RELATIVE HUMIDITY (PERCENT)
 HIGHEST    86           100 AM
 LOWEST     20           400 PM
 AVERAGE    53

..........................................................


THE ROSWELL NM CLIMATE NORMALS FOR TODAY
                         NORMAL    RECORD    YEAR
 MAXIMUM TEMPERATURE (F)   75        91      2016
 MINIMUM TEMPERATURE (F)   45        26      1968
                                             1966
                                             1917


SUNRISE AND SUNSET
OCTOBER 19 2017.......SUNRISE   706 AM MDT   SUNSET   620 PM MDT
OCTOBER 20 2017.......SUNRISE   707 AM MDT   SUNSET   618 PM MDT


-  INDICATES NEGATIVE NUMBERS.
R  INDICATES RECORD WAS SET OR TIED.
MM INDICATES DATA IS MISSING.
T  INDICATES TRACE AMOUNT.




$$
