000
CDUS45 KABQ 190831
CLIROW


CLIMATE REPORT
NATIONAL WEATHER SERVICE ALBUQUERQUE NM
130 AM MST FRI DEC 19 2014


...................................

...THE ROSWELL NM CLIMATE SUMMARY FOR DECEMBER 18 2014...

CLIMATE NORMAL PERIOD 1981 TO 2010
CLIMATE RECORD PERIOD 1893 TO 2014


WEATHER ITEM   OBSERVED TIME   RECORD YEAR NORMAL DEPARTURE
                VALUE   (LST)  VALUE       VALUE  FROM
                                                  NORMAL
...............................................................
TEMPERATURE (F)
 YESTERDAY
  MAXIMUM         56    153 PM  79    1980  54      2
  MINIMUM         28    636 AM   7    1964  26      2
                                      1960
  AVERAGE         42                        40      2

PRECIPITATION (IN)
  YESTERDAY        0.00          0.31 1991   0.02  -0.02
  MONTH TO DATE    0.01                      0.39  -0.38
  SINCE DEC 1      0.01                      0.39  -0.38
  SINCE JAN 1     17.91                     12.66   5.25

SNOWFALL (IN)
  YESTERDAY        0.0
  MONTH TO DATE    0.0
  SINCE DEC 1      0.0
  SINCE JUL 1      1.8

DEGREE DAYS
 HEATING
  YESTERDAY       23                        25     -2
  MONTH TO DATE  335                       429    -94
  SINCE DEC 1    335                       429    -94
  SINCE JUL 1    992                      1075    -83

 COOLING
  YESTERDAY        0                         0      0
  MONTH TO DATE    0                         0      0
  SINCE DEC 1      0                         0      0
  SINCE JAN 1   1928                      1789    139
...............................................................


WIND (MPH)
  HIGHEST WIND SPEED    14   HIGHEST WIND DIRECTION    NW (330)
  HIGHEST GUST SPEED    17   HIGHEST GUST DIRECTION    NW (320)
  AVERAGE WIND SPEED     5.3


SKY COVER
  AVERAGE SKY COVER 0.3


WEATHER CONDITIONS
 THE FOLLOWING WEATHER WAS RECORDED YESTERDAY.
  NO SIGNIFICANT WEATHER WAS OBSERVED.


RELATIVE HUMIDITY (PERCENT)
 HIGHEST    85           400 AM
 LOWEST     38           300 PM
 AVERAGE    62

..........................................................


THE ROSWELL NM CLIMATE NORMALS FOR TODAY
                         NORMAL    RECORD    YEAR
 MAXIMUM TEMPERATURE (F)   54        73      2013
                                             1994
 MINIMUM TEMPERATURE (F)   25        -6      1909


SUNRISE AND SUNSET
DECEMBER 19 2014......SUNRISE   657 AM MST   SUNSET   454 PM MST
DECEMBER 20 2014......SUNRISE   657 AM MST   SUNSET   454 PM MST


-  INDICATES NEGATIVE NUMBERS.
R  INDICATES RECORD WAS SET OR TIED.
MM INDICATES DATA IS MISSING.
T  INDICATES TRACE AMOUNT.




$$
