000
CDUS45 KABQ 230854
CLIROW


CLIMATE REPORT
NATIONAL WEATHER SERVICE ALBUQUERQUE NM
253 AM MDT SAT AUG 23 2014


...................................

...THE ROSWELL NM CLIMATE SUMMARY FOR AUGUST 22 2014...

CLIMATE NORMAL PERIOD 1981 TO 2010
CLIMATE RECORD PERIOD 1893 TO 2014


WEATHER ITEM   OBSERVED TIME   RECORD YEAR NORMAL DEPARTURE
                VALUE   (LST)  VALUE       VALUE  FROM
                                                  NORMAL
...............................................................
TEMPERATURE (F)
 YESTERDAY
  MAXIMUM         93    151 PM  99    2011  91      2
                                      1999
                                      1985
  MINIMUM         72   1156 PM  55    1967  65      7
  AVERAGE         83                        78      5

PRECIPITATION (IN)
  YESTERDAY        T             2.20 1987   0.07  -0.07
  MONTH TO DATE    2.36                      1.44   0.92
  SINCE JUN 1      7.21                      5.23   1.98
  SINCE JAN 1     12.07                      8.40   3.67

SNOWFALL (IN)
  YESTERDAY        0.0
  MONTH TO DATE    0.0
  SINCE JUN 1      0.0
  SINCE JUL 1      0.0

DEGREE DAYS
 HEATING
  YESTERDAY        0                         0      0
  MONTH TO DATE    0                         0      0
  SINCE JUN 1      0                         1     -1
  SINCE JUL 1      0                         0      0

 COOLING
  YESTERDAY       18                        13      5
  MONTH TO DATE  317                       314      3
  SINCE JUN 1   1295                      1187    108
  SINCE JAN 1   1549                      1412    137
...............................................................


WIND (MPH)
  HIGHEST WIND SPEED    26   HIGHEST WIND DIRECTION    SW (220)
  HIGHEST GUST SPEED    32   HIGHEST GUST DIRECTION    SW (230)
  AVERAGE WIND SPEED    11.1


SKY COVER
  AVERAGE SKY COVER 0.1


WEATHER CONDITIONS
 THE FOLLOWING WEATHER WAS RECORDED YESTERDAY.
  THUNDERSTORM


RELATIVE HUMIDITY (PERCENT)
 HIGHEST    66           400 AM
 LOWEST     28           200 PM
 AVERAGE    47

..........................................................


THE ROSWELL NM CLIMATE NORMALS FOR TODAY
                         NORMAL    RECORD    YEAR
 MAXIMUM TEMPERATURE (F)   91       102      1950
 MINIMUM TEMPERATURE (F)   65        57      1911
                                             1896
                                             1894


SUNRISE AND SUNSET
AUGUST 23 2014........SUNRISE   626 AM MDT   SUNSET   735 PM MDT
AUGUST 24 2014........SUNRISE   627 AM MDT   SUNSET   733 PM MDT


-  INDICATES NEGATIVE NUMBERS.
R  INDICATES RECORD WAS SET OR TIED.
MM INDICATES DATA IS MISSING.
T  INDICATES TRACE AMOUNT.




$$
