655
CDUS45 KABQ 210829
CLIROW


CLIMATE REPORT
NATIONAL WEATHER SERVICE ALBUQUERQUE NM
128 AM MST SUN JAN 21 2018


...................................

...THE ROSWELL NM CLIMATE SUMMARY FOR JANUARY 20 2018...

CLIMATE NORMAL PERIOD 1981 TO 2010
CLIMATE RECORD PERIOD 1893 TO 2018


WEATHER ITEM   OBSERVED TIME   RECORD YEAR NORMAL DEPARTURE
                VALUE   (LST)  VALUE       VALUE  FROM
                                                  NORMAL
...............................................................
TEMPERATURE (F)
 YESTERDAY
  MAXIMUM         78    347 PM  80    1911  56     22
  MINIMUM         27    634 AM  -2    1963  26      1
  AVERAGE         53                        41     12

PRECIPITATION (IN)
  YESTERDAY        0.00          0.50 2007   0.02  -0.02
  MONTH TO DATE    0.07                      0.24  -0.17
  SINCE DEC 1      0.07                      0.88  -0.81
  SINCE JAN 1      0.07                      0.24  -0.17

SNOWFALL (IN)
  YESTERDAY        0.0
  MONTH TO DATE    0.0
  SINCE DEC 1      0.0
  SINCE JUL 1      0.0

DEGREE DAYS
 HEATING
  YESTERDAY       12                        24    -12
  MONTH TO DATE  524                       502     22
  SINCE DEC 1   1203                      1266    -63
  SINCE JUL 1   1653                      1912   -259

 COOLING
  YESTERDAY        0                         0      0
  MONTH TO DATE    0                         0      0
  SINCE DEC 1      0                         0      0
  SINCE JAN 1      0                         0      0
...............................................................


WIND (MPH)
  HIGHEST WIND SPEED    20   HIGHEST WIND DIRECTION    SW (210)
  HIGHEST GUST SPEED    25   HIGHEST GUST DIRECTION    SW (210)
  AVERAGE WIND SPEED     7.5


SKY COVER
  AVERAGE SKY COVER 0.0


WEATHER CONDITIONS
 THE FOLLOWING WEATHER WAS RECORDED YESTERDAY.
  HAZE


RELATIVE HUMIDITY (PERCENT)
 HIGHEST    50           700 AM
 LOWEST      8           400 PM
 AVERAGE    29

..........................................................


THE ROSWELL NM CLIMATE NORMALS FOR TODAY
                         NORMAL    RECORD    YEAR
 MAXIMUM TEMPERATURE (F)   56        80      1967
 MINIMUM TEMPERATURE (F)   26        -6      1966


SUNRISE AND SUNSET
JANUARY 21 2018.......SUNRISE   700 AM MST   SUNSET   519 PM MST
JANUARY 22 2018.......SUNRISE   659 AM MST   SUNSET   520 PM MST


-  INDICATES NEGATIVE NUMBERS.
R  INDICATES RECORD WAS SET OR TIED.
MM INDICATES DATA IS MISSING.
T  INDICATES TRACE AMOUNT.




$$
