000
CDUS45 KABQ 190831
CLIROW


CLIMATE REPORT
NATIONAL WEATHER SERVICE ALBUQUERQUE NM
131 AM MST THU JAN 19 2017


...................................

...THE ROSWELL NM CLIMATE SUMMARY FOR JANUARY 18 2017...

CLIMATE NORMAL PERIOD 1981 TO 2010
CLIMATE RECORD PERIOD 1893 TO 2017


WEATHER ITEM   OBSERVED TIME   RECORD YEAR NORMAL DEPARTURE
                VALUE   (LST)  VALUE       VALUE  FROM
                                                  NORMAL
...............................................................
TEMPERATURE (F)
 YESTERDAY
  MAXIMUM         59    424 PM  77    2000  55      4
  MINIMUM         36   1159 PM -15    1949  26     10
  AVERAGE         48                        41      7

PRECIPITATION (IN)
  YESTERDAY        T             0.40 1899   0.01  -0.01
                                      1898
  MONTH TO DATE    1.09                      0.21   0.88
  SINCE DEC 1      1.39                      0.85   0.54
  SINCE JAN 1      1.09                      0.21   0.88

SNOWFALL (IN)
  YESTERDAY        0.0
  MONTH TO DATE    2.5
  SINCE DEC 1      2.5
  SINCE JUL 1      2.5

DEGREE DAYS
 HEATING
  YESTERDAY       17                        24     -7
  MONTH TO DATE  384                       454    -70
  SINCE DEC 1   1116                      1218   -102
  SINCE JUL 1   1502                      1864   -362

 COOLING
  YESTERDAY        0                         0      0
  MONTH TO DATE    0                         0      0
  SINCE DEC 1      0                         0      0
  SINCE JAN 1      0                         0      0
...............................................................


WIND (MPH)
  HIGHEST WIND SPEED    18   HIGHEST WIND DIRECTION     W (280)
  HIGHEST GUST SPEED    23   HIGHEST GUST DIRECTION     W (280)
  AVERAGE WIND SPEED     8.1


SKY COVER
  AVERAGE SKY COVER 0.7


WEATHER CONDITIONS
 THE FOLLOWING WEATHER WAS RECORDED YESTERDAY.
  LIGHT RAIN
  FOG
  FOG W/VISIBILITY <= 1/4 MILE


RELATIVE HUMIDITY (PERCENT)
 HIGHEST   100           600 AM
 LOWEST     38           500 PM
 AVERAGE    69

..........................................................


THE ROSWELL NM CLIMATE NORMALS FOR TODAY
                         NORMAL    RECORD    YEAR
 MAXIMUM TEMPERATURE (F)   55        80      2012
                                             2000
 MINIMUM TEMPERATURE (F)   26         6      1963
                                             1940
                                             1922


SUNRISE AND SUNSET
JANUARY 19 2017.......SUNRISE   701 AM MST   SUNSET   518 PM MST
JANUARY 20 2017.......SUNRISE   700 AM MST   SUNSET   519 PM MST


-  INDICATES NEGATIVE NUMBERS.
R  INDICATES RECORD WAS SET OR TIED.
MM INDICATES DATA IS MISSING.
T  INDICATES TRACE AMOUNT.




$$
