000
CDUS43 KARX 300657
CLIRST


CLIMATE REPORT
NATIONAL WEATHER SERVICE LA CROSSE WI
156 AM CDT SAT MAY 30 2015


...................................

...THE ROCHESTER MN CLIMATE SUMMARY FOR MAY 29 2015...

CLIMATE NORMAL PERIOD 1981 TO 2010
CLIMATE RECORD PERIOD 1886 TO 2015


WEATHER ITEM   OBSERVED TIME   RECORD YEAR NORMAL DEPARTURE LAST
                VALUE   (LST)  VALUE       VALUE  FROM      YEAR
                                                  NORMAL
..................................................................
TEMPERATURE (F)
 YESTERDAY
  MAXIMUM         75    112 PM  95    2006  73      2       82
  MINIMUM         56   1159 PM  33    1965  52      4       51
                                      1947
  AVERAGE         66                        62      4       67

PRECIPITATION (IN)
  YESTERDAY        0.54          1.88 1980   0.12   0.42     0.00
                                      1941
  MONTH TO DATE    5.23                      3.37   1.86     1.77
  SINCE MAR 1     11.23                      8.49   2.74     8.56
  SINCE JAN 1     12.59                     10.18   2.41    11.32

SNOWFALL (IN)
  YESTERDAY        0.0           0.0  2012   0.0    0.0      0.0
  MONTH TO DATE    0.0                       0.2   -0.2      0.0
  SINCE JUL 1     50.4                      52.1   -1.7     60.5
  SNOW DEPTH       0

DEGREE DAYS
 HEATING
  YESTERDAY        0                         5     -5        0
  MONTH TO DATE  210                       237    -27      251
  SINCE JUL 1   8022                      7662    360     8906

 COOLING
  YESTERDAY        1                         2     -1        2
  MONTH TO DATE   16                        25     -9       22
  SINCE JAN 1     16                        29    -13       22
..................................................................


WIND (MPH)
  HIGHEST WIND SPEED    26   HIGHEST WIND DIRECTION     N (340)
  HIGHEST GUST SPEED    33   HIGHEST GUST DIRECTION     N (340)
  AVERAGE WIND SPEED    11.4


SKY COVER
  POSSIBLE SUNSHINE  MM
  AVERAGE SKY COVER 0.9


WEATHER CONDITIONS
 THE FOLLOWING WEATHER WAS RECORDED YESTERDAY.
  THUNDERSTORM
  HEAVY RAIN
  RAIN
  LIGHT RAIN
  FOG


RELATIVE HUMIDITY (PERCENT)
 HIGHEST    93           600 AM
 LOWEST     73          1100 AM
 AVERAGE    83

..........................................................


THE ROCHESTER MN CLIMATE NORMALS FOR TODAY
                         NORMAL    RECORD    YEAR
 MAXIMUM TEMPERATURE (F)   73        96      1934
 MINIMUM TEMPERATURE (F)   52        31      1930


SUNRISE AND SUNSET
MAY 30 2015...........SUNRISE   532 AM CDT   SUNSET   844 PM CDT
MAY 31 2015...........SUNRISE   531 AM CDT   SUNSET   845 PM CDT


-  INDICATES NEGATIVE NUMBERS.
R  INDICATES RECORD WAS SET OR TIED.
MM INDICATES DATA IS MISSING.
T  INDICATES TRACE AMOUNT.




$$
