000
CDUS43 KARX 230658
CLIRST


CLIMATE REPORT
NATIONAL WEATHER SERVICE LA CROSSE WI
157 AM CDT SAT SEP 23 2017


...................................

...THE ROCHESTER MN CLIMATE SUMMARY FOR SEPTEMBER 22 2017...

CLIMATE NORMAL PERIOD 1981 TO 2010
CLIMATE RECORD PERIOD 1886 TO 2017


WEATHER ITEM   OBSERVED TIME   RECORD YEAR NORMAL DEPARTURE LAST
                VALUE   (LST)  VALUE       VALUE  FROM      YEAR
                                                  NORMAL
..................................................................
TEMPERATURE (F)
 YESTERDAY
  MAXIMUM         91    105 PM  95    1908  69     22       73
  MINIMUM         71    640 AM  24    1974  48     23       63
  AVERAGE         81                        58     23       68

PRECIPITATION (IN)
  YESTERDAY        0.00          1.57 2010   0.11  -0.11     0.71
  MONTH TO DATE    1.47                      2.59  -1.12     8.96
  SINCE SEP 1      1.47                      2.59  -1.12     8.96
  SINCE JAN 1     25.97                     26.78  -0.81    37.23

SNOWFALL (IN)
  YESTERDAY        0.0           0.0  2012   0.0    0.0      0.0
  MONTH TO DATE    0.0                       0.0    0.0      0.0
  SINCE JUL 1      0.0                       0.0    0.0      0.0
  SNOW DEPTH       0

DEGREE DAYS
 HEATING
  YESTERDAY        0                         8     -8        0
  MONTH TO DATE   67                       100    -33       23
  SINCE JUL 1    108                       138    -30       34

 COOLING
  YESTERDAY       16                         1     15        3
  MONTH TO DATE   59                        47     12       53
  SINCE JAN 1    461                       572   -111      626
..................................................................


WIND (MPH)
  HIGHEST WIND SPEED    25   HIGHEST WIND DIRECTION     S (180)
  HIGHEST GUST SPEED    32   HIGHEST GUST DIRECTION     S (180)
  AVERAGE WIND SPEED    15.7


SKY COVER
  POSSIBLE SUNSHINE  MM
  AVERAGE SKY COVER 0.0


WEATHER CONDITIONS
 THE FOLLOWING WEATHER WAS RECORDED YESTERDAY.
  NO SIGNIFICANT WEATHER WAS OBSERVED.


RELATIVE HUMIDITY (PERCENT)
 HIGHEST    93           500 AM
 LOWEST     47           200 PM
 AVERAGE    70

..........................................................


THE ROCHESTER MN CLIMATE NORMALS FOR TODAY
                         NORMAL    RECORD    YEAR
 MAXIMUM TEMPERATURE (F)   69        92      1937
 MINIMUM TEMPERATURE (F)   47        28      1989


SUNRISE AND SUNSET
SEPTEMBER 23 2017.....SUNRISE   659 AM CDT   SUNSET   705 PM CDT
SEPTEMBER 24 2017.....SUNRISE   700 AM CDT   SUNSET   703 PM CDT


-  INDICATES NEGATIVE NUMBERS.
R  INDICATES RECORD WAS SET OR TIED.
MM INDICATES DATA IS MISSING.
T  INDICATES TRACE AMOUNT.




$$
