000
CDUS43 KARX 290654
CLIRST


CLIMATE REPORT
NATIONAL WEATHER SERVICE LA CROSSE WI
1253 AM CST SAT NOV 29 2014


...................................

...THE ROCHESTER MN CLIMATE SUMMARY FOR NOVEMBER 28 2014...

CLIMATE NORMAL PERIOD 1981 TO 2010
CLIMATE RECORD PERIOD 1886 TO 2014


WEATHER ITEM   OBSERVED TIME   RECORD YEAR NORMAL DEPARTURE LAST
                VALUE   (LST)  VALUE       VALUE  FROM      YEAR
                                                  NORMAL
..................................................................
TEMPERATURE (F)
 YESTERDAY
  MAXIMUM         24    517 PM  62    1909  34    -10       30
  MINIMUM          8    101 AM -24    1887  19    -11       16
  AVERAGE         16                        27    -11       23

PRECIPITATION (IN)
  YESTERDAY        0.05          1.17 2006   0.06  -0.01     0.00
  MONTH TO DATE    0.91                      1.80  -0.89     1.76
  SINCE SEP 1      6.82                      7.49  -0.67     5.96
  SINCE JAN 1     33.01                     31.68   1.33    40.66

SNOWFALL (IN)
  YESTERDAY        0.7           5.5  1983   0.3    0.4      0.0
  MONTH TO DATE    9.2                       5.4    3.8      1.3
  SINCE JUL 1      9.2                       6.2    3.0      1.3
  SNOW DEPTH       5

DEGREE DAYS
 HEATING
  YESTERDAY       49                        38     11       42
  MONTH TO DATE 1118                       858    260      936
  SINCE JUL 1   1863                      1594    269     1619

 COOLING
  YESTERDAY        0                         0      0        0
  MONTH TO DATE    0                         0      0        0
  SINCE JAN 1    491                       585    -94      656
..................................................................


WIND (MPH)
  HIGHEST WIND SPEED    22   HIGHEST WIND DIRECTION    SE (150)
  HIGHEST GUST SPEED    27   HIGHEST GUST DIRECTION     S (170)
  AVERAGE WIND SPEED    14.9


SKY COVER
  POSSIBLE SUNSHINE  MM
  AVERAGE SKY COVER 0.5


WEATHER CONDITIONS
 THE FOLLOWING WEATHER WAS RECORDED YESTERDAY.
  LT FREEZING RAIN
  LIGHT SNOW
  SLEET
  FOG


RELATIVE HUMIDITY (PERCENT)
 HIGHEST    92          1100 PM
 LOWEST     73           700 AM
 AVERAGE    83

..........................................................


THE ROCHESTER MN CLIMATE NORMALS FOR TODAY
                         NORMAL    RECORD    YEAR
 MAXIMUM TEMPERATURE (F)   33        62      1998
 MINIMUM TEMPERATURE (F)   19       -20      1887


SUNRISE AND SUNSET
NOVEMBER 29 2014......SUNRISE   722 AM CST   SUNSET   434 PM CST
NOVEMBER 30 2014......SUNRISE   723 AM CST   SUNSET   434 PM CST


-  INDICATES NEGATIVE NUMBERS.
R  INDICATES RECORD WAS SET OR TIED.
MM INDICATES DATA IS MISSING.
T  INDICATES TRACE AMOUNT.




$$
