000
CDUS45 KCYS 220735
CLIRWL


CLIMATE REPORT
NATIONAL WEATHER SERVICE CHEYENNE WY
135 AM MDT FRI AUG 22 2014


...................................

...THE RAWLINS WY AIRPORT CLIMATE SUMMARY FOR AUGUST 21 2014...

CLIMATE NORMAL PERIOD 1981 TO 2010
CLIMATE RECORD PERIOD 1951 TO 2014


WEATHER ITEM   OBSERVED TIME   RECORD YEAR NORMAL DEPARTURE LAST
                VALUE   (LST)  VALUE       VALUE  FROM      YEAR
                                                  NORMAL
..................................................................
TEMPERATURE (F)
 YESTERDAY
  MAXIMUM         73    127 PM  90    1995  81     -8       84
                                      1960
  MINIMUM         47   1157 PM  34    1966  48     -1       57
  AVERAGE         60                        64     -4       71

PRECIPITATION (IN)
  YESTERDAY        0.13          0.44 1999   0.02   0.11     0.22
  MONTH TO DATE    0.43                      0.52  -0.09     0.42
  SINCE JAN 1      3.74                      6.31  -2.57     3.63

DEGREE DAYS
 HEATING
  YESTERDAY        5                         2      3        0
  MONTH TO DATE   21                        28     -7        7
  SINCE JUN 1    219                       253    -34      108
  SINCE JUL 1     47                        63    -16        7

 COOLING
  YESTERDAY        0                         2     -2        6
  MONTH TO DATE   32                        54    -22       84
  SINCE JUN 1    207                       171     36      283
  SINCE JAN 1    209                       171     38      284
..................................................................


WIND (MPH)
  HIGHEST WIND SPEED    32   HIGHEST WIND DIRECTION     W (260)
  HIGHEST GUST SPEED    40   HIGHEST GUST DIRECTION     W (260)
  AVERAGE WIND SPEED    10.1


SKY COVER
  AVERAGE SKY COVER 0.4


WEATHER CONDITIONS
 THE FOLLOWING WEATHER WAS RECORDED YESTERDAY.
  RAIN
  LIGHT RAIN
  FOG


RELATIVE HUMIDITY (PERCENT)
 HIGHEST    86           500 AM
 LOWEST     31          1200 PM
 AVERAGE    59

..........................................................


THE RAWLINS WY AIRPORT CLIMATE NORMALS FOR TODAY
                         NORMAL    RECORD    YEAR
 MAXIMUM TEMPERATURE (F)   80        92      2009
 MINIMUM TEMPERATURE (F)   48        34      1966


SUNRISE AND SUNSET
AUGUST 22 2014........SUNRISE   624 AM MDT   SUNSET   758 PM MDT
AUGUST 23 2014........SUNRISE   625 AM MDT   SUNSET   757 PM MDT


-  INDICATES NEGATIVE NUMBERS.
R  INDICATES RECORD WAS SET OR TIED.
MM INDICATES DATA IS MISSING.
T  INDICATES TRACE AMOUNT.




$$
