000
CDUS45 KCYS 252126
CLIRWL


CLIMATE REPORT
NATIONAL WEATHER SERVICE CHEYENNE WY
326 PM MDT WED MAY 25 2016


...................................

...THE RAWLINS WY AIRPORT CLIMATE SUMMARY FOR MAY 25 2016...
VALID AS OF 0300 PM LOCAL TIME.

CLIMATE NORMAL PERIOD 1981 TO 2010
CLIMATE RECORD PERIOD 1951 TO 2016


WEATHER ITEM   OBSERVED TIME   RECORD YEAR NORMAL DEPARTURE LAST
                VALUE   (LST)  VALUE       VALUE  FROM      YEAR
                                                  NORMAL
..................................................................
TEMPERATURE (F)
 TODAY
  MAXIMUM         61    128 PM  81    2006  67     -6       56
  MINIMUM         39    545 AM  29    1986  38      1       39
                                      1975
                                      1953
  AVERAGE         50                        52     -2       48

PRECIPITATION (IN)
  TODAY            0.01          0.68 1996   0.04  -0.03     0.15
  MONTH TO DATE    0.32                      1.12  -0.80     3.70
  SINCE JAN 1      5.82                      3.63   2.19     5.60

DEGREE DAYS
 HEATING
  TODAY           15                        13      2       17
  MONTH TO DATE  431                       412     19      453
  SINCE MAR 1   2060                      2174   -114     1970
  SINCE JUL 1   7532                      8131   -599     7201

 COOLING
  TODAY            0                         0      0        0
  MONTH TO DATE    0                         0      0        0
  SINCE MAR 1      0                         0      0        0
  SINCE JAN 1      0                         0      0        0
..................................................................


WIND (MPH)
  HIGHEST WIND SPEED    29   HIGHEST WIND DIRECTION     W (260)
  HIGHEST GUST SPEED    38   HIGHEST GUST DIRECTION    SW (240)
  AVERAGE WIND SPEED    15.0


SKY COVER
  AVERAGE SKY COVER 0.4


WEATHER CONDITIONS
 THE FOLLOWING WEATHER WAS RECORDED TODAY.
  HAZE


RELATIVE HUMIDITY (PERCENT)
 HIGHEST    79           400 AM
 LOWEST     28           100 PM
 AVERAGE    54

..........................................................


THE RAWLINS WY AIRPORT CLIMATE NORMALS FOR TOMORROW
                         NORMAL    RECORD    YEAR
 MAXIMUM TEMPERATURE (F)   67        84      2006
 MINIMUM TEMPERATURE (F)   38        26      1975


SUNRISE AND SUNSET
MAY 25 2016...........SUNRISE   540 AM MDT   SUNSET   832 PM MDT
MAY 26 2016...........SUNRISE   539 AM MDT   SUNSET   833 PM MDT


-  INDICATES NEGATIVE NUMBERS.
R  INDICATES RECORD WAS SET OR TIED.
MM INDICATES DATA IS MISSING.
T  INDICATES TRACE AMOUNT.




$$
