000
CDUS45 KCYS 092227
CLIRWL


CLIMATE REPORT
NATIONAL WEATHER SERVICE CHEYENNE WY
327 PM MST TUE FEB 9 2016


...................................

...THE RAWLINS WY AIRPORT CLIMATE SUMMARY FOR FEBRUARY 9 2016...
VALID AS OF 0300 PM LOCAL TIME.

CLIMATE NORMAL PERIOD 1981 TO 2010
CLIMATE RECORD PERIOD 1951 TO 2016


WEATHER ITEM   OBSERVED TIME   RECORD YEAR NORMAL DEPARTURE LAST
                VALUE   (LST)  VALUE       VALUE  FROM      YEAR
                                                  NORMAL
..................................................................
TEMPERATURE (F)
 TODAY
  MAXIMUM         37    151 PM  56    2015  32      5       56
  MINIMUM         24    506 AM -30    2001  12     12       26
                                      1973
  AVERAGE         31                        22      9       41

PRECIPITATION (IN)
  TODAY            0.00          0.45 1959   0.01  -0.01     0.03
  MONTH TO DATE    0.06                      0.12  -0.06     0.03
  SINCE JAN 1      0.88                      0.48   0.40     0.22

DEGREE DAYS
 HEATING
  TODAY           34                        43     -9       24
  MONTH TO DATE  411                       388     23      225
  SINCE DEC 1   3155                      3081     74     2627
  SINCE JUL 1   4852                      5187   -335     4518

 COOLING
  TODAY            0                         0      0        0
  MONTH TO DATE    0                         0      0        0
  SINCE DEC 1      0                         0      0        0
  SINCE JAN 1      0                         0      0        0
..................................................................


WIND (MPH)
  HIGHEST WIND SPEED    28   HIGHEST WIND DIRECTION    SW (240)
  HIGHEST GUST SPEED    33   HIGHEST GUST DIRECTION    SW (230)
  AVERAGE WIND SPEED    14.6


SKY COVER
  AVERAGE SKY COVER 0.0


WEATHER CONDITIONS
 THE FOLLOWING WEATHER WAS RECORDED TODAY.
  NO SIGNIFICANT WEATHER WAS OBSERVED.


RELATIVE HUMIDITY (PERCENT)
 HIGHEST    74           600 AM
 LOWEST     54           300 PM
 AVERAGE    64

..........................................................


THE RAWLINS WY AIRPORT CLIMATE NORMALS FOR TOMORROW
                         NORMAL    RECORD    YEAR
 MAXIMUM TEMPERATURE (F)   32        50      1962
 MINIMUM TEMPERATURE (F)   12       -15      1981
                                             1972


SUNRISE AND SUNSET
FEBRUARY  9 2016......SUNRISE   713 AM MST   SUNSET   534 PM MST
FEBRUARY 10 2016......SUNRISE   711 AM MST   SUNSET   535 PM MST


-  INDICATES NEGATIVE NUMBERS.
R  INDICATES RECORD WAS SET OR TIED.
MM INDICATES DATA IS MISSING.
T  INDICATES TRACE AMOUNT.




$$
