000
CDUS45 KPIH 240731
CLIRXE


CLIMATE REPORT
NATIONAL WEATHER SERVICE POCATELLO ID
130 AM MDT THU JUL 24 2014


...................................

...THE REXBURG ID CLIMATE SUMMARY FOR JULY 23 2014...

CLIMATE NORMAL PERIOD 1981 TO 2010
CLIMATE RECORD PERIOD 1998 TO 2014


WEATHER ITEM   OBSERVED TIME   RECORD YEAR NORMAL DEPARTURE LAST
                VALUE   (LST)  VALUE       VALUE  FROM      YEAR
                                                  NORMAL
..................................................................
TEMPERATURE (F)
 YESTERDAY
  MAXIMUM         92    429 PM  99    2007  86      6       89
  MINIMUM         54    409 AM  46    2011  51      3       47
                                      1999
  AVERAGE         73                        69      4       68

PRECIPITATION (IN)
  YESTERDAY        0.00         MM      MM   0.02  -0.02     0.00
  MONTH TO DATE    1.30                      0.56   0.74     0.14
  SINCE OCT 1      8.95                     11.01  -2.06     8.01
  SINCE JAN 1      7.09                      7.80  -0.71     4.62

SNOWFALL (IN)
  YESTERDAY       MM
  MONTH TO DATE   MM
  SINCE JUN 1     MM
  SINCE JUL 1     MM
  SNOW DEPTH      MM

DEGREE DAYS
 HEATING
  YESTERDAY        0                         0      0        0
  MONTH TO DATE    3                        27    -24        0
  SINCE JUN 1    158                       199    -41      117
  SINCE JUL 1      3                        27    -24        0

 COOLING
  YESTERDAY        8                         4      4        3
  MONTH TO DATE  138                        57     81      158
  SINCE JUN 1    141                        75     66      217
  SINCE JAN 1    141                        79     62      219
..................................................................


WIND (MPH)
  HIGHEST WIND SPEED    15   HIGHEST WIND DIRECTION     W (270)
  HIGHEST GUST SPEED    19   HIGHEST GUST DIRECTION     W (280)
  AVERAGE WIND SPEED     6.5


SKY COVER
  POSSIBLE SUNSHINE  MM
  AVERAGE SKY COVER 0.0


WEATHER CONDITIONS
 THE FOLLOWING WEATHER WAS RECORDED YESTERDAY.
  NO SIGNIFICANT WEATHER WAS OBSERVED.


RELATIVE HUMIDITY (PERCENT)
 HIGHEST    80           100 AM
 LOWEST     15           400 PM
 AVERAGE    48

..........................................................


THE REXBURG ID CLIMATE NORMALS FOR TODAY
                         NORMAL    RECORD    YEAR
 MAXIMUM TEMPERATURE (F)   86        95      2003
 MINIMUM TEMPERATURE (F)   51        46      2011
                                             2010
                                             2000


SUNRISE AND SUNSET
JULY 24 2014..........SUNRISE   608 AM MDT   SUNSET   859 PM MDT
JULY 25 2014..........SUNRISE   609 AM MDT   SUNSET   858 PM MDT


-  INDICATES NEGATIVE NUMBERS.
R  INDICATES RECORD WAS SET OR TIED.
MM INDICATES DATA IS MISSING.
T  INDICATES TRACE AMOUNT.




$$
