000
CDUS45 KPIH 270740
CLIRXE


CLIMATE REPORT
NATIONAL WEATHER SERVICE POCATELLO ID
137 AM MDT WED MAY 27 2015


...................................

...THE REXBURG ID CLIMATE SUMMARY FOR MAY 26 2015...

CLIMATE NORMAL PERIOD 1981 TO 2010
CLIMATE RECORD PERIOD 1998 TO 2015


WEATHER ITEM   OBSERVED TIME   RECORD YEAR NORMAL DEPARTURE LAST
                VALUE   (LST)  VALUE       VALUE  FROM      YEAR
                                                  NORMAL
..................................................................
TEMPERATURE (F)
 YESTERDAY
  MAXIMUM         64   1208 PM  82    2014  69     -5       82
  MINIMUM         46    509 PM  36    2011  42      4       45
  AVERAGE         55                        55      0       64

PRECIPITATION (IN)
  YESTERDAY        0.52         MM      MM   0.05   0.47     0.00
  MONTH TO DATE    2.92                      1.42   1.50     0.56
  SINCE OCT 1      7.50                      8.74  -1.24     6.89
  SINCE JAN 1      4.73                      5.53  -0.80     5.03

SNOWFALL (IN)
  YESTERDAY       MM
  MONTH TO DATE   MM
  SINCE MAR 1     MM
  SINCE JUL 1     MM
  SNOW DEPTH      MM

DEGREE DAYS
 HEATING
  YESTERDAY       10                        10      0        1
  MONTH TO DATE  302                       346    -44      309
  SINCE MAR 1   1638                      1938   -300     1798
  SINCE JUL 1   6722                      7911  -1189     7613

 COOLING
  YESTERDAY        0                         0      0        0
  MONTH TO DATE    0                         0      0        0
  SINCE MAR 1      0                         0      0        0
  SINCE JAN 1      0                         0      0        0
..................................................................


WIND (MPH)
  HIGHEST WIND SPEED    21   HIGHEST WIND DIRECTION     E (110)
  HIGHEST GUST SPEED    29   HIGHEST GUST DIRECTION    NE (30)
  AVERAGE WIND SPEED     7.9


SKY COVER
  POSSIBLE SUNSHINE  MM
  AVERAGE SKY COVER 0.8


WEATHER CONDITIONS
 THE FOLLOWING WEATHER WAS RECORDED YESTERDAY.
  THUNDERSTORM
  HEAVY RAIN
  RAIN
  LIGHT RAIN
  FOG


RELATIVE HUMIDITY (PERCENT)
 HIGHEST    93          1000 PM
 LOWEST     55           400 PM
 AVERAGE    74

..........................................................


THE REXBURG ID CLIMATE NORMALS FOR TODAY
                         NORMAL    RECORD    YEAR
 MAXIMUM TEMPERATURE (F)   69        82      2007
                                             2003
 MINIMUM TEMPERATURE (F)   42        34      2011


SUNRISE AND SUNSET
MAY 27 2015...........SUNRISE   551 AM MDT   SUNSET   858 PM MDT
MAY 28 2015...........SUNRISE   550 AM MDT   SUNSET   859 PM MDT


-  INDICATES NEGATIVE NUMBERS.
R  INDICATES RECORD WAS SET OR TIED.
MM INDICATES DATA IS MISSING.
T  INDICATES TRACE AMOUNT.




$$
