000
CDUS45 KPIH 232331
CLIRXE


CLIMATE REPORT
NATIONAL WEATHER SERVICE POCATELLO ID
528 PM MDT THU OCT 23 2014


...................................

...THE REXBURG ID CLIMATE SUMMARY FOR OCTOBER 23 2014...
VALID TODAY AS OF 0500 PM LOCAL TIME.

CLIMATE NORMAL PERIOD 1981 TO 2010
CLIMATE RECORD PERIOD 1998 TO 2014


WEATHER ITEM   OBSERVED TIME   RECORD YEAR NORMAL DEPARTURE LAST
                VALUE   (LST)  VALUE       VALUE  FROM      YEAR
                                                  NORMAL
..................................................................
TEMPERATURE (F)
 TODAY
  MAXIMUM         60    322 PM  67    2005  55      5       64
                                      1999
  MINIMUM         33   1225 AM  19    2008  30      3       28
  AVERAGE         47                        42      5       46

PRECIPITATION (IN)
  TODAY            0.00         MM      MM   0.03  -0.03     0.00
  MONTH TO DATE    0.03                      0.83  -0.80     0.55
  SINCE OCT 1      0.03                      0.83  -0.80     0.55
  SINCE JAN 1     14.13                     10.71   3.42     6.99

SNOWFALL (IN)
  TODAY           MM
  MONTH TO DATE   MM
  SINCE SEP 1     MM
  SINCE JUL 1     MM
  SNOW DEPTH      MM

DEGREE DAYS
 HEATING
  TODAY           18                        23     -5       19
  MONTH TO DATE  361                       431    -70      513
  SINCE SEP 1    559                       716   -157      660
  SINCE JUL 1    633                       789   -156      660

 COOLING
  TODAY            0                         0      0        0
  MONTH TO DATE    0                         0      0        0
  SINCE SEP 1     12                         6      6       39
  SINCE JAN 1    234                       208     26      452
..................................................................


WIND (MPH)
  HIGHEST WIND SPEED    18   HIGHEST WIND DIRECTION    SW (220)
  HIGHEST GUST SPEED    24   HIGHEST GUST DIRECTION    SW (220)
  AVERAGE WIND SPEED     6.1


SKY COVER
  POSSIBLE SUNSHINE  MM
  AVERAGE SKY COVER 0.8


WEATHER CONDITIONS
 THE FOLLOWING WEATHER WAS RECORDED TODAY.
  NO SIGNIFICANT WEATHER WAS OBSERVED.


RELATIVE HUMIDITY (PERCENT)
 HIGHEST    82          1200 AM
 LOWEST     32           100 PM
 AVERAGE    57

..........................................................


THE REXBURG ID CLIMATE NORMALS FOR TOMORROW
                         NORMAL    RECORD    YEAR
 MAXIMUM TEMPERATURE (F)   55        71      2005
 MINIMUM TEMPERATURE (F)   29         0      2013


SUNRISE AND SUNSET
OCTOBER 23 2014.......SUNRISE   752 AM MDT   SUNSET   631 PM MDT
OCTOBER 24 2014.......SUNRISE   753 AM MDT   SUNSET   629 PM MDT


-  INDICATES NEGATIVE NUMBERS.
R  INDICATES RECORD WAS SET OR TIED.
MM INDICATES DATA IS MISSING.
T  INDICATES TRACE AMOUNT.




$$
