994
CDUS46 KSTO 170839
CLISAC

CLIMATE REPORT
NATIONAL WEATHER SERVICE SACRAMENTO, CA
1239 AM PST TUE JAN 17 2017


...................................

...THE SACRAMENTO EXEC. AIRPORT CA CLIMATE SUMMARY FOR JANUARY 16
2017...

CLIMATE NORMAL PERIOD 1981 TO 2010
CLIMATE RECORD PERIOD 1930 TO 2017


WEATHER ITEM   OBSERVED TIME   RECORD YEAR NORMAL DEPARTURE LAST
                VALUE   (LST)  VALUE       VALUE  FROM      YEAR
                                                  NORMAL
..................................................................
TEMPERATURE (F)
 YESTERDAY
  MAXIMUM         51    226 PM  69    2014  54     -3       60
  MINIMUM         36   1159 PM  23    2007  39     -3       48
  AVERAGE         44

PRECIPITATION (IN)
  YESTERDAY        0.00          1.31 1978   0.12  -0.12     0.16
                                      1973
  MONTH TO DATE    7.21                      1.89   5.32     2.89
  SINCE OCT 1     16.66                      8.17   8.49     6.33
  SINCE JAN 1      7.21                      1.89   5.32     2.89

SNOWFALL (IN)
  YESTERDAY        0.0           0.0  2002   0.0             0.0
  MONTH TO DATE    0.0                       0.0             0.0
  SINCE DEC 1      0.0                       0.0             0.0
  SINCE JUL 1      0.0                       0.0             0.0

DEGREE DAYS
 HEATING
  YESTERDAY       21

 COOLING
  YESTERDAY        0
..................................................................


WIND (MPH)
  RESULTANT WIND SPEED   3   RESULTANT WIND DIRECTION  SE (130)
  HIGHEST WIND SPEED     9   HIGHEST WIND DIRECTION    SE (130)
  HIGHEST GUST SPEED    13   HIGHEST GUST DIRECTION    SE (130)


SKY COVER
  POSSIBLE SUNSHINE  MM
  AVERAGE SKY COVER 0.5


WEATHER CONDITIONS
 THE FOLLOWING WEATHER WAS RECORDED YESTERDAY.
  FOG


RELATIVE HUMIDITY (PERCENT)
 HIGHEST   100
 LOWEST     66
 AVERAGE    83

..........................................................


THE SACRAMENTO EXEC. AIRPORT CA CLIMATE NORMALS FOR TODAY
                         NORMAL    RECORD    YEAR
 MAXIMUM TEMPERATURE (F)   54        71      2014
 MINIMUM TEMPERATURE (F)   39        24      2012
                                             1963


SUNRISE AND SUNSET
JANUARY 17 2017.......SUNRISE   721 AM PST   SUNSET   512 PM PST
JANUARY 18 2017.......SUNRISE   721 AM PST   SUNSET   513 PM PST


-  INDICATES NEGATIVE NUMBERS.
R  INDICATES RECORD WAS SET OR TIED.
MM INDICATES DATA IS MISSING.
T  INDICATES TRACE AMOUNT.




&&
....................................................................

SACRAMENTO CITY CLIMATE DATA FOR MONDAY JANUARY 16 2017

HIGH...   52  RECORD HIGH    71 IN 2014    NORMAL    HIGH   54
LOW....   39  RECORD LOW     24 IN 1888    NORMAL    LOW    41

RAIN SINCE MIDNIGHT....  0.00   RECORD THIS DATE....... 1.53 IN 1973
TOTAL THIS MONTH.......  7.18   NORMAL SINCE OCT 1ST.........  9.06
TOTAL SINCE OCT 1ST... 16.69   PERCENT OF NORMAL.............  184%


$$
NNNN
