000
CDUS46 KSTO 040839
CLISAC

CLIMATE REPORT
NATIONAL WEATHER SERVICE SACRAMENTO, CA
1237 AM PST WED MAR 4 2015

..................................................................

...THE SACRAMENTO EXEC. AIRPORT CA CLIMATE SUMMARY FOR MARCH 3 2015...

CLIMATE NORMAL PERIOD 1981 TO 2010
CLIMATE RECORD PERIOD 1930 TO 2015


WEATHER ITEM   OBSERVED TIME   RECORD YEAR NORMAL DEPARTURE LAST
                VALUE   (LST)  VALUE       VALUE  FROM      YEAR
                                                  NORMAL
..................................................................
TEMPERATURE (F)
 YESTERDAY
  MAXIMUM         66    353 PM  75    1959  64      2       60
  MINIMUM         40    538 AM  28    1966  43     -3       48
  AVERAGE         53

PRECIPITATION (IN)
  YESTERDAY        0.00          0.88 2010   0.12  -0.12     0.11
  MONTH TO DATE    0.02                      0.36  -0.34     0.19
  SINCE OCT 1     13.22                     13.75  -0.53     5.79
  SINCE JAN 1      2.84                      7.47  -4.63     4.48

SNOWFALL (IN)
  YESTERDAY        0.0          MM      MM   0.0            MM
  MONTH TO DATE    0.0                       0.0             0.0
  SINCE MAR 1      0.0                       0.0             0.0
  SINCE JUL 1      0.0                       0.0             0.0

DEGREE DAYS
 HEATING
  YESTERDAY       12

 COOLING
  YESTERDAY        0
..................................................................


WIND (MPH)
  RESULTANT WIND SPEED   5   RESULTANT WIND DIRECTION  NW (320)
  HIGHEST WIND SPEED    17   HIGHEST WIND DIRECTION     W (290)
  HIGHEST GUST SPEED    22   HIGHEST GUST DIRECTION     W (280)


SKY COVER
  POSSIBLE SUNSHINE  MM
  AVERAGE SKY COVER 0.0


WEATHER CONDITIONS
 THE FOLLOWING WEATHER WAS RECORDED YESTERDAY.
  NO SIGNIFICANT WEATHER WAS OBSERVED.


RELATIVE HUMIDITY (PERCENT)
 HIGHEST    89
 LOWEST     34
 AVERAGE    62

..........................................................


THE SACRAMENTO EXEC. AIRPORT CA CLIMATE NORMALS FOR TODAY
                         NORMAL    RECORD    YEAR
 MAXIMUM TEMPERATURE (F)   64        75      1972
 MINIMUM TEMPERATURE (F)   43        30      1966


SUNRISE AND SUNSET
MARCH  4 2015.........SUNRISE   634 AM PST   SUNSET   602 PM PST
MARCH  5 2015.........SUNRISE   632 AM PST   SUNSET   603 PM PST


-  INDICATES NEGATIVE NUMBERS.
R  INDICATES RECORD WAS SET OR TIED.
MM INDICATES DATA IS MISSING.
T  INDICATES TRACE AMOUNT.

&&
....................................................................

SACRAMENTO CITY CLIMATE DATA FOR TUESDAY MARCH 3 2015

HIGH...   67  RECORD HIGH    80 IN 1929    NORMAL    HIGH   65
LOW....   42  RECORD LOW     31 IN 1951    NORMAL    LOW    46

RAIN SINCE MIDNIGHT....  0.00   RECORD THIS DATE....... 0.95 IN 1906
TOTAL THIS MONTH.......  0.00   NORMAL SINCE OCT 1ST.........  15.01
TOTAL SINCE OCT 1ST...  11.57   PERCENT OF NORMAL.............  77%


$$
