000
CDUS46 KSTO 120036
CLISAC

CLIMATE REPORT
NATIONAL WEATHER SERVICE SACRAMENTO, CA
434 PM PST THU FEB 11 2016


...................................

...THE SACRAMENTO EXEC. AIRPORT CA CLIMATE SUMMARY FOR FEBRUARY 11 2016...
VALID TODAY AS OF 0400 PM LOCAL TIME.

CLIMATE NORMAL PERIOD 1981 TO 2010
CLIMATE RECORD PERIOD 1930 TO 2016


WEATHER ITEM   OBSERVED TIME   RECORD YEAR NORMAL DEPARTURE LAST
                VALUE   (LST)  VALUE       VALUE  FROM      YEAR
                                                  NORMAL
..................................................................
TEMPERATURE (F)
 TODAY
  MAXIMUM         71    359 PM  74    1988  60     11       67
  MINIMUM         43    726 AM  29    1999  41      2       39
  AVERAGE         57

PRECIPITATION (IN)
  TODAY            0.00          1.40 1969   0.12  -0.12     0.00
  MONTH TO DATE    0.04                      1.39  -1.35     2.82
  SINCE OCT 1      8.92                     11.31  -2.39    13.20
  SINCE JAN 1      5.48                      5.03   0.45     2.82

SNOWFALL (IN)
  TODAY            0.0           0.0  2002   0.0             0.0
  MONTH TO DATE    0.0                       0.0             0.0
  SINCE DEC 1      0.0                       0.0             0.0
  SINCE JUL 1      0.0                       0.0             0.0

DEGREE DAYS
 HEATING
  TODAY            8

 COOLING
  TODAY            0
..................................................................


WIND (MPH)
  RESULTANT WIND SPEED   1   RESULTANT WIND DIRECTION   E (110)
  HIGHEST WIND SPEED     8   HIGHEST WIND DIRECTION    NW (300)
  HIGHEST GUST SPEED    11   HIGHEST GUST DIRECTION     W (290)


SKY COVER
  POSSIBLE SUNSHINE  MM
  AVERAGE SKY COVER 0.0


WEATHER CONDITIONS
 THE FOLLOWING WEATHER WAS RECORDED TODAY.
  NO SIGNIFICANT WEATHER WAS OBSERVED.


RELATIVE HUMIDITY (PERCENT)
 HIGHEST    93
 LOWEST     53
 AVERAGE    73

..........................................................


THE SACRAMENTO EXEC. AIRPORT CA CLIMATE NORMALS FOR TOMORROW
                         NORMAL    RECORD    YEAR
 MAXIMUM TEMPERATURE (F)   60        73      2015
                                             1996
 MINIMUM TEMPERATURE (F)   41        26      1948
                                             1946


SUNRISE AND SUNSET
FEBRUARY 11 2016......SUNRISE   702 AM PST   SUNSET   539 PM PST
FEBRUARY 12 2016......SUNRISE   701 AM PST   SUNSET   540 PM PST


-  INDICATES NEGATIVE NUMBERS.
R  INDICATES RECORD WAS SET OR TIED.
MM INDICATES DATA IS MISSING.
T  INDICATES TRACE AMOUNT.

&&
....................................................................

SACRAMENTO CITY CLIMATE DATA FOR THURSDAY FEBRUARY 11 2016

HIGH...   72  RECORD HIGH    75 IN 1988    NORMAL    HIGH   60
LOW....   47  RECORD LOW     30 IN 1884    NORMAL    LOW    43

RAIN SINCE MIDNIGHT....  0.00   RECORD THIS DATE....... 2.34 IN 1936
TOTAL THIS MONTH.......  0.03   NORMAL SINCE OCT 1ST.........  12.39
TOTAL SINCE OCT 1ST...   9.44   PERCENT OF NORMAL.............  76%


$$
NNNN
