000
CDUS46 KSTO 290843
CLISAC

CLIMATE REPORT
NATIONAL WEATHER SERVICE SACRAMENTO, CA
141 AM PDT THU JUN 29 2017

...................................

...THE SACRAMENTO EXEC. AIRPORT CA CLIMATE SUMMARY FOR JUNE 28 2017...

CLIMATE NORMAL PERIOD 1981 TO 2010
CLIMATE RECORD PERIOD 1930 TO 2017

WEATHER ITEM   OBSERVED TIME   RECORD YEAR NORMAL DEPARTURE LAST
                VALUE   (LST)  VALUE       VALUE  FROM      YEAR
                                                  NORMAL
..................................................................
TEMPERATURE (F)
 YESTERDAY
  MAXIMUM         89    331 PM 108    2009  90     -1      103
  MINIMUM         56    526 AM  49    1971  57     -1       64
  AVERAGE         73

PRECIPITATION (IN)
  YESTERDAY        0.00          0.86 2011   0.00   0.00     0.00
  MONTH TO DATE    0.10                      0.21  -0.11      T
  SINCE OCT 1     33.08                     18.18  14.90    16.19
  SINCE JAN 1     23.63                     11.90  11.73    12.75

SNOWFALL (IN)
  YESTERDAY        0.0          MM      MM   0.0             0.0
  MONTH TO DATE    0.0                       0.0             0.0
  SINCE JUN 1      0.0                       0.0             0.0
  SINCE JUL 1      0.0                       0.0             0.0

DEGREE DAYS
 HEATING
  YESTERDAY        0

 COOLING
  YESTERDAY        8
..................................................................

WIND (MPH)
  RESULTANT WIND SPEED   6   RESULTANT WIND DIRECTION   S (180)
  HIGHEST WIND SPEED    15   HIGHEST WIND DIRECTION    SW (220)
  HIGHEST GUST SPEED    27   HIGHEST GUST DIRECTION    SW (210)

SKY COVER
  POSSIBLE SUNSHINE  MM
  AVERAGE SKY COVER 0.0

WEATHER CONDITIONS
 THE FOLLOWING WEATHER WAS RECORDED YESTERDAY.
  NO SIGNIFICANT WEATHER WAS OBSERVED.

RELATIVE HUMIDITY (PERCENT)
 HIGHEST    93
 LOWEST     36
 AVERAGE    65

..........................................................

THE SACRAMENTO EXEC. AIRPORT CA CLIMATE NORMALS FOR TODAY
                         NORMAL    RECORD    YEAR
 MAXIMUM TEMPERATURE (F)   90       107      2013
 MINIMUM TEMPERATURE (F)   58        49      1949

SUNRISE AND SUNSET
JUNE 29 2017..........SUNRISE   545 AM PDT   SUNSET   834 PM PDT
JUNE 30 2017..........SUNRISE   545 AM PDT   SUNSET   834 PM PDT

-  INDICATES NEGATIVE NUMBERS.
R  INDICATES RECORD WAS SET OR TIED.
MM INDICATES DATA IS MISSING.
T  INDICATES TRACE AMOUNT.

&&
....................................................................

SACRAMENTO CITY CLIMATE DATA FOR WEDNESDAY JUNE 28 2017

HIGH...   92  RECORD HIGH   108 IN 2009    NORMAL    HIGH   91
LOW....   57  RECORD LOW     47 IN 1916    NORMAL    LOW    60

RAIN SINCE MIDNIGHT....  0.00   RECORD THIS DATE....... 0.56 IN 1991
TOTAL THIS MONTH.......  0.18   NORMAL SINCE OCT 1ST.........  19.89
TOTAL SINCE OCT 1ST... 33.94   PERCENT OF NORMAL.............  171%

$$
