000
CDUS46 KSTO 220050
CLISAC

CLIMATE REPORT
NATIONAL WEATHER SERVICE SACRAMENTO, CA
447 PM PST SUN DEC 21 2014


...................................

...THE SACRAMENTO EXEC. AIRPORT CA CLIMATE SUMMARY FOR DECEMBER 21 2014...
VALID TODAY AS OF 0400 PM LOCAL TIME.

CLIMATE NORMAL PERIOD 1981 TO 2010
CLIMATE RECORD PERIOD 1930 TO 2014


WEATHER ITEM   OBSERVED TIME   RECORD YEAR NORMAL DEPARTURE LAST
                VALUE   (LST)  VALUE       VALUE  FROM      YEAR
                                                  NORMAL
..................................................................
TEMPERATURE (F)
 TODAY
  MAXIMUM         65    359 PM  70    1999  53     12       60
  MINIMUM         57    722 AM  22    1990  38     19       33
  AVERAGE         61

PRECIPITATION (IN)
  TODAY            0.00          1.53 1982   0.12  -0.12     0.00
  MONTH TO DATE    8.59                      2.11   6.48     0.43
  SINCE JUL 1     10.84                      5.48   5.36     1.90
  SINCE JAN 1     18.73                     17.38   1.35     5.81

SNOWFALL (IN)
  TODAY            0.0          MM      MM   0.0             0.0
  MONTH TO DATE    0.0                       0.0             0.0
  SINCE DEC 1      0.0                       0.0             0.0
  SINCE JUL 1      0.0                       0.0             0.0

DEGREE DAYS
 HEATING
  TODAY            4

 COOLING
  TODAY            0
..................................................................


WIND (MPH)
  RESULTANT WIND SPEED   5   RESULTANT WIND DIRECTION  SE (140)
  HIGHEST WIND SPEED    10   HIGHEST WIND DIRECTION    SE (150)
  HIGHEST GUST SPEED    14   HIGHEST GUST DIRECTION    SE (150)


SKY COVER
  POSSIBLE SUNSHINE  MM
  AVERAGE SKY COVER 0.9


WEATHER CONDITIONS
 THE FOLLOWING WEATHER WAS RECORDED TODAY.
  NO SIGNIFICANT WEATHER WAS OBSERVED.


RELATIVE HUMIDITY (PERCENT)
 HIGHEST    93
 LOWEST     78
 AVERAGE    86

..........................................................


THE SACRAMENTO EXEC. AIRPORT CA CLIMATE NORMALS FOR TOMORROW
                         NORMAL    RECORD    YEAR
 MAXIMUM TEMPERATURE (F)   53        66      1999
 MINIMUM TEMPERATURE (F)   38        18      1990


SUNRISE AND SUNSET
DECEMBER 21 2014......SUNRISE   720 AM PST   SUNSET   449 PM PST
DECEMBER 22 2014......SUNRISE   720 AM PST   SUNSET   449 PM PST


-  INDICATES NEGATIVE NUMBERS.
R  INDICATES RECORD WAS SET OR TIED.
MM INDICATES DATA IS MISSING.
T  INDICATES TRACE AMOUNT.

&&
....................................................................

SACRAMENTO CITY CLIMATE DATA FOR SUNDAY DECEMBER 21 2014

HIGH...   65  RECORD HIGH    66 IN 1999    NORMAL    HIGH   53
LOW....   56  RECORD LOW     22 IN 1990    NORMAL    LOW    40

RAIN SINCE MIDNIGHT....  0.00   RECORD THIS DATE....... 2.81 IN 1885
TOTAL THIS MONTH.......  7.55   NORMAL SEASON TO DATE.........  6.11
TOTAL SINCE JULY 1ST...  9.76   PERCENT OF NORMAL.............  159%


$$
NNNN
