000
CDUS46 KSTO 170840
CLISAC

CLIMATE REPORT
NATIONAL WEATHER SERVICE SACRAMENTO, CA
140 AM PDT TUE OCT 17 2017


...................................

...THE SACRAMENTO EXEC. AIRPORT CA CLIMATE SUMMARY FOR OCTOBER 16 2017...

CLIMATE NORMAL PERIOD 1981 TO 2010
CLIMATE RECORD PERIOD 1930 TO 2017


WEATHER ITEM   OBSERVED TIME   RECORD YEAR NORMAL DEPARTURE LAST
                VALUE   (LST)  VALUE       VALUE  FROM      YEAR
                                                  NORMAL
..................................................................
TEMPERATURE (F)
 YESTERDAY
  MAXIMUM         84    313 PM  95    1961  78      6       64
  MINIMUM         44    623 AM  41    1980  50     -6       58
  AVERAGE         64

PRECIPITATION (IN)
  YESTERDAY        0.00          1.17 2016   0.03  -0.03     1.17
  MONTH TO DATE    0.00                      0.34  -0.34     2.01
  SINCE OCT 1      0.00                      0.34  -0.34     2.01
  SINCE JAN 1     23.63                     12.58  11.05    14.76

SNOWFALL (IN)
  YESTERDAY        0.0           0.0  2002   0.0             0.0
                                      2001
  MONTH TO DATE    0.0                       0.0             0.0
  SINCE SEP 1      0.0                       0.0             0.0
  SINCE JUL 1      0.0                       0.0             0.0

DEGREE DAYS
 HEATING
  YESTERDAY        1

 COOLING
  YESTERDAY        0
..................................................................


WIND (MPH)
  RESULTANT WIND SPEED   2   RESULTANT WIND DIRECTION  NW (330)
  HIGHEST WIND SPEED    10   HIGHEST WIND DIRECTION     N (340)
  HIGHEST GUST SPEED    14   HIGHEST GUST DIRECTION    NE (40)


SKY COVER
  POSSIBLE SUNSHINE  MM
  AVERAGE SKY COVER 0.0


WEATHER CONDITIONS
 THE FOLLOWING WEATHER WAS RECORDED YESTERDAY.
  FOG
  HAZE


RELATIVE HUMIDITY (PERCENT)
 HIGHEST    93
 LOWEST     15
 AVERAGE    54

..........................................................


THE SACRAMENTO EXEC. AIRPORT CA CLIMATE NORMALS FOR TODAY
                         NORMAL    RECORD    YEAR
 MAXIMUM TEMPERATURE (F)   77        93      1988
                                             1961
 MINIMUM TEMPERATURE (F)   50        39      1984
                                             1971


SUNRISE AND SUNSET
OCTOBER 17 2017.......SUNRISE   717 AM PDT   SUNSET   625 PM PDT
OCTOBER 18 2017.......SUNRISE   718 AM PDT   SUNSET   623 PM PDT


-  INDICATES NEGATIVE NUMBERS.
R  INDICATES RECORD WAS SET OR TIED.
MM INDICATES DATA IS MISSING.
T  INDICATES TRACE AMOUNT.

&&
....................................................................

SACRAMENTO CITY CLIMATE DATA FOR MONDAY OCTOBER 16 2017

HIGH...   85  RECORD HIGH    95 IN 1961    NORMAL    HIGH   78
LOW....   49  RECORD LOW     41 IN 1984    NORMAL    LOW    53

RAIN SINCE MIDNIGHT....  0.00   RECORD THIS DATE....... 1.43 IN 2016
TOTAL THIS MONTH.......  0.00   NORMAL SINCE OCT 1ST.........  0.38
TOTAL SINCE OCT 1ST....  0.00   PERCENT OF NORMAL.............  0%

$$
