000
CDUS46 KSTO 160040
CLISAC

CLIMATE REPORT
NATIONAL WEATHER SERVICE SACRAMENTO, CA
540 PM PDT TUE APR 15 2014


...................................

...THE SACRAMENTO EXEC. AIRPORT CA CLIMATE SUMMARY FOR APRIL 15 2014...
VALID TODAY AS OF 0500 PM LOCAL TIME.

CLIMATE NORMAL PERIOD 1981 TO 2010
CLIMATE RECORD PERIOD 1930 TO 2014


WEATHER ITEM   OBSERVED TIME   RECORD YEAR NORMAL DEPARTURE LAST
                VALUE   (LST)  VALUE       VALUE  FROM      YEAR
                                                  NORMAL
..................................................................
TEMPERATURE (F)
 TODAY
  MAXIMUM         81    346 PM  91    1964  71     10       65
  MINIMUM         51    601 AM  35    1975  46      5       44
                                      1955
  AVERAGE         66

PRECIPITATION (IN)
  TODAY            0.00          0.68 1978   0.03  -0.03     0.02
  MONTH TO DATE    1.38                      0.66   0.72     0.69
  SINCE JUL 1      9.34                     17.14  -7.80    14.68
  SINCE JAN 1      7.44                     10.52  -3.08     3.39

SNOWFALL (IN)
  TODAY            0.0          MM      MM   0.0            MM
  MONTH TO DATE    0.0                       0.0             0.0
  SINCE MAR 1      0.0                       0.0             0.0
  SINCE JUL 1      0.0                       0.0             0.0

DEGREE DAYS
 HEATING
  TODAY            0

 COOLING
  TODAY            1
..................................................................


WIND (MPH)
  RESULTANT WIND SPEED   2   RESULTANT WIND DIRECTION   S (200)
  HIGHEST WIND SPEED     9   HIGHEST WIND DIRECTION     W (290)
  HIGHEST GUST SPEED    13   HIGHEST GUST DIRECTION     W (250)


SKY COVER
  POSSIBLE SUNSHINE  MM
  AVERAGE SKY COVER 0.0


WEATHER CONDITIONS
 THE FOLLOWING WEATHER WAS RECORDED TODAY.
  HAZE


RELATIVE HUMIDITY (PERCENT)
 HIGHEST    89
 LOWEST     28
 AVERAGE    59

..........................................................


THE SACRAMENTO EXEC. AIRPORT CA CLIMATE NORMALS FOR TOMORROW
                         NORMAL    RECORD    YEAR
 MAXIMUM TEMPERATURE (F)   71        88      1987
                                             1966
                                             1954
 MINIMUM TEMPERATURE (F)   46        33      1975


SUNRISE AND SUNSET
APRIL 15 2014.........SUNRISE   630 AM PDT   SUNSET   743 PM PDT
APRIL 16 2014.........SUNRISE   628 AM PDT   SUNSET   744 PM PDT


-  INDICATES NEGATIVE NUMBERS.
R  INDICATES RECORD WAS SET OR TIED.
MM INDICATES DATA IS MISSING.
T  INDICATES TRACE AMOUNT.






&&
....................................................................

SACRAMENTO CITY CLIMATE DATA FOR TUESDAY APRIL 15 2014

HIGH...   83  RECORD HIGH    92 IN 1987    NORMAL    HIGH   72
LOW....   53  RECORD LOW     36 IN 1896    NORMAL    LOW    49

RAIN SINCE MIDNIGHT....  0.00   RECORD THIS DATE....... 1.84 IN 1880
TOTAL THIS MONTH.......  1.31   NORMAL SEASON TO DATE.........  18.76
TOTAL SINCE JULY 1ST...  9.68   PERCENT OF NORMAL.............   51%


$$
NNNN
