000
CDUS46 KSTO 260840
CLISAC

CLIMATE REPORT
NATIONAL WEATHER SERVICE SACRAMENTO, CA
1240 AM PST SUN FEB 26 2017


...................................

...THE SACRAMENTO EXEC. AIRPORT CA CLIMATE SUMMARY FOR FEBRUARY 25 2017...

CLIMATE NORMAL PERIOD 1981 TO 2010
CLIMATE RECORD PERIOD 1930 TO 2017


WEATHER ITEM   OBSERVED TIME   RECORD YEAR NORMAL DEPARTURE LAST
                VALUE   (LST)  VALUE       VALUE  FROM      YEAR
                                                  NORMAL
..................................................................
TEMPERATURE (F)
 YESTERDAY
  MAXIMUM         55    321 PM  76    1991  63     -8       74
  MINIMUM         38    259 AM  31    1987  43     -5       45
  AVERAGE         47

PRECIPITATION (IN)
  YESTERDAY        0.00          1.67 2004   0.12  -0.12     0.00
  MONTH TO DATE    8.25                      3.11   5.14     0.82
  SINCE OCT 1     27.62                     13.03  14.59     9.70
  SINCE JAN 1     18.17                      6.75  11.42     6.26

SNOWFALL (IN)
  YESTERDAY        0.0          MM      MM   0.0             0.0
  MONTH TO DATE    0.0                       0.0             0.0
  SINCE DEC 1      0.0                       0.0             0.0
  SINCE JUL 1      0.0                       0.0             0.0

DEGREE DAYS
 HEATING
  YESTERDAY       18

 COOLING
  YESTERDAY        0
..................................................................


WIND (MPH)
  RESULTANT WIND SPEED   3   RESULTANT WIND DIRECTION  NW (310)
  HIGHEST WIND SPEED    13   HIGHEST WIND DIRECTION     W (290)
  HIGHEST GUST SPEED    17   HIGHEST GUST DIRECTION     N (340)


SKY COVER
  POSSIBLE SUNSHINE  MM
  AVERAGE SKY COVER 0.3


WEATHER CONDITIONS
 THE FOLLOWING WEATHER WAS RECORDED YESTERDAY.
  NO SIGNIFICANT WEATHER WAS OBSERVED.


RELATIVE HUMIDITY (PERCENT)
 HIGHEST    93
 LOWEST     54
 AVERAGE    74

..........................................................


THE SACRAMENTO EXEC. AIRPORT CA CLIMATE NORMALS FOR TODAY
                         NORMAL    RECORD    YEAR
 MAXIMUM TEMPERATURE (F)   63        76      1988
 MINIMUM TEMPERATURE (F)   43        29      2011


SUNRISE AND SUNSET
FEBRUARY 26 2017......SUNRISE   642 AM PST   SUNSET   556 PM PST
FEBRUARY 27 2017......SUNRISE   640 AM PST   SUNSET   557 PM PST


-  INDICATES NEGATIVE NUMBERS.
R  INDICATES RECORD WAS SET OR TIED.
MM INDICATES DATA IS MISSING.
T  INDICATES TRACE AMOUNT.

&&
....................................................................

SACRAMENTO CITY CLIMATE DATA FOR SATURDAY FEBRUARY 25 2017

HIGH...   56  RECORD HIGH    77 IN 1992    NORMAL    HIGH   64
LOW....   40  RECORD LOW     30 IN 1887    NORMAL    LOW    45

RAIN SINCE MIDNIGHT....  0.00   RECORD THIS DATE....... 1.31 IN 2004
TOTAL THIS MONTH.......  8.04   NORMAL SINCE OCT 1ST.........  14.23
TOTAL SINCE OCT 1ST.... 27.40   PERCENT OF NORMAL.............  193%

$$
