000
CDUS46 KSTO 271049
CLISAC

CLIMATE REPORT
NATIONAL WEATHER SERVICE SACRAMENTO, CA
135 AM PDT FRI MAY 27 2016


...................................

...THE SACRAMENTO EXEC. AIRPORT CA CLIMATE SUMMARY FOR MAY 26 2016...

CLIMATE NORMAL PERIOD 1981 TO 2010
CLIMATE RECORD PERIOD 1930 TO 2016


WEATHER ITEM   OBSERVED TIME   RECORD YEAR NORMAL DEPARTURE LAST
                VALUE   (LST)  VALUE       VALUE  FROM      YEAR
                                                  NORMAL
..................................................................
TEMPERATURE (F)
 YESTERDAY
  MAXIMUM         84    342 PM 101    1976  82      2       78
  MINIMUM         54    526 AM  41    1953  53      1       53
  AVERAGE         69

PRECIPITATION (IN)
  YESTERDAY        0.00          0.17 1964   0.01  -0.01     0.00
  MONTH TO DATE    0.39                      0.59  -0.20     0.07
  SINCE OCT 1     16.19                     17.88  -1.69    15.34
  SINCE JAN 1     12.75                     11.60   1.15     4.96

SNOWFALL (IN)
  YESTERDAY        0.0          MM      MM   0.0             0.0
  MONTH TO DATE    0.0                       0.0             0.0
  SINCE MAR 1      0.0                       0.0             0.0
  SINCE JUL 1      0.0                       0.0             0.0

DEGREE DAYS
 HEATING
  YESTERDAY        0

 COOLING
  YESTERDAY        4
..................................................................


WIND (MPH)
  RESULTANT WIND SPEED   5   RESULTANT WIND DIRECTION   S (200)
  HIGHEST WIND SPEED    16   HIGHEST WIND DIRECTION    SW (230)
  HIGHEST GUST SPEED    20   HIGHEST GUST DIRECTION    SW (230)


SKY COVER
  POSSIBLE SUNSHINE  MM
  AVERAGE SKY COVER 0.0


WEATHER CONDITIONS
 THE FOLLOWING WEATHER WAS RECORDED YESTERDAY.
  NO SIGNIFICANT WEATHER WAS OBSERVED.


RELATIVE HUMIDITY (PERCENT)
 HIGHEST    89
 LOWEST     33
 AVERAGE    61

..........................................................


THE SACRAMENTO EXEC. AIRPORT CA CLIMATE NORMALS FOR TODAY
                         NORMAL    RECORD    YEAR
 MAXIMUM TEMPERATURE (F)   83       100      1984
 MINIMUM TEMPERATURE (F)   53        43      1977


SUNRISE AND SUNSET
MAY 27 2016...........SUNRISE   546 AM PDT   SUNSET   821 PM PDT
MAY 28 2016...........SUNRISE   545 AM PDT   SUNSET   822 PM PDT


-  INDICATES NEGATIVE NUMBERS.
R  INDICATES RECORD WAS SET OR TIED.
MM INDICATES DATA IS MISSING.
T  INDICATES TRACE AMOUNT.




&&
....................................................................

SACRAMENTO CITY CLIMATE DATA FOR THURSDAY MAY 26 2016

HIGH...   87  RECORD HIGH   102 IN 1974    NORMAL    HIGH   83
LOW....   55  RECORD LOW     42 IN 1918    NORMAL    LOW    55

RAIN SINCE MIDNIGHT....  0.00   RECORD THIS DATE.......  0.3 IN 1901
TOTAL THIS MONTH.......  0.59   NORMAL SINCE OCT 1ST.........  19.61
TOTAL SINCE OCT 1ST.... 16.97   PERCENT OF NORMAL............  87%


$$
NNNN
