000
CDUS46 KSGX 250022
CLISAN


CLIMATE REPORT
NATIONAL WEATHER SERVICE SAN DIEGO, CA
421 PM PST FRI FEB 24 2017


...................................

...THE SAN DIEGO INTL AIRPORT CA CLIMATE SUMMARY FOR FEBRUARY 24 2017...
VALID TODAY AS OF 0400 PM LOCAL TIME.

CLIMATE NORMAL PERIOD 1981 TO 2010
CLIMATE RECORD PERIOD 1874 TO 2017


WEATHER ITEM   OBSERVED TIME   RECORD YEAR NORMAL DEPARTURE LAST
                VALUE   (LST)  VALUE       VALUE  FROM      YEAR
                                                  NORMAL
..................................................................
TEMPERATURE (F)
 TODAY
  MAXIMUM         62    338 PM  89    1921  65     -3       78
  MINIMUM         47    651 AM  38    1897  52     -5       56
                                      1890
  AVERAGE         55                        58     -3       67

PRECIPITATION (IN)
  TODAY            0.00          1.17 1873   0.08  -0.08     0.00
  MONTH TO DATE    1.31                      1.95  -0.64     0.05
  SINCE OCT 1      9.22                      7.04   2.18     6.11
  SINCE JAN 1      4.32                      3.93   0.39     3.26

DEGREE DAYS
 HEATING
  TODAY           10                         7      3        0
  MONTH TO DATE  108                       174    -66       64
  SINCE DEC 1    506                       684   -178      465
  SINCE JUL 1    556                       829   -273      534

 COOLING
  TODAY            0                         0      0        2
  MONTH TO DATE    0                         0      0       42
  SINCE DEC 1      4                         2      2       42
  SINCE JAN 1      0                         2     -2       42
..................................................................


WIND (MPH)
  RESULTANT WIND SPEED   1   RESULTANT WIND DIRECTION  NW (310)
  HIGHEST WIND SPEED    14   HIGHEST WIND DIRECTION    NW (300)
  HIGHEST GUST SPEED    17   HIGHEST GUST DIRECTION    NW (300)
  AVERAGE WIND SPEED     3.9


SKY COVER
  POSSIBLE SUNSHINE  MM
  AVERAGE SKY COVER 0.3


WEATHER CONDITIONS
 THE FOLLOWING WEATHER WAS RECORDED TODAY.
  NO SIGNIFICANT WEATHER WAS OBSERVED.


RELATIVE HUMIDITY (PERCENT)
 HIGHEST    65           700 AM
 LOWEST     39          1100 AM
 AVERAGE    52

..........................................................


THE SAN DIEGO INTL AIRPORT CA CLIMATE NORMALS FOR TOMORROW
                         NORMAL    RECORD    YEAR
 MAXIMUM TEMPERATURE (F)   65        82      1926
 MINIMUM TEMPERATURE (F)   52        41      1956
                                             1919


SUNRISE AND SUNSET
FEBRUARY 24 2017......SUNRISE   622 AM PST   SUNSET   542 PM PST
FEBRUARY 25 2017......SUNRISE   621 AM PST   SUNSET   543 PM PST


-  INDICATES NEGATIVE NUMBERS.
R  INDICATES RECORD WAS SET OR TIED.
MM INDICATES DATA IS MISSING.
T  INDICATES TRACE AMOUNT.




$$
