000
CDUS46 KSGX 291418
CLISAN


CLIMATE REPORT
NATIONAL WEATHER SERVICE SAN DIEGO, CA
718 AM PDT SAT AUG 29 2015


...................................

...THE SAN DIEGO/LINDBERGH FIELD CA CLIMATE SUMMARY FOR AUGUST 28 2015...

CLIMATE NORMAL PERIOD 1981 TO 2010
CLIMATE RECORD PERIOD 1874 TO 2015


WEATHER ITEM   OBSERVED TIME   RECORD YEAR NORMAL DEPARTURE LAST
                VALUE   (LST)  VALUE       VALUE  FROM      YEAR
                                                  NORMAL
..................................................................
TEMPERATURE (F)
 YESTERDAY
  MAXIMUM         90    300 PM  91    2009  77     13       85
  MINIMUM         74    553 AM  54    1887  67      7       72
  AVERAGE         82                        72     10       79

PRECIPITATION (IN)
  YESTERDAY        0.00          0.76 1951   0.00   0.00     0.00
  MONTH TO DATE    0.01                      0.02  -0.01     0.08
  SINCE OCT 1     10.67                     10.19   0.48     5.09
  SINCE JAN 1      5.80                      7.08  -1.28     2.90

DEGREE DAYS
 HEATING
  YESTERDAY        0                         0      0        0
  MONTH TO DATE    0                         0      0        0
  SINCE JUN 1      1                        19    -18        0
  SINCE JUL 1      0                         1     -1        0

 COOLING
  YESTERDAY       17                         7     10       14
  MONTH TO DATE  288                       184    104      252
  SINCE JUN 1    648                       400    248      637
  SINCE JAN 1    831                       449    382      876
..................................................................


WIND (MPH)
  RESULTANT WIND SPEED   2   RESULTANT WIND DIRECTION   W (260)
  HIGHEST WIND SPEED    10   HIGHEST WIND DIRECTION    SW (210)
  HIGHEST GUST SPEED    14   HIGHEST GUST DIRECTION     W (270)
  AVERAGE WIND SPEED     3.5


SKY COVER
  POSSIBLE SUNSHINE  MM
  AVERAGE SKY COVER 0.2


WEATHER CONDITIONS
 THE FOLLOWING WEATHER WAS RECORDED YESTERDAY.
  NO SIGNIFICANT WEATHER WAS OBSERVED.


RELATIVE HUMIDITY (PERCENT)
 HIGHEST    87           600 AM
 LOWEST     32           300 PM
 AVERAGE    60

..........................................................


THE SAN DIEGO/LINDBERGH FIELD CA CLIMATE NORMALS FOR TODAY
                         NORMAL    RECORD    YEAR
 MAXIMUM TEMPERATURE (F)   77        88      2009
                                             1896
 MINIMUM TEMPERATURE (F)   67        54      1895
                                             1879


SUNRISE AND SUNSET
AUGUST 29 2015........SUNRISE   621 AM PDT   SUNSET   717 PM PDT
AUGUST 30 2015........SUNRISE   622 AM PDT   SUNSET   716 PM PDT


-  INDICATES NEGATIVE NUMBERS.
R  INDICATES RECORD WAS SET OR TIED.
MM INDICATES DATA IS MISSING.
T  INDICATES TRACE AMOUNT.




$$
