000
CDUS46 KSGX 101531
CLISAN


CLIMATE REPORT
NATIONAL WEATHER SERVICE SAN DIEGO, CA
731 AM PST WED FEB 10 2016


...................................

...THE SAN DIEGO/LINDBERGH FIELD CA CLIMATE SUMMARY FOR FEBRUARY 9 2016...

CLIMATE NORMAL PERIOD 1981 TO 2010
CLIMATE RECORD PERIOD 1874 TO 2016


WEATHER ITEM   OBSERVED TIME   RECORD YEAR NORMAL DEPARTURE LAST
                VALUE   (LST)  VALUE       VALUE  FROM      YEAR
                                                  NORMAL
..................................................................
TEMPERATURE (F)
 YESTERDAY
  MAXIMUM         83R   150 PM  77    2008  65     18       69
                                      1907
  MINIMUM         57    635 AM  38    1929  50      7       57
                                      1885
                                      1883
  AVERAGE         70                        58     12       63

PRECIPITATION (IN)
  YESTERDAY        0.00          2.39 1901   0.07  -0.07     0.00
  MONTH TO DATE    T                         0.65  -0.65     0.00
  SINCE OCT 1      6.06                      5.74   0.32     5.29
  SINCE JAN 1      3.21                      2.63   0.58     0.42

DEGREE DAYS
 HEATING
  YESTERDAY        0                         7     -7        2
  MONTH TO DATE   46                        69    -23       23
  SINCE DEC 1    447                       579   -132      277
  SINCE JUL 1    516                       724   -208      299

 COOLING
  YESTERDAY        5                         0      5        0
  MONTH TO DATE    9                         0      9        0
  SINCE DEC 1      9                         2      7        4
  SINCE JAN 1      9                         2      7        0
..................................................................


WIND (MPH)
  RESULTANT WIND SPEED   3   RESULTANT WIND DIRECTION  NW (330)
  HIGHEST WIND SPEED    12   HIGHEST WIND DIRECTION    NW (320)
  HIGHEST GUST SPEED    14   HIGHEST GUST DIRECTION     N (10)
  AVERAGE WIND SPEED     3.3


SKY COVER
  POSSIBLE SUNSHINE  MM
  AVERAGE SKY COVER 0.1


WEATHER CONDITIONS
 THE FOLLOWING WEATHER WAS RECORDED YESTERDAY.
  NO SIGNIFICANT WEATHER WAS OBSERVED.


RELATIVE HUMIDITY (PERCENT)
 HIGHEST    36           200 AM
 LOWEST     10          1100 AM
 AVERAGE    23

..........................................................


THE SAN DIEGO/LINDBERGH FIELD CA CLIMATE NORMALS FOR TODAY
                         NORMAL    RECORD    YEAR
 MAXIMUM TEMPERATURE (F)   65        81      1988
 MINIMUM TEMPERATURE (F)   50        34      1891


SUNRISE AND SUNSET
FEBRUARY 10 2016......SUNRISE   637 AM PST   SUNSET   529 PM PST
FEBRUARY 11 2016......SUNRISE   636 AM PST   SUNSET   530 PM PST


-  INDICATES NEGATIVE NUMBERS.
R  INDICATES RECORD WAS SET OR TIED.
MM INDICATES DATA IS MISSING.
T  INDICATES TRACE AMOUNT.




$$
