000
CDUS46 KSGX 281417
CLISAN


CLIMATE REPORT
NATIONAL WEATHER SERVICE SAN DIEGO, CA
716 AM PDT TUE MAR 28 2017


...................................

...THE SAN DIEGO INTL AIRPORT CA CLIMATE SUMMARY FOR MARCH 27 2017...

CLIMATE NORMAL PERIOD 1981 TO 2010
CLIMATE RECORD PERIOD 1874 TO 2017


WEATHER ITEM   OBSERVED TIME   RECORD YEAR NORMAL DEPARTURE LAST
                VALUE   (LST)  VALUE       VALUE  FROM      YEAR
                                                  NORMAL
..................................................................
TEMPERATURE (F)
 YESTERDAY
  MAXIMUM         69   1220 PM  82    2015  66      3       67
                                      1952
  MINIMUM         59    621 AM  41    1880  54      5       58
  AVERAGE         64                        60      4       63

PRECIPITATION (IN)
  YESTERDAY        0.00          0.92 1991   0.05  -0.05     0.00
  MONTH TO DATE    0.08                      1.64  -1.56     0.72
  SINCE OCT 1     11.70                      9.00   2.70     6.83
  SINCE JAN 1      6.80                      5.89   0.91     3.98

DEGREE DAYS
 HEATING
  YESTERDAY        1                         5     -4        2
  MONTH TO DATE   68                       158    -90       50
  SINCE MAR 1     68                       158    -90       50
  SINCE JUL 1    660                      1016   -356      590

 COOLING
  YESTERDAY        0                         0      0        0
  MONTH TO DATE    9                         0      9        5
  SINCE MAR 1      9                         0      9        5
  SINCE JAN 1      9                         5      4       50
..................................................................


WIND (MPH)
  RESULTANT WIND SPEED   5   RESULTANT WIND DIRECTION   W (250)
  HIGHEST WIND SPEED    16   HIGHEST WIND DIRECTION     W (270)
  HIGHEST GUST SPEED    22   HIGHEST GUST DIRECTION     W (280)
  AVERAGE WIND SPEED     5.7


SKY COVER
  POSSIBLE SUNSHINE  MM
  AVERAGE SKY COVER 0.6


WEATHER CONDITIONS
 THE FOLLOWING WEATHER WAS RECORDED YESTERDAY.
  NO SIGNIFICANT WEATHER WAS OBSERVED.


RELATIVE HUMIDITY (PERCENT)
 HIGHEST    78          1200 AM
 LOWEST     56          1200 PM
 AVERAGE    67

..........................................................


THE SAN DIEGO INTL AIRPORT CA CLIMATE NORMALS FOR TODAY
                         NORMAL    RECORD    YEAR
 MAXIMUM TEMPERATURE (F)   66        95      1879
 MINIMUM TEMPERATURE (F)   54        41      1920


SUNRISE AND SUNSET
MARCH 28 2017.........SUNRISE   641 AM PDT   SUNSET   706 PM PDT
MARCH 29 2017.........SUNRISE   640 AM PDT   SUNSET   707 PM PDT


-  INDICATES NEGATIVE NUMBERS.
R  INDICATES RECORD WAS SET OR TIED.
MM INDICATES DATA IS MISSING.
T  INDICATES TRACE AMOUNT.




$$
