000
CDUS46 KSGX 221524
CLISAN


CLIMATE REPORT
NATIONAL WEATHER SERVICE SAN DIEGO, CA
724 AM PST SUN JAN 22 2017


...................................

...THE SAN DIEGO INTL AIRPORT CA CLIMATE SUMMARY FOR JANUARY 21 2017...

CLIMATE NORMAL PERIOD 1981 TO 2010
CLIMATE RECORD PERIOD 1874 TO 2017


WEATHER ITEM   OBSERVED TIME   RECORD YEAR NORMAL DEPARTURE LAST
                VALUE   (LST)  VALUE       VALUE  FROM      YEAR
                                                  NORMAL
..................................................................
TEMPERATURE (F)
 YESTERDAY
  MAXIMUM         61    339 PM  82    1912  65     -4       70
  MINIMUM         53   1159 PM  32    1883  49      4       53
  AVERAGE         57                        57      0       62

PRECIPITATION (IN)
  YESTERDAY        0.03          1.67 1915   0.07  -0.04     0.00
  MONTH TO DATE    2.39                      1.36   1.03     3.03
  SINCE OCT 1      7.29                      4.47   2.82     5.88
  SINCE JAN 1      2.39                      1.36   1.03     3.03

DEGREE DAYS
 HEATING
  YESTERDAY        8                         8      0        3
  MONTH TO DATE  133                       171    -38      145
  SINCE DEC 1    318                       433   -115      353
  SINCE JUL 1    368                       578   -210      422

 COOLING
  YESTERDAY        0                         0      0        0
  MONTH TO DATE    0                         0      0        0
  SINCE DEC 1      4                         0      4        0
  SINCE JAN 1      0                         0      0        0
..................................................................


WIND (MPH)
  RESULTANT WIND SPEED   8   RESULTANT WIND DIRECTION   W (290)
  HIGHEST WIND SPEED    23   HIGHEST WIND DIRECTION     W (290)
  HIGHEST GUST SPEED    30   HIGHEST GUST DIRECTION    NW (300)
  AVERAGE WIND SPEED     9.6


SKY COVER
  POSSIBLE SUNSHINE  MM
  AVERAGE SKY COVER 0.7


WEATHER CONDITIONS
 THE FOLLOWING WEATHER WAS RECORDED YESTERDAY.
  RAIN


RELATIVE HUMIDITY (PERCENT)
 HIGHEST    71           400 AM
 LOWEST     51           300 PM
 AVERAGE    61

..........................................................


THE SAN DIEGO INTL AIRPORT CA CLIMATE NORMALS FOR TODAY
                         NORMAL    RECORD    YEAR
 MAXIMUM TEMPERATURE (F)   65        80      2013
 MINIMUM TEMPERATURE (F)   49        30      1937


SUNRISE AND SUNSET
JANUARY 22 2017.......SUNRISE   649 AM PST   SUNSET   512 PM PST
JANUARY 23 2017.......SUNRISE   648 AM PST   SUNSET   513 PM PST


-  INDICATES NEGATIVE NUMBERS.
R  INDICATES RECORD WAS SET OR TIED.
MM INDICATES DATA IS MISSING.
T  INDICATES TRACE AMOUNT.




$$
