000
CDUS46 KSGX 251417
CLISAN


CLIMATE REPORT
NATIONAL WEATHER SERVICE SAN DIEGO, CA
617 AM PST SUN JAN 25 2015


...................................

...THE SAN DIEGO/LINDBERGH FIELD CA CLIMATE SUMMARY FOR JANUARY 24 2015...

CLIMATE NORMAL PERIOD 1981 TO 2010
CLIMATE RECORD PERIOD 1850 TO 2015


WEATHER ITEM   OBSERVED TIME   RECORD YEAR NORMAL DEPARTURE LAST
                VALUE   (LST)  VALUE       VALUE  FROM      YEAR
                                                  NORMAL
..................................................................
TEMPERATURE (F)
 YESTERDAY
  MAXIMUM         79    108 PM  82    1951  65     14       67
  MINIMUM         50    611 AM  35    1932  49      1       58
  AVERAGE         65                        57      8       63

PRECIPITATION (IN)
  YESTERDAY        0.00          0.62 1941   0.06  -0.06     0.00
  MONTH TO DATE    0.37                      1.53  -1.16     0.00
  SINCE OCT 1      5.24                      4.64   0.60     2.19
  SINCE JAN 1      0.37                      1.53  -1.16     0.00

SNOWFALL (IN)
  YESTERDAY        0.0
  MONTH TO DATE    0.0
  SINCE JAN 1      0.0
  SINCE JUL 1      0.0
  SNOW DEPTH       0

DEGREE DAYS
 HEATING
  YESTERDAY        0                         8     -8        2
  MONTH TO DATE  114                       195    -81       90
  SINCE DEC 1    246                       457   -211      260
  SINCE JUL 1    268                       602   -334      330

 COOLING
  YESTERDAY        0                         0      0        0
  MONTH TO DATE    0                         0      0        6
  SINCE DEC 1      4                         0      4       10
  SINCE JAN 1      0                         0      0        6
..................................................................


WIND (MPH)
  RESULTANT WIND SPEED   1   RESULTANT WIND DIRECTION  SW (240)
  HIGHEST WIND SPEED    10   HIGHEST WIND DIRECTION    SW (220)
  HIGHEST GUST SPEED    14   HIGHEST GUST DIRECTION     N (360)
  AVERAGE WIND SPEED     2.5


SKY COVER
  POSSIBLE SUNSHINE  MM
  AVERAGE SKY COVER 0.1


WEATHER CONDITIONS
 THE FOLLOWING WEATHER WAS RECORDED YESTERDAY.
  NO SIGNIFICANT WEATHER WAS OBSERVED.


RELATIVE HUMIDITY (PERCENT)
 HIGHEST    56           800 PM
 LOWEST     10           100 PM
 AVERAGE    33

..........................................................


THE SAN DIEGO/LINDBERGH FIELD CA CLIMATE NORMALS FOR TODAY
                         NORMAL    RECORD    YEAR
 MAXIMUM TEMPERATURE (F)   65        81      1951
 MINIMUM TEMPERATURE (F)   49        36      1949
                                             1898


SUNRISE AND SUNSET
JANUARY 25 2015.......SUNRISE   648 AM PST   SUNSET   515 PM PST
JANUARY 26 2015.......SUNRISE   647 AM PST   SUNSET   516 PM PST


-  INDICATES NEGATIVE NUMBERS.
R  INDICATES RECORD WAS SET OR TIED.
MM INDICATES DATA IS MISSING.
T  INDICATES TRACE AMOUNT.




$$
