000
CDUS46 KSGX 070124
CLISAN


CLIMATE REPORT
NATIONAL WEATHER SERVICE SAN DIEGO, CA
524 PM PST TUE DEC 6 2016


...................................

...THE SAN DIEGO INTL AIRPORT CA CLIMATE SUMMARY FOR DECEMBER 6 2016...
VALID TODAY AS OF 0500 PM LOCAL TIME.

CLIMATE NORMAL PERIOD 1981 TO 2010
CLIMATE RECORD PERIOD 1874 TO 2016


WEATHER ITEM   OBSERVED TIME   RECORD YEAR NORMAL DEPARTURE LAST
                VALUE   (LST)  VALUE       VALUE  FROM      YEAR
                                                  NORMAL
..................................................................
TEMPERATURE (F)
 TODAY
  MAXIMUM         62    129 PM  85    1979  65     -3       76
  MINIMUM         58    712 AM  40    1891  49      9       52
  AVERAGE         60                        57      3       64

PRECIPITATION (IN)
  TODAY            0.00          0.73 1966   0.04  -0.04     0.00
  MONTH TO DATE    0.00                      0.25  -0.25     0.00
  SINCE OCT 1      0.68                      1.83  -1.15     1.97
  SINCE JAN 1      6.01                      9.06  -3.05     9.01

DEGREE DAYS
 HEATING
  TODAY            5                         8     -3        1
  MONTH TO DATE   43                        45     -2       18
  SINCE DEC 1     43                        45     -2       18
  SINCE JUL 1     93                       190    -97       87

 COOLING
  TODAY            0                         0      0        0
  MONTH TO DATE    0                         0      0        0
  SINCE DEC 1      0                         0      0        0
  SINCE JAN 1   1163                       720    443     1564
..................................................................


WIND (MPH)
  RESULTANT WIND SPEED   6   RESULTANT WIND DIRECTION   S (170)
  HIGHEST WIND SPEED    13   HIGHEST WIND DIRECTION    SW (220)
  HIGHEST GUST SPEED    15   HIGHEST GUST DIRECTION    SW (210)
  AVERAGE WIND SPEED     7.9


SKY COVER
  POSSIBLE SUNSHINE  MM
  AVERAGE SKY COVER 0.8


WEATHER CONDITIONS
 THE FOLLOWING WEATHER WAS RECORDED TODAY.
  NO SIGNIFICANT WEATHER WAS OBSERVED.


RELATIVE HUMIDITY (PERCENT)
 HIGHEST    77           100 AM
 LOWEST     64          1200 PM
 AVERAGE    71

..........................................................


THE SAN DIEGO INTL AIRPORT CA CLIMATE NORMALS FOR TOMORROW
                         NORMAL    RECORD    YEAR
 MAXIMUM TEMPERATURE (F)   65        80      1989
                                             1940
 MINIMUM TEMPERATURE (F)   49        37      1891


SUNRISE AND SUNSET
DECEMBER  6 2016......SUNRISE   637 AM PST   SUNSET   442 PM PST
DECEMBER  7 2016......SUNRISE   638 AM PST   SUNSET   442 PM PST


-  INDICATES NEGATIVE NUMBERS.
R  INDICATES RECORD WAS SET OR TIED.
MM INDICATES DATA IS MISSING.
T  INDICATES TRACE AMOUNT.




$$
