000
CDUS46 KSGX 250117
CLISAN


CLIMATE REPORT
NATIONAL WEATHER SERVICE SAN DIEGO, CA
517 PM PST FRI NOV 24 2017


...................................

...THE SAN DIEGO INTL AIRPORT CA CLIMATE SUMMARY FOR NOVEMBER 24 2017...
VALID TODAY AS OF 0500 PM LOCAL TIME.

CLIMATE NORMAL PERIOD 1981 TO 2010
CLIMATE RECORD PERIOD 1874 TO 2017


WEATHER ITEM   OBSERVED TIME   RECORD YEAR NORMAL DEPARTURE LAST
                VALUE   (LST)  VALUE       VALUE  FROM      YEAR
                                                  NORMAL
..................................................................
TEMPERATURE (F)
 TODAY
  MAXIMUM         80   1253 PM  87    1932  67     13       78
  MINIMUM         60    655 AM  38    1931  51      9       51
                                      1895
  AVERAGE         70                        59     11       65

PRECIPITATION (IN)
  TODAY            0.00          0.62 1984   0.04  -0.04     0.00
  MONTH TO DATE    T                         0.76  -0.76     0.23
  SINCE OCT 1      T                         1.33  -1.33     0.30
  SINCE JAN 1      7.83                      8.56  -0.73     5.63

DEGREE DAYS
 HEATING
  TODAY            0                         6     -6        0
  MONTH TO DATE   10                        87    -77       13
  SINCE SEP 1     10                       107    -97       13
  SINCE JUL 1     10                       108    -98       13

 COOLING
  TODAY            5                         0      5        0
  MONTH TO DATE   48                        11     37       81
  SINCE SEP 1    486                       250    236      481
  SINCE JAN 1   1189                       718    471     1163
..................................................................


WIND (MPH)
  RESULTANT WIND SPEED   2   RESULTANT WIND DIRECTION   S (190)
  HIGHEST WIND SPEED     8   HIGHEST WIND DIRECTION    SE (150)
  HIGHEST GUST SPEED    10   HIGHEST GUST DIRECTION     S (180)
  AVERAGE WIND SPEED     1.9


SKY COVER
  POSSIBLE SUNSHINE  MM
  AVERAGE SKY COVER 0.3


WEATHER CONDITIONS
 THE FOLLOWING WEATHER WAS RECORDED TODAY.
  NO SIGNIFICANT WEATHER WAS OBSERVED.


RELATIVE HUMIDITY (PERCENT)
 HIGHEST    57           300 PM
 LOWEST     25           100 PM
 AVERAGE    41

..........................................................


THE SAN DIEGO INTL AIRPORT CA CLIMATE NORMALS FOR TOMORROW
                         NORMAL    RECORD    YEAR
 MAXIMUM TEMPERATURE (F)   67        89      1953
 MINIMUM TEMPERATURE (F)   51        39      1906


SUNRISE AND SUNSET
NOVEMBER 24 2017......SUNRISE   627 AM PST   SUNSET   444 PM PST
NOVEMBER 25 2017......SUNRISE   628 AM PST   SUNSET   443 PM PST


-  INDICATES NEGATIVE NUMBERS.
R  INDICATES RECORD WAS SET OR TIED.
MM INDICATES DATA IS MISSING.
T  INDICATES TRACE AMOUNT.




$$
