000
CDUS46 KSGX 261416
CLISAN


CLIMATE REPORT
NATIONAL WEATHER SERVICE SAN DIEGO, CA
716 AM PDT TUE JUL 26 2016


...................................

...THE SAN DIEGO/LINDBERGH FIELD CA CLIMATE SUMMARY FOR JULY 25 2016...

CLIMATE NORMAL PERIOD 1981 TO 2010
CLIMATE RECORD PERIOD 1874 TO 2016


WEATHER ITEM   OBSERVED TIME   RECORD YEAR NORMAL DEPARTURE LAST
                VALUE   (LST)  VALUE       VALUE  FROM      YEAR
                                                  NORMAL
..................................................................
TEMPERATURE (F)
 YESTERDAY
  MAXIMUM         75    359 PM  88    1891  75      0       82
  MINIMUM         67    425 AM  57    1893  66      1       69
  AVERAGE         71                        71      0       76

PRECIPITATION (IN)
  YESTERDAY        T             0.83 1902   0.00   0.00     0.00
  MONTH TO DATE    T                         0.02  -0.02     1.71
  SINCE OCT 1      7.86                     10.16  -2.30    10.66
  SINCE JAN 1      5.01                      7.05  -2.04     5.79

DEGREE DAYS
 HEATING
  YESTERDAY        0                         0      0        0
  MONTH TO DATE    0                         0      0        0
  SINCE JUN 1      0                        18    -18        1
  SINCE JUL 1      0                         0      0        0

 COOLING
  YESTERDAY        6                         6      0       11
  MONTH TO DATE  142                       122     20      185
  SINCE JUN 1    267                       182     85      308
  SINCE JAN 1    385                       231    154      491
..................................................................


WIND (MPH)
  RESULTANT WIND SPEED   3   RESULTANT WIND DIRECTION   W (290)
  HIGHEST WIND SPEED    10   HIGHEST WIND DIRECTION    NW (320)
  HIGHEST GUST SPEED    14   HIGHEST GUST DIRECTION    NW (330)
  AVERAGE WIND SPEED     5.4


SKY COVER
  POSSIBLE SUNSHINE  MM
  AVERAGE SKY COVER 0.7


WEATHER CONDITIONS
 THE FOLLOWING WEATHER WAS RECORDED YESTERDAY.
  LIGHT RAIN
  FOG
  HAZE


RELATIVE HUMIDITY (PERCENT)
 HIGHEST   100           300 AM
 LOWEST     73           200 PM
 AVERAGE    87

..........................................................


THE SAN DIEGO/LINDBERGH FIELD CA CLIMATE NORMALS FOR TODAY
                         NORMAL    RECORD    YEAR
 MAXIMUM TEMPERATURE (F)   75        87      1977
                                             1891
 MINIMUM TEMPERATURE (F)   66        59      1932
                                             1892


SUNRISE AND SUNSET
JULY 26 2016..........SUNRISE   559 AM PDT   SUNSET   751 PM PDT
JULY 27 2016..........SUNRISE   600 AM PDT   SUNSET   750 PM PDT


-  INDICATES NEGATIVE NUMBERS.
R  INDICATES RECORD WAS SET OR TIED.
MM INDICATES DATA IS MISSING.
T  INDICATES TRACE AMOUNT.




$$
