397
CDUS46 KSGX 221417
CLISAN


CLIMATE REPORT
NATIONAL WEATHER SERVICE SAN DIEGO, CA
717 AM PDT FRI MAY 22 2015


...................................

...THE SAN DIEGO/LINDBERGH FIELD CA CLIMATE SUMMARY FOR MAY 21 2015...

CLIMATE NORMAL PERIOD 1981 TO 2010
CLIMATE RECORD PERIOD 1874 TO 2015


WEATHER ITEM   OBSERVED TIME   RECORD YEAR NORMAL DEPARTURE LAST
                VALUE   (LST)  VALUE       VALUE  FROM      YEAR
                                                  NORMAL
..................................................................
TEMPERATURE (F)
 YESTERDAY
  MAXIMUM         67    252 PM  85    1941  69     -2       69
  MINIMUM         61    621 AM  49    1948  60      1       62
  AVERAGE         64                        64      0       66

PRECIPITATION (IN)
  YESTERDAY        0.01          0.58 1921   0.00   0.01     0.00
  MONTH TO DATE    2.36                      0.09   2.27      T
  SINCE OCT 1      8.88                     10.04  -1.16     5.01
  SINCE JAN 1      4.01                      6.93  -2.92     2.82

SNOWFALL (IN)
  YESTERDAY        0.0
  MONTH TO DATE    0.0
  SINCE MAR 1      0.0
  SINCE JUL 1      0.0
  SNOW DEPTH       0

DEGREE DAYS
 HEATING
  YESTERDAY        1                         2     -1        0
  MONTH TO DATE   34                        44    -10        8
  SINCE MAR 1     91                       335   -244       89
  SINCE JUL 1    437                      1193   -756      545

 COOLING
  YESTERDAY        0                         1     -1        1
  MONTH TO DATE    9                        21    -12      127
  SINCE MAR 1    156                        40    116      202
  SINCE JAN 1    178                        45    133      211
..................................................................


WIND (MPH)
  RESULTANT WIND SPEED   8   RESULTANT WIND DIRECTION   W (260)
  HIGHEST WIND SPEED    16   HIGHEST WIND DIRECTION     W (250)
  HIGHEST GUST SPEED    26   HIGHEST GUST DIRECTION     W (250)
  AVERAGE WIND SPEED     9.3


SKY COVER
  POSSIBLE SUNSHINE  MM
  AVERAGE SKY COVER 0.8


WEATHER CONDITIONS
 THE FOLLOWING WEATHER WAS RECORDED YESTERDAY.
  LIGHT RAIN


RELATIVE HUMIDITY (PERCENT)
 HIGHEST    67           700 PM
 LOWEST     48           100 PM
 AVERAGE    58

..........................................................


THE SAN DIEGO/LINDBERGH FIELD CA CLIMATE NORMALS FOR TODAY
                         NORMAL    RECORD    YEAR
 MAXIMUM TEMPERATURE (F)   69        88      1893
 MINIMUM TEMPERATURE (F)   60        48      1878


SUNRISE AND SUNSET
MAY 22 2015...........SUNRISE   546 AM PDT   SUNSET   745 PM PDT
MAY 23 2015...........SUNRISE   545 AM PDT   SUNSET   746 PM PDT


-  INDICATES NEGATIVE NUMBERS.
R  INDICATES RECORD WAS SET OR TIED.
MM INDICATES DATA IS MISSING.
T  INDICATES TRACE AMOUNT.




$$
