000
CDUS46 KSGX 241133
CLISAN


CLIMATE REPORT
NATIONAL WEATHER SERVICE SAN DIEGO, CA
433 AM PDT MON JUL 24 2017


...................................

...THE SAN DIEGO INTL AIRPORT CA CLIMATE SUMMARY FOR JULY 23 2017...

CLIMATE NORMAL PERIOD 1981 TO 2010
CLIMATE RECORD PERIOD 1874 TO 2017


WEATHER ITEM   OBSERVED TIME   RECORD YEAR NORMAL DEPARTURE LAST
                VALUE   (LST)  VALUE       VALUE  FROM      YEAR
                                                  NORMAL
..................................................................
TEMPERATURE (F)
 YESTERDAY
  MAXIMUM         78    103 PM  89    1960  75      3       73
  MINIMUM         69    525 AM  58    1892  66      3       66
  AVERAGE         74                        71      3       70

PRECIPITATION (IN)
  YESTERDAY        0.00          0.01 2005   0.00   0.00     0.00
  MONTH TO DATE    T                         0.02  -0.02     0.00
  SINCE OCT 1     12.65                     10.16   2.49     7.86
  SINCE JAN 1      7.75                      7.05   0.70     5.01

DEGREE DAYS
 HEATING
  YESTERDAY        0                         0      0        0
  MONTH TO DATE    0                         0      0        0
  SINCE JUN 1      9                        18     -9        0
  SINCE JUL 1      0                         0      0        0

 COOLING
  YESTERDAY        9                         6      3        5
  MONTH TO DATE  186                       110     76      131
  SINCE JUN 1    284                       170    114      256
  SINCE JAN 1    376                       219    157      374
..................................................................


WIND (MPH)
  RESULTANT WIND SPEED   4   RESULTANT WIND DIRECTION  SW (220)
  HIGHEST WIND SPEED    14   HIGHEST WIND DIRECTION    SW (210)
  HIGHEST GUST SPEED    18   HIGHEST GUST DIRECTION    SW (220)
  AVERAGE WIND SPEED     5.7


SKY COVER
  POSSIBLE SUNSHINE  MM
  AVERAGE SKY COVER 0.6


WEATHER CONDITIONS
 THE FOLLOWING WEATHER WAS RECORDED YESTERDAY.
  NO SIGNIFICANT WEATHER WAS OBSERVED.


RELATIVE HUMIDITY (PERCENT)
 HIGHEST    79           400 PM
 LOWEST     50           100 PM
 AVERAGE    65

..........................................................


THE SAN DIEGO INTL AIRPORT CA CLIMATE NORMALS FOR TODAY
                         NORMAL    RECORD    YEAR
 MAXIMUM TEMPERATURE (F)   75        85      2006
 MINIMUM TEMPERATURE (F)   66        56      1878


SUNRISE AND SUNSET
JULY 24 2017..........SUNRISE   557 AM PDT   SUNSET   753 PM PDT
JULY 25 2017..........SUNRISE   558 AM PDT   SUNSET   752 PM PDT


-  INDICATES NEGATIVE NUMBERS.
R  INDICATES RECORD WAS SET OR TIED.
MM INDICATES DATA IS MISSING.
T  INDICATES TRACE AMOUNT.




$$
