000
CDUS44 KEWX 062352
CLISAT


CLIMATE REPORT
NATIONAL WEATHER SERVICE AUSTIN/SAN ANTONIO, TX
550 PM CST FRI MAR 6 2015


...................................

...THE SAN ANTONIO CLIMATE SUMMARY FOR MARCH 6 2015...
VALID TODAY AS OF 550 PM LOCAL TIME.

CLIMATE NORMAL PERIOD 1981 TO 2010
CLIMATE RECORD PERIOD 1886 TO 2015


WEATHER ITEM   OBSERVED TIME   RECORD YEAR NORMAL DEPARTURE LAST
                VALUE   (LST)  VALUE       VALUE  FROM      YEAR
                                                  NORMAL
..................................................................
TEMPERATURE (F)
 TODAY
  MAXIMUM         56    354 PM 100    1991  71    -15       66
  MINIMUM         31    713 AM  24    1966  49    -18       43
  AVERAGE         44                        60    -16       55

PRECIPITATION (IN)
  TODAY            0.00          1.04 1970   0.08  -0.08     0.00
  MONTH TO DATE    0.27                      0.47  -0.20     0.01
  SINCE MAR 1      0.27                      0.47  -0.20     0.01
  SINCE JAN 1      4.47                      4.02   0.45     0.66

SNOWFALL (IN)
  TODAY            0.0
  MONTH TO DATE    0.0
  SINCE MAR 1      0.0
  SINCE JUL 1      T
  SNOW DEPTH       0

DEGREE DAYS
 HEATING
  TODAY           21                         7     14       10
  MONTH TO DATE  108                        43     65       82
  SINCE MAR 1    108                        43     65       82
  SINCE JUL 1   1423                      1344     79     1416

 COOLING
  TODAY            0                         2     -2        0
  MONTH TO DATE    0                         7     -7        2
  SINCE MAR 1      0                         7     -7        2
  SINCE JAN 1     13                        33    -20       67
..................................................................


WIND (MPH)
  HIGHEST WIND SPEED    10   HIGHEST WIND DIRECTION    SE (130)
  HIGHEST GUST SPEED    16   HIGHEST GUST DIRECTION     E (100)
  AVERAGE WIND SPEED     6.6


SKY COVER
  AVERAGE SKY COVER 0.3


WEATHER CONDITIONS
 THE FOLLOWING WEATHER WAS RECORDED TODAY.
  NO SIGNIFICANT WEATHER WAS OBSERVED.


RELATIVE HUMIDITY (PERCENT)
 HIGHEST    63           300 AM
 LOWEST     30           500 PM
 AVERAGE    47

..........................................................


THE SAN ANTONIO CLIMATE NORMALS FOR TOMORROW
                         NORMAL    RECORD    YEAR
 MAXIMUM TEMPERATURE (F)   71        89      1929
 MINIMUM TEMPERATURE (F)   49        26      1989


SUNRISE AND SUNSET
MARCH  6 2015.........SUNRISE   654 AM CST   SUNSET   636 PM CST
MARCH  7 2015.........SUNRISE   653 AM CST   SUNSET   637 PM CST


-  INDICATES NEGATIVE NUMBERS.
R  INDICATES RECORD WAS SET OR TIED.
MM INDICATES DATA IS MISSING.
T  INDICATES TRACE AMOUNT.




$$
