000
CDUS44 KEWX 282229
CLISAT


CLIMATE REPORT
NATIONAL WEATHER SERVICE AUSTIN/SAN ANTONIO, TX
528 PM CDT THU JUL 28 2016


...................................

...THE SAN ANTONIO CLIMATE SUMMARY FOR JULY 28 2016...
VALID TODAY AS OF 525 PM LOCAL TIME.

CLIMATE NORMAL PERIOD 1981 TO 2010
CLIMATE RECORD PERIOD 1886 TO 2016


WEATHER ITEM   OBSERVED TIME   RECORD YEAR NORMAL DEPARTURE LAST
                VALUE   (LST)  VALUE       VALUE  FROM      YEAR
                                                  NORMAL
..................................................................
TEMPERATURE (F)
 TODAY
  MAXIMUM         95    251 PM 103    1995  96     -1       99
                                      1962
                                      1951
  MINIMUM         75    232 AM  67    1903  75      0       78
  AVERAGE         85                        85      0       89

PRECIPITATION (IN)
  TODAY            0.00          0.74 1934   0.06  -0.06     0.00
  MONTH TO DATE    0.33                      2.57  -2.24     0.07
  SINCE JUN 1      2.72                      6.71  -3.99     6.49
  SINCE JAN 1     24.54                     18.68   5.86    29.77

SNOWFALL (IN)
  TODAY            0.0
  MONTH TO DATE    0.0
  SINCE JUN 1      0.0
  SINCE JUL 1      0.0
  SNOW DEPTH       0

DEGREE DAYS
 HEATING
  TODAY            0                         0      0        0
  MONTH TO DATE    0                         0      0        0
  SINCE JUN 1      0                         0      0        0
  SINCE JUL 1      0                         0      0        0

 COOLING
  TODAY           20                        20      0       24
  MONTH TO DATE  626                       546     80      577
  SINCE JUN 1   1145                      1069     76     1083
  SINCE JAN 1   1770                      1698     72     1728
..................................................................


WIND (MPH)
  HIGHEST WIND SPEED    28   HIGHEST WIND DIRECTION    SE (120)
  HIGHEST GUST SPEED    35   HIGHEST GUST DIRECTION    SE (120)
  AVERAGE WIND SPEED     6.4


SKY COVER
  AVERAGE SKY COVER 0.8


WEATHER CONDITIONS
 THE FOLLOWING WEATHER WAS RECORDED TODAY.
  NO SIGNIFICANT WEATHER WAS OBSERVED.


RELATIVE HUMIDITY (PERCENT)
 HIGHEST    94           300 AM
 LOWEST     42           300 PM
 AVERAGE    68

..........................................................


THE SAN ANTONIO CLIMATE NORMALS FOR TOMORROW
                         NORMAL    RECORD    YEAR
 MAXIMUM TEMPERATURE (F)   96       103      1946
                                             1912
 MINIMUM TEMPERATURE (F)   75        67      1994
                                             1903


SUNRISE AND SUNSET
JULY 28 2016..........SUNRISE   652 AM CDT   SUNSET   829 PM CDT
JULY 29 2016..........SUNRISE   652 AM CDT   SUNSET   828 PM CDT


-  INDICATES NEGATIVE NUMBERS.
R  INDICATES RECORD WAS SET OR TIED.
MM INDICATES DATA IS MISSING.
T  INDICATES TRACE AMOUNT.




$$
