000
CDUS44 KEWX 312252
CLISAT


CLIMATE REPORT
NATIONAL WEATHER SERVICE AUSTIN/SAN ANTONIO, TX
550 PM CDT WED AUG 31 2016


...................................

...THE SAN ANTONIO CLIMATE SUMMARY FOR AUGUST 31 2016...
VALID TODAY AS OF 550 PM LOCAL TIME.

CLIMATE NORMAL PERIOD 1981 TO 2010
CLIMATE RECORD PERIOD 1886 TO 2016


WEATHER ITEM   OBSERVED TIME   RECORD YEAR NORMAL DEPARTURE LAST
                VALUE   (LST)  VALUE       VALUE  FROM      YEAR
                                                  NORMAL
..................................................................
TEMPERATURE (F)
 TODAY
  MAXIMUM         93    218 PM 103    2000  94     -1       96
                                      1954
  MINIMUM         74    638 AM  58    1915  73      1       75
  AVERAGE         84                        84      0       86

PRECIPITATION (IN)
  TODAY            T             3.20 1892   0.10  -0.10     0.00
  MONTH TO DATE    4.91                      2.09   2.82     0.29
  SINCE JUN 1      7.63                      8.97  -1.34     6.78
  SINCE JAN 1     29.45                     20.94   8.51    30.06

SNOWFALL (IN)
  TODAY            0.0
  MONTH TO DATE    0.0
  SINCE JUN 1      0.0
  SINCE JUL 1      0.0
  SNOW DEPTH       0

DEGREE DAYS
 HEATING
  TODAY            0                         0      0        0
  MONTH TO DATE    0                         0      0        0
  SINCE JUN 1      0                         0      0        0
  SINCE JUL 1      0                         0      0        0

 COOLING
  TODAY           19                        19      0       21
  MONTH TO DATE  593                       631    -38      700
  SINCE JUN 1   1801                      1762     39     1853
  SINCE JAN 1   2426                      2391     35     2498
..................................................................


WIND (MPH)
  HIGHEST WIND SPEED    21   HIGHEST WIND DIRECTION     E (70)
  HIGHEST GUST SPEED    24   HIGHEST GUST DIRECTION     E (80)
  AVERAGE WIND SPEED     5.8


SKY COVER
  AVERAGE SKY COVER 0.5


WEATHER CONDITIONS
 THE FOLLOWING WEATHER WAS RECORDED TODAY.
  THUNDERSTORM
  LIGHT RAIN


RELATIVE HUMIDITY (PERCENT)
 HIGHEST    93           200 AM
 LOWEST     49           200 PM
 AVERAGE    71

..........................................................


THE SAN ANTONIO CLIMATE NORMALS FOR TOMORROW
                         NORMAL    RECORD    YEAR
 MAXIMUM TEMPERATURE (F)   94       102      2000
                                             1951
 MINIMUM TEMPERATURE (F)   73        61      1915


SUNRISE AND SUNSET
AUGUST 31 2016........SUNRISE   711 AM CDT   SUNSET   756 PM CDT
SEPTEMBER  1 2016.....SUNRISE   712 AM CDT   SUNSET   755 PM CDT


-  INDICATES NEGATIVE NUMBERS.
R  INDICATES RECORD WAS SET OR TIED.
MM INDICATES DATA IS MISSING.
T  INDICATES TRACE AMOUNT.




$$
