000
CDUS44 KEWX 262228
CLISAT


CLIMATE REPORT
NATIONAL WEATHER SERVICE AUSTIN/SAN ANTONIO, TX
528 PM CDT MON JUN 26 2017


...................................

...THE SAN ANTONIO CLIMATE SUMMARY FOR JUNE 26 2017...
VALID TODAY AS OF 525 PM LOCAL TIME.

CLIMATE NORMAL PERIOD 1981 TO 2010
CLIMATE RECORD PERIOD 1886 TO 2017


WEATHER ITEM   OBSERVED TIME   RECORD YEAR NORMAL DEPARTURE LAST
                VALUE   (LST)  VALUE       VALUE  FROM      YEAR
                                                  NORMAL
..................................................................
TEMPERATURE (F)
 TODAY
  MAXIMUM         93    241 PM 106    2012  93      0       91
  MINIMUM         72    326 AM  59    1974  74     -2       76
  AVERAGE         83                        84     -1       84

PRECIPITATION (IN)
  TODAY            T             3.51 1919   0.13  -0.13      T
  MONTH TO DATE    0.28                      3.67  -3.39     2.39
  SINCE JUN 1      0.28                      3.67  -3.39     2.39
  SINCE JAN 1     13.35                     15.64  -2.29    24.21

SNOWFALL (IN)
  TODAY            0.0
  MONTH TO DATE    0.0
  SINCE JUN 1      0.0
  SINCE JUL 1      0.0
  SNOW DEPTH       0

DEGREE DAYS
 HEATING
  TODAY            0                         0      0        0
  MONTH TO DATE    0                         0      0        0
  SINCE JUN 1      0                         0      0        0
  SINCE JUL 1    778                      1496   -718     1038

 COOLING
  TODAY           18                        19     -1       19
  MONTH TO DATE  478                       448     30      441
  SINCE JUN 1    478                       448     30      441
  SINCE JAN 1   1250                      1077    173     1066
..................................................................


WIND (MPH)
  HIGHEST WIND SPEED    17   HIGHEST WIND DIRECTION     E (100)
  HIGHEST GUST SPEED    22   HIGHEST GUST DIRECTION     E (90)
  AVERAGE WIND SPEED     4.5


SKY COVER
  AVERAGE SKY COVER 0.8


WEATHER CONDITIONS
 THE FOLLOWING WEATHER WAS RECORDED TODAY.
  NO SIGNIFICANT WEATHER WAS OBSERVED.


RELATIVE HUMIDITY (PERCENT)
 HIGHEST    87           200 AM
 LOWEST     44           400 PM
 AVERAGE    66

..........................................................


THE SAN ANTONIO CLIMATE NORMALS FOR TOMORROW
                         NORMAL    RECORD    YEAR
 MAXIMUM TEMPERATURE (F)   93       105      1980
 MINIMUM TEMPERATURE (F)   74        58      1974


SUNRISE AND SUNSET
JUNE 26 2017..........SUNRISE   636 AM CDT   SUNSET   838 PM CDT
JUNE 27 2017..........SUNRISE   636 AM CDT   SUNSET   838 PM CDT


-  INDICATES NEGATIVE NUMBERS.
R  INDICATES RECORD WAS SET OR TIED.
MM INDICATES DATA IS MISSING.
T  INDICATES TRACE AMOUNT.




$$
