000
CDUS44 KEWX 230821
CLISAT


CLIMATE REPORT
NATIONAL WEATHER SERVICE AUSTIN/SAN ANTONIO, TX
221 AM CST SUN NOV 23 2014


...................................

...THE SAN ANTONIO CLIMATE SUMMARY FOR NOVEMBER 22 2014...

CLIMATE NORMAL PERIOD 1981 TO 2010
CLIMATE RECORD PERIOD 1886 TO 2014


WEATHER ITEM   OBSERVED TIME   RECORD YEAR NORMAL DEPARTURE LAST
                VALUE   (LST)  VALUE       VALUE  FROM      YEAR
                                                  NORMAL
..................................................................
TEMPERATURE (F)
 YESTERDAY
  MAXIMUM         77    442 PM  86    1983  70      7       76
                                      1970
  MINIMUM         60   1035 PM  30    1945  48     12       38
                                      1898
  AVERAGE         69                        59     10       57

PRECIPITATION (IN)
  YESTERDAY        1.84          3.47 2004   0.07   1.77     0.18
  MONTH TO DATE    7.21                      1.79   5.42     0.66
  SINCE SEP 1     10.89                      8.93   1.96     7.17
  SINCE JAN 1     26.96                     29.87  -2.91    30.61

SNOWFALL (IN)
  YESTERDAY        0.0
  MONTH TO DATE    0.0
  SINCE SEP 1      0.0
  SINCE JUL 1      0.0
  SNOW DEPTH       0

DEGREE DAYS
 HEATING
  YESTERDAY        0                         7     -7        8
  MONTH TO DATE  201                       107     94       67
  SINCE SEP 1    201                       140     61       78
  SINCE JUL 1    201                       140     61       78

 COOLING
  YESTERDAY        4                         1      3        0
  MONTH TO DATE   19                        54    -35       73
  SINCE SEP 1    890                       718    172      913
  SINCE JAN 1   3490                      3109    381     3506
..................................................................


WIND (MPH)
  HIGHEST WIND SPEED    38   HIGHEST WIND DIRECTION    NW (320)
  HIGHEST GUST SPEED    63   HIGHEST GUST DIRECTION    NW (320)
  AVERAGE WIND SPEED    12.9


SKY COVER
  AVERAGE SKY COVER 0.9


WEATHER CONDITIONS
 THE FOLLOWING WEATHER WAS RECORDED YESTERDAY.
  THUNDERSTORM
  HEAVY RAIN
  RAIN
  LIGHT RAIN
  FOG


RELATIVE HUMIDITY (PERCENT)
 HIGHEST    93           700 AM
 LOWEST     72          1100 PM
 AVERAGE    83

..........................................................


THE SAN ANTONIO CLIMATE NORMALS FOR TODAY
                         NORMAL    RECORD    YEAR
 MAXIMUM TEMPERATURE (F)   70        84      2005
                                             1967
 MINIMUM TEMPERATURE (F)   47        25      1975


SUNRISE AND SUNSET
NOVEMBER 23 2014......SUNRISE   705 AM CST   SUNSET   536 PM CST
NOVEMBER 24 2014......SUNRISE   705 AM CST   SUNSET   535 PM CST


-  INDICATES NEGATIVE NUMBERS.
R  INDICATES RECORD WAS SET OR TIED.
MM INDICATES DATA IS MISSING.
T  INDICATES TRACE AMOUNT.




$$
