685
CDUS42 KCHS 242205
CLISAV


CLIMATE REPORT
NATIONAL WEATHER SERVICE CHARLESTON SC
505 PM EST TUE JAN 24 2017


...................................

...THE SAVANNAH GA CLIMATE SUMMARY FOR JANUARY 24 2017...
VALID TODAY AS OF 0500 PM LOCAL TIME.

CLIMATE NORMAL PERIOD 1981 TO 2010
CLIMATE RECORD PERIOD 1871 TO 2017


WEATHER ITEM   OBSERVED TIME   RECORD YEAR NORMAL DEPARTURE LAST
                VALUE   (LST)  VALUE       VALUE  FROM      YEAR
                                                  NORMAL
..................................................................
TEMPERATURE (F)
 TODAY
  MAXIMUM         68    418 PM  80    2002  61      7       53
                                      1974
  MINIMUM         49    749 AM  17    2003  39     10       26
  AVERAGE         59                        50      9       40

PRECIPITATION (IN)
  TODAY            0.00          2.53 1984   0.12  -0.12     0.00
  MONTH TO DATE    6.60                      2.81   3.79     3.02
  SINCE DEC 1     10.89                      5.76   5.13     6.37
  SINCE JAN 1      6.60                      2.81   3.79     3.02

SNOWFALL (IN)
  TODAY            0.0                       0.0    0.0
  SINCE DEC 1      0.0                       0.2   -0.2
  SINCE JUL 1      0.0                       0.2   -0.2

DEGREE DAYS
 HEATING
  TODAY            6                        15     -9       25
  MONTH TO DATE  152                       381   -229      410
  SINCE DEC 1    424                       804   -380      534
  SINCE JUL 1    605                      1071   -466      659

 COOLING
  TODAY            0                         0      0        0
  MONTH TO DATE   23                         0     23        0
  SINCE DEC 1     33                         9     24      106
  SINCE JAN 1     23                         0     23        0
..................................................................


WIND (MPH)
  HIGHEST WIND SPEED    20   HIGHEST WIND DIRECTION     W (290)
  HIGHEST GUST SPEED    25   HIGHEST GUST DIRECTION     W (290)
  AVERAGE WIND SPEED    12.8


SKY COVER
  POSSIBLE SUNSHINE  MM
  AVERAGE SKY COVER 0.0


WEATHER CONDITIONS
 THE FOLLOWING WEATHER WAS RECORDED TODAY.
  NO SIGNIFICANT WEATHER WAS OBSERVED.


RELATIVE HUMIDITY (PERCENT)
 HIGHEST    80           700 AM
 LOWEST     39           400 PM
 AVERAGE    60

..........................................................


THE SAVANNAH GA CLIMATE NORMALS FOR TOMORROW
                         NORMAL    RECORD    YEAR
 MAXIMUM TEMPERATURE (F)   61        82      1974
                                             1949
                                             1937
 MINIMUM TEMPERATURE (F)   39        19      2003
                                             1963


SUNRISE AND SUNSET
JANUARY 24 2017.......SUNRISE   723 AM EST   SUNSET   551 PM EST
JANUARY 25 2017.......SUNRISE   722 AM EST   SUNSET   552 PM EST


-  INDICATES NEGATIVE NUMBERS.
R  INDICATES RECORD WAS SET OR TIED.
MM INDICATES DATA IS MISSING.
T  INDICATES TRACE AMOUNT.




$$
