000
CDUS42 KCHS 260525
CLISAV


CLIMATE REPORT
NATIONAL WEATHER SERVICE CHARLESTON SC
1225 AM EST WED NOV 26 2014


...................................

...THE SAVANNAH GA CLIMATE SUMMARY FOR NOVEMBER 25 2014...

CLIMATE NORMAL PERIOD 1981 TO 2010
CLIMATE RECORD PERIOD 1871 TO 2014


WEATHER ITEM   OBSERVED TIME   RECORD YEAR NORMAL DEPARTURE LAST
                VALUE   (LST)  VALUE       VALUE  FROM      YEAR
                                                  NORMAL
..................................................................
TEMPERATURE (F)
 YESTERDAY
  MAXIMUM         67    104 PM  83    1973  68     -1       53
  MINIMUM         60    622 PM  15    1970  45     15       34
                                      1950
  AVERAGE         64                        57      7       44

PRECIPITATION (IN)
  YESTERDAY        2.13R         2.01 1899   0.08   2.05      T
  MONTH TO DATE    4.36                      1.97   2.39     1.22
  SINCE SEP 1     11.20                     10.24   0.96     3.23
  SINCE JAN 1     46.26                     44.61   1.65    50.40

SNOWFALL (IN)
  YESTERDAY        0.0                       0.0    0.0
  SINCE SEP 1      0.0                       0.0    0.0
  SINCE JUL 1      0.0                       0.0    0.0

DEGREE DAYS
 HEATING
  YESTERDAY        1                         9     -8       21
  MONTH TO DATE  204                       160     44      149
  SINCE SEP 1    223                       217      6      183
  SINCE JUL 1    223                       217      6      183

 COOLING
  YESTERDAY        0                         1     -1        0
  MONTH TO DATE   23                        35    -12       42
  SINCE SEP 1    613                       540     73      604
  SINCE JAN 1   2726                      2447    279     2453
..................................................................


WIND (MPH)
  HIGHEST WIND SPEED    12   HIGHEST WIND DIRECTION     N (10)
  HIGHEST GUST SPEED    18   HIGHEST GUST DIRECTION     S (180)
  AVERAGE WIND SPEED     4.2


SKY COVER
  POSSIBLE SUNSHINE  MM
  AVERAGE SKY COVER 0.9


WEATHER CONDITIONS
 THE FOLLOWING WEATHER WAS RECORDED YESTERDAY.
  THUNDERSTORM
  HEAVY RAIN
  RAIN
  LIGHT RAIN
  FOG


RELATIVE HUMIDITY (PERCENT)
 HIGHEST    93           900 AM
 LOWEST     87           100 AM
 AVERAGE    90

..........................................................


THE SAVANNAH GA CLIMATE NORMALS FOR TODAY
                         NORMAL    RECORD    YEAR
 MAXIMUM TEMPERATURE (F)   68        84      1973
 MINIMUM TEMPERATURE (F)   45        21      1950


SUNRISE AND SUNSET
NOVEMBER 26 2014......SUNRISE   703 AM EST   SUNSET   521 PM EST
NOVEMBER 27 2014......SUNRISE   704 AM EST   SUNSET   520 PM EST


-  INDICATES NEGATIVE NUMBERS.
R  INDICATES RECORD WAS SET OR TIED.
MM INDICATES DATA IS MISSING.
T  INDICATES TRACE AMOUNT.




$$
