197
CDUS42 KCHS 230604
CLISAV


CLIMATE REPORT
NATIONAL WEATHER SERVICE CHARLESTON SC
203 AM EDT THU MAR 23 2017


...................................

...THE SAVANNAH GA CLIMATE SUMMARY FOR MARCH 22 2017...

CLIMATE NORMAL PERIOD 1981 TO 2010
CLIMATE RECORD PERIOD 1871 TO 2017


WEATHER ITEM   OBSERVED TIME   RECORD YEAR NORMAL DEPARTURE LAST
                VALUE   (LST)  VALUE       VALUE  FROM      YEAR
                                                  NORMAL
..................................................................
TEMPERATURE (F)
 YESTERDAY
  MAXIMUM         82    251 PM  93    1907  72     10       71
  MINIMUM         57    649 AM  29    1965  49      8       39
                                      1958
  AVERAGE         70                        61      9       55

PRECIPITATION (IN)
  YESTERDAY        0.00          1.33 2005   0.11  -0.11     0.00
  MONTH TO DATE    0.44                      2.63  -2.19     0.88
  SINCE MAR 1      0.44                      2.63  -2.19     0.88
  SINCE JAN 1      9.27                      9.11   0.16     7.29

SNOWFALL (IN)
  YESTERDAY        0.0                       0.0    0.0
  SINCE MAR 1      0.0                       0.0    0.0
  SINCE JUL 1      0.0                       0.3   -0.3

DEGREE DAYS
 HEATING
  YESTERDAY        0                         6     -6       10
  MONTH TO DATE  186                       167     19       92
  SINCE MAR 1    186                       167     19       92
  SINCE JUL 1    996                      1684   -688     1161

 COOLING
  YESTERDAY        5                         1      4        0
  MONTH TO DATE   26                        22      4       75
  SINCE MAR 1     26                        22      4       75
  SINCE JAN 1     84                        32     52       96
..................................................................


WIND (MPH)
  HIGHEST WIND SPEED    21   HIGHEST WIND DIRECTION     E (110)
  HIGHEST GUST SPEED    26   HIGHEST GUST DIRECTION    SE (120)
  AVERAGE WIND SPEED     8.9


SKY COVER
  POSSIBLE SUNSHINE  MM
  AVERAGE SKY COVER 0.6


WEATHER CONDITIONS
 THE FOLLOWING WEATHER WAS RECORDED YESTERDAY.
  NO SIGNIFICANT WEATHER WAS OBSERVED.


RELATIVE HUMIDITY (PERCENT)
 HIGHEST    86           700 AM
 LOWEST     35           300 PM
 AVERAGE    61

..........................................................


THE SAVANNAH GA CLIMATE NORMALS FOR TODAY
                         NORMAL    RECORD    YEAR
 MAXIMUM TEMPERATURE (F)   73        94      1907
 MINIMUM TEMPERATURE (F)   49        30      1986


SUNRISE AND SUNSET
MARCH 23 2017.........SUNRISE   724 AM EDT   SUNSET   739 PM EDT
MARCH 24 2017.........SUNRISE   723 AM EDT   SUNSET   739 PM EDT


-  INDICATES NEGATIVE NUMBERS.
R  INDICATES RECORD WAS SET OR TIED.
MM INDICATES DATA IS MISSING.
T  INDICATES TRACE AMOUNT.




$$
