000
CDUS42 KCHS 310609
CLISAV


CLIMATE REPORT
NATIONAL WEATHER SERVICE CHARLESTON SC
207 AM EDT MON AUG 31 2015


...................................

...THE SAVANNAH GA CLIMATE SUMMARY FOR AUGUST 30 2015...

CLIMATE NORMAL PERIOD 1981 TO 2010
CLIMATE RECORD PERIOD 1871 TO 2015


WEATHER ITEM   OBSERVED TIME   RECORD YEAR NORMAL DEPARTURE LAST
                VALUE   (LST)  VALUE       VALUE  FROM      YEAR
                                                  NORMAL
..................................................................
TEMPERATURE (F)
 YESTERDAY
  MAXIMUM         84   1117 AM  98    1948  89     -5       93
  MINIMUM         72    511 AM  61    1986  71      1       74
                                      1896
  AVERAGE         78                        80     -2       84

PRECIPITATION (IN)
  YESTERDAY        1.16          3.19 1959   0.20   0.96     0.00
  MONTH TO DATE    7.26                      6.37   0.89     3.41
  SINCE JUN 1     18.25                     17.92   0.33    19.27
  SINCE JAN 1     35.58                     34.18   1.40    35.06

DEGREE DAYS
 HEATING
  YESTERDAY        0                         0      0        0
  MONTH TO DATE    0                         0      0        0
  SINCE JUN 1      0                         0      0        0
  SINCE JUL 1      0                         0      0        0

 COOLING
  YESTERDAY       13                        15     -2       19
  MONTH TO DATE  512                       495     17      550
  SINCE JUN 1   1604                      1487    117     1604
  SINCE JAN 1   2139                      1890    249     2093
..................................................................


WIND (MPH)
  HIGHEST WIND SPEED    20   HIGHEST WIND DIRECTION     E (100)
  HIGHEST GUST SPEED    26   HIGHEST GUST DIRECTION    SE (130)
  AVERAGE WIND SPEED     6.8


SKY COVER
  POSSIBLE SUNSHINE  MM
  AVERAGE SKY COVER 0.8


WEATHER CONDITIONS
 THE FOLLOWING WEATHER WAS RECORDED YESTERDAY.
  THUNDERSTORM
  HEAVY RAIN
  RAIN
  LIGHT RAIN
  FOG


RELATIVE HUMIDITY (PERCENT)
 HIGHEST    94           900 AM
 LOWEST     79          1100 AM
 AVERAGE    87

..........................................................


THE SAVANNAH GA CLIMATE NORMALS FOR TODAY
                         NORMAL    RECORD    YEAR
 MAXIMUM TEMPERATURE (F)   89        99      1998
 MINIMUM TEMPERATURE (F)   71        61      1999


SUNRISE AND SUNSET
AUGUST 31 2015........SUNRISE   659 AM EDT   SUNSET   751 PM EDT
SEPTEMBER  1 2015.....SUNRISE   700 AM EDT   SUNSET   749 PM EDT


-  INDICATES NEGATIVE NUMBERS.
R  INDICATES RECORD WAS SET OR TIED.
MM INDICATES DATA IS MISSING.
T  INDICATES TRACE AMOUNT.

$$
