000
CDUS42 KCHS 200620
CLISAV


CLIMATE REPORT
NATIONAL WEATHER SERVICE CHARLESTON SC
119 AM EST MON FEB 20 2017


...................................

...THE SAVANNAH GA CLIMATE SUMMARY FOR FEBRUARY 19 2017...

CLIMATE NORMAL PERIOD 1981 TO 2010
CLIMATE RECORD PERIOD 1871 TO 2017


WEATHER ITEM   OBSERVED TIME   RECORD YEAR NORMAL DEPARTURE LAST
                VALUE   (LST)  VALUE       VALUE  FROM      YEAR
                                                  NORMAL
..................................................................
TEMPERATURE (F)
 YESTERDAY
  MAXIMUM         78    242 PM  84    1891  65     13       65
  MINIMUM         47    707 AM  19    1958  42      5       37
  AVERAGE         63                        54      9       51

PRECIPITATION (IN)
  YESTERDAY        0.00          1.75 1988   0.10  -0.10     0.00
  MONTH TO DATE    0.14                      1.87  -1.73     3.17
  SINCE DEC 1     11.04                      8.51   2.53     9.65
  SINCE JAN 1      6.75                      5.56   1.19     6.30

SNOWFALL (IN)
  YESTERDAY        0.0                       0.0    0.0
  SINCE DEC 1      0.0                       0.3   -0.3
  SINCE JUL 1      0.0                       0.3   -0.3

DEGREE DAYS
 HEATING
  YESTERDAY        2                        12    -10       14
  MONTH TO DATE  111                       248   -137      260
  SINCE DEC 1    612                      1155   -543      875
  SINCE JUL 1    793                      1422   -629     1000

 COOLING
  YESTERDAY        0                         0      0        0
  MONTH TO DATE   12                         0     12        9
  SINCE DEC 1     45                        12     33      115
  SINCE JAN 1     35                         3     32        9
..................................................................


WIND (MPH)
  HIGHEST WIND SPEED    17   HIGHEST WIND DIRECTION     W (280)
  HIGHEST GUST SPEED    23   HIGHEST GUST DIRECTION    NW (310)
  AVERAGE WIND SPEED     5.1


SKY COVER
  POSSIBLE SUNSHINE  MM
  AVERAGE SKY COVER 0.3


WEATHER CONDITIONS
 THE FOLLOWING WEATHER WAS RECORDED YESTERDAY.
  FOG
  HAZE


RELATIVE HUMIDITY (PERCENT)
 HIGHEST    93           700 AM
 LOWEST     36           500 PM
 AVERAGE    65

..........................................................


THE SAVANNAH GA CLIMATE NORMALS FOR TODAY
                         NORMAL    RECORD    YEAR
 MAXIMUM TEMPERATURE (F)   65        84      1991
 MINIMUM TEMPERATURE (F)   43        21      2015


SUNRISE AND SUNSET
FEBRUARY 20 2017......SUNRISE   702 AM EST   SUNSET   616 PM EST
FEBRUARY 21 2017......SUNRISE   701 AM EST   SUNSET   616 PM EST


-  INDICATES NEGATIVE NUMBERS.
R  INDICATES RECORD WAS SET OR TIED.
MM INDICATES DATA IS MISSING.
T  INDICATES TRACE AMOUNT.




$$
