000
CDUS42 KCHS 042130
CLISAV


CLIMATE REPORT
NATIONAL WEATHER SERVICE CHARLESTON SC
529 PM EDT TUE AUG 4 2015


...................................

...THE SAVANNAH GA CLIMATE SUMMARY FOR AUGUST 4 2015...
VALID TODAY AS OF 0500 PM LOCAL TIME.

CLIMATE NORMAL PERIOD 1981 TO 2010
CLIMATE RECORD PERIOD 1871 TO 2015


WEATHER ITEM   OBSERVED TIME   RECORD YEAR NORMAL DEPARTURE LAST
                VALUE   (LST)  VALUE       VALUE  FROM      YEAR
                                                  NORMAL
..................................................................
TEMPERATURE (F)
 TODAY
  MAXIMUM         94    359 PM 101    1954  92      2       85
  MINIMUM         75    714 AM  65    1912  73      2       74
  AVERAGE         85                        82      3       80

PRECIPITATION (IN)
  TODAY            0.00          3.45 1920   0.21  -0.21     0.09
  MONTH TO DATE    1.28                      0.86   0.42     0.25
  SINCE JUN 1     12.27                     12.41  -0.14    16.11
  SINCE JAN 1     29.60                     28.67   0.93    31.90

DEGREE DAYS
 HEATING
  TODAY            0                         0      0        0
  MONTH TO DATE    0                         0      0        0
  SINCE JUN 1      0                         0      0        0
  SINCE JUL 1      0                         0      0        0

 COOLING
  TODAY           20                        17      3       15
  MONTH TO DATE   69                        69      0       67
  SINCE JUN 1   1161                      1061    100     1121
  SINCE JAN 1   1696                      1464    232     1610
..................................................................


WIND (MPH)
  HIGHEST WIND SPEED    13   HIGHEST WIND DIRECTION    NW (330)
  HIGHEST GUST SPEED    15   HIGHEST GUST DIRECTION     N (340)
  AVERAGE WIND SPEED     5.3


SKY COVER
  POSSIBLE SUNSHINE  MM
  AVERAGE SKY COVER 0.7


WEATHER CONDITIONS
 THE FOLLOWING WEATHER WAS RECORDED TODAY.
  FOG
  FOG W/VISIBILITY <= 1/4 MILE


RELATIVE HUMIDITY (PERCENT)
 HIGHEST    94           100 AM
 LOWEST     49           300 PM
 AVERAGE    72

..........................................................


THE SAVANNAH GA CLIMATE NORMALS FOR TOMORROW
                         NORMAL    RECORD    YEAR
 MAXIMUM TEMPERATURE (F)   92       104      1954
 MINIMUM TEMPERATURE (F)   73        64      1912


SUNRISE AND SUNSET
AUGUST  4 2015........SUNRISE   642 AM EDT   SUNSET   820 PM EDT
AUGUST  5 2015........SUNRISE   642 AM EDT   SUNSET   819 PM EDT


-  INDICATES NEGATIVE NUMBERS.
R  INDICATES RECORD WAS SET OR TIED.
MM INDICATES DATA IS MISSING.
T  INDICATES TRACE AMOUNT.




$$
