000
CDUS42 KCHS 260608
CLISAV


CLIMATE REPORT
NATIONAL WEATHER SERVICE CHARLESTON SC
208 AM EDT TUE MAY 26 2015


...................................

...THE SAVANNAH GA CLIMATE SUMMARY FOR MAY 25 2015...

CLIMATE NORMAL PERIOD 1981 TO 2010
CLIMATE RECORD PERIOD 1871 TO 2015


WEATHER ITEM   OBSERVED TIME   RECORD YEAR NORMAL DEPARTURE LAST
                VALUE   (LST)  VALUE       VALUE  FROM      YEAR
                                                  NORMAL
..................................................................
TEMPERATURE (F)
 YESTERDAY
  MAXIMUM         85    210 PM 100    1953  87     -2       86
  MINIMUM         74   1159 PM  49    1967  65      9       68
  AVERAGE         80                        76      4       77

PRECIPITATION (IN)
  YESTERDAY        T             2.90 1952   0.12  -0.12     0.03
  MONTH TO DATE    1.17                      2.23  -1.06     2.76
  SINCE MAR 1      9.71                      9.03   0.68    10.96
  SINCE JAN 1     17.27                     15.51   1.76    15.07

DEGREE DAYS
 HEATING
  YESTERDAY        0                         0      0        0
  MONTH TO DATE    2                         6     -4        0
  SINCE MAR 1    158                       292   -134      301
  SINCE JUL 1   1693                      1809   -116     1682

 COOLING
  YESTERDAY       15                        11      4       12
  MONTH TO DATE  224                       198     26      240
  SINCE MAR 1    461                       324    137      390
  SINCE JAN 1    466                       334    132      408
..................................................................


WIND (MPH)
  HIGHEST WIND SPEED    18   HIGHEST WIND DIRECTION     E (110)
  HIGHEST GUST SPEED    23   HIGHEST GUST DIRECTION     E (100)
  AVERAGE WIND SPEED    10.6


SKY COVER
  POSSIBLE SUNSHINE  MM
  AVERAGE SKY COVER 0.8


WEATHER CONDITIONS
 THE FOLLOWING WEATHER WAS RECORDED YESTERDAY.
  LIGHT RAIN


RELATIVE HUMIDITY (PERCENT)
 HIGHEST    87          1000 PM
 LOWEST     58           100 PM
 AVERAGE    73

..........................................................


THE SAVANNAH GA CLIMATE NORMALS FOR TODAY
                         NORMAL    RECORD    YEAR
 MAXIMUM TEMPERATURE (F)   87       100      1953
 MINIMUM TEMPERATURE (F)   65        49      1979


SUNRISE AND SUNSET
MAY 26 2015...........SUNRISE   621 AM EDT   SUNSET   823 PM EDT
MAY 27 2015...........SUNRISE   621 AM EDT   SUNSET   823 PM EDT


-  INDICATES NEGATIVE NUMBERS.
R  INDICATES RECORD WAS SET OR TIED.
MM INDICATES DATA IS MISSING.
T  INDICATES TRACE AMOUNT.




$$
