000
CDUS42 KCHS 160522
CLISAV


CLIMATE REPORT
NATIONAL WEATHER SERVICE CHARLESTON SC
122 AM EDT TUE SEP 16 2014


...................................

...THE SAVANNAH GA CLIMATE SUMMARY FOR SEPTEMBER 15 2014...

CLIMATE NORMAL PERIOD 1981 TO 2010
CLIMATE RECORD PERIOD 1871 TO 2014


WEATHER ITEM   OBSERVED TIME   RECORD YEAR NORMAL DEPARTURE LAST
                VALUE   (LST)  VALUE       VALUE  FROM      YEAR
                                                  NORMAL
..................................................................
TEMPERATURE (F)
 YESTERDAY
  MAXIMUM         88    112 PM  97    1972  86      2       89
  MINIMUM         73    418 AM  56    1996  68      5       72
                                      1967
  AVERAGE         81                        77      4       81

PRECIPITATION (IN)
  YESTERDAY        0.25          5.84 1954   0.15   0.10     0.00
  MONTH TO DATE    3.93                      2.52   1.41     0.57
  SINCE SEP 1      3.93                      2.52   1.41     0.57
  SINCE JAN 1     38.99                     36.89   2.10    47.74

DEGREE DAYS
 HEATING
  YESTERDAY        0                         0      0        0
  MONTH TO DATE    0                         0      0        0
  SINCE SEP 1      0                         0      0        0
  SINCE JUL 1      0                         0      0        0

 COOLING
  YESTERDAY       16                        12      4       16
  MONTH TO DATE  256                       206     50      249
  SINCE SEP 1    256                       206     50      249
  SINCE JAN 1   2369                      2113    256     2098
..................................................................


WIND (MPH)
  HIGHEST WIND SPEED    16   HIGHEST WIND DIRECTION    SE (150)
  HIGHEST GUST SPEED    18   HIGHEST GUST DIRECTION    SE (150)
  AVERAGE WIND SPEED     3.9


SKY COVER
  POSSIBLE SUNSHINE  MM
  AVERAGE SKY COVER 0.8


WEATHER CONDITIONS
 THE FOLLOWING WEATHER WAS RECORDED YESTERDAY.
  THUNDERSTORM
  HEAVY RAIN
  RAIN
  LIGHT RAIN
  FOG
  HAZE


RELATIVE HUMIDITY (PERCENT)
 HIGHEST    94           800 AM
 LOWEST     70           100 PM
 AVERAGE    82

..........................................................


THE SAVANNAH GA CLIMATE NORMALS FOR TODAY
                         NORMAL    RECORD    YEAR
 MAXIMUM TEMPERATURE (F)   86        98      1980
 MINIMUM TEMPERATURE (F)   68        54      2001


SUNRISE AND SUNSET
SEPTEMBER 16 2014.....SUNRISE   709 AM EDT   SUNSET   729 PM EDT
SEPTEMBER 17 2014.....SUNRISE   710 AM EDT   SUNSET   728 PM EDT


-  INDICATES NEGATIVE NUMBERS.
R  INDICATES RECORD WAS SET OR TIED.
MM INDICATES DATA IS MISSING.
T  INDICATES TRACE AMOUNT.




$$
