938
CDUS42 KCHS 081048
CLISAV


CLIMATE REPORT
NATIONAL WEATHER SERVICE CHARLESTON SC
547 AM EST MON FEB 8 2016


...................................

...THE SAVANNAH GA CLIMATE SUMMARY FOR FEBRUARY 7 2016...

CLIMATE NORMAL PERIOD 1981 TO 2010
CLIMATE RECORD PERIOD 1871 TO 2016


WEATHER ITEM   OBSERVED TIME   RECORD YEAR NORMAL DEPARTURE LAST
                VALUE   (LST)  VALUE       VALUE  FROM      YEAR
                                                  NORMAL
..................................................................
TEMPERATURE (F)
 YESTERDAY
  MAXIMUM         55    511 PM  81    1904  63     -8       65
  MINIMUM         37    928 PM  21    1978  40     -3       30
  AVERAGE         46                        52     -6       48

PRECIPITATION (IN)
  YESTERDAY        0.57          1.57 1953   0.10   0.47     0.00
  MONTH TO DATE    2.99                      0.74   2.25     0.80
  SINCE DEC 1      9.47                      7.38   2.09     8.94
  SINCE JAN 1      6.12                      4.43   1.69     4.92

SNOWFALL (IN)
  YESTERDAY       MM                         0.0   MM
  SINCE DEC 1      T                         0.2   -0.2
  SINCE JUL 1      T                         0.2   -0.2

DEGREE DAYS
 HEATING
  YESTERDAY       19                        14      5       17
  MONTH TO DATE   63                        98    -35      122
  SINCE DEC 1    633                      1005   -372      879
  SINCE JUL 1    758                      1272   -514     1171

 COOLING
  YESTERDAY        0                         0      0        0
  MONTH TO DATE    9                         0      9        0
  SINCE DEC 1    115                        12    103       11
  SINCE JAN 1      9                         3      6        5
..................................................................


WIND (MPH)
  HIGHEST WIND SPEED    30   HIGHEST WIND DIRECTION     N (10)
  HIGHEST GUST SPEED    36   HIGHEST GUST DIRECTION     N (10)
  AVERAGE WIND SPEED    11.8


SKY COVER
  POSSIBLE SUNSHINE  MM
  AVERAGE SKY COVER 0.7


WEATHER CONDITIONS
 THE FOLLOWING WEATHER WAS RECORDED YESTERDAY.
  RAIN
  LIGHT RAIN
  FOG


RELATIVE HUMIDITY (PERCENT)
 HIGHEST    92           200 AM
 LOWEST     30           500 PM
 AVERAGE    61

..........................................................


THE SAVANNAH GA CLIMATE NORMALS FOR TODAY
                         NORMAL    RECORD    YEAR
 MAXIMUM TEMPERATURE (F)   63        82      1921
 MINIMUM TEMPERATURE (F)   41        12      1895


SUNRISE AND SUNSET
FEBRUARY  8 2016......SUNRISE   714 AM EST   SUNSET   605 PM EST
FEBRUARY  9 2016......SUNRISE   713 AM EST   SUNSET   605 PM EST


-  INDICATES NEGATIVE NUMBERS.
R  INDICATES RECORD WAS SET OR TIED.
MM INDICATES DATA IS MISSING.
T  INDICATES TRACE AMOUNT.




$$
