000
CDUS42 KCHS 200601
CLISAV


CLIMATE REPORT
NATIONAL WEATHER SERVICE CHARLESTON SC
100 AM EST SAT JAN 20 2018


...................................

...THE SAVANNAH GA CLIMATE SUMMARY FOR JANUARY 19 2018...

CLIMATE NORMAL PERIOD 1981 TO 2010
CLIMATE RECORD PERIOD 1871 TO 2018


WEATHER ITEM   OBSERVED TIME   RECORD YEAR NORMAL DEPARTURE LAST
                VALUE   (LST)  VALUE       VALUE  FROM      YEAR
                                                  NORMAL
..................................................................
TEMPERATURE (F)
 YESTERDAY
  MAXIMUM         62    256 PM  79    2017  60      2       79
                                      1990
                                      1937
  MINIMUM         27    757 AM  16    1977  39    -12       55
  AVERAGE         45                        49     -4       67

PRECIPITATION (IN)
  YESTERDAY        0.00          2.20 1991   0.13  -0.13     0.00
  MONTH TO DATE    0.66                      2.18  -1.52     1.62
  SINCE DEC 1      3.01                      5.13  -2.12     5.91
  SINCE JAN 1      0.66                      2.18  -1.52     1.62

SNOWFALL (IN)
  YESTERDAY        0.0                       0.0    0.0
  SINCE DEC 1      1.2                       0.2    1.0
  SINCE JUL 1      1.2                       0.2    1.0

DEGREE DAYS
 HEATING
  YESTERDAY       20                        16      4        0
  MONTH TO DATE  428                       304    124      137
  SINCE DEC 1    804                       727     77      409
  SINCE JUL 1   1028                       994     34      590

 COOLING
  YESTERDAY        0                         0      0        2
  MONTH TO DATE    3                         0      3       16
  SINCE DEC 1     12                         9      3       26
  SINCE JAN 1      3                         0      3       16
..................................................................


WIND (MPH)
  HIGHEST WIND SPEED    13   HIGHEST WIND DIRECTION    NW (300)
  HIGHEST GUST SPEED    17   HIGHEST GUST DIRECTION     W (270)
  AVERAGE WIND SPEED     4.8


SKY COVER
  POSSIBLE SUNSHINE  MM
  AVERAGE SKY COVER 0.1


WEATHER CONDITIONS
 THE FOLLOWING WEATHER WAS RECORDED YESTERDAY.
  NO SIGNIFICANT WEATHER WAS OBSERVED.


RELATIVE HUMIDITY (PERCENT)
 HIGHEST    75           800 AM
 LOWEST     14           300 PM
 AVERAGE    45

..........................................................


THE SAVANNAH GA CLIMATE NORMALS FOR TODAY
                         NORMAL    RECORD    YEAR
 MAXIMUM TEMPERATURE (F)   60        78      2017
 MINIMUM TEMPERATURE (F)   39        14      1985


SUNRISE AND SUNSET
JANUARY 20 2018.......SUNRISE   725 AM EST   SUNSET   547 PM EST
JANUARY 21 2018.......SUNRISE   724 AM EST   SUNSET   548 PM EST


-  INDICATES NEGATIVE NUMBERS.
R  INDICATES RECORD WAS SET OR TIED.
MM INDICATES DATA IS MISSING.
T  INDICATES TRACE AMOUNT.




$$
