000
CDUS46 KLOX 300908
CLISBA


CLIMATE REPORT
NATIONAL WEATHER SERVICE LOS ANGELES/OXNARD CA
208 AM PDT MON MAY 30 2016


...................................

...THE SANTA BARBARA AIRPORT CA CLIMATE SUMMARY FOR MAY 29 2016...

CLIMATE NORMAL PERIOD 1981 TO 2010
CLIMATE RECORD PERIOD 1940 TO 2016


WEATHER ITEM   OBSERVED TIME   RECORD YEAR NORMAL DEPARTURE LAST
                VALUE   (LST)  VALUE       VALUE  FROM      YEAR
                                                  NORMAL
..................................................................
TEMPERATURE (F)
 YESTERDAY
  MAXIMUM         65    214 PM  83    2013  69     -4       66
  MINIMUM         56    554 AM  41    1953  52      4       56
  AVERAGE         61                        61      0       61

PRECIPITATION (IN)
  YESTERDAY        0.01          0.07 1948   0.01   0.00     0.00
  MONTH TO DATE    0.01                      0.33  -0.32     0.32
  SINCE OCT 1     10.20                     17.27  -7.07     9.32
  SINCE JAN 1      9.32                     11.97  -2.65     3.03

SNOWFALL (IN)
  YESTERDAY        0.0
  MONTH TO DATE    0.0
  SINCE MAR 1      0.0
  SINCE JUL 1      0.0

DEGREE DAYS
 HEATING
  YESTERDAY        4                         4      0        4
  MONTH TO DATE  158                       151      7      169
  SINCE MAR 1    474                       675   -201      433
  SINCE JUL 1   1537                      2276   -739     1258

 COOLING
  YESTERDAY        0                         0      0        0
  MONTH TO DATE    0                         0      0        0
  SINCE MAR 1      8                         7      1       38
  SINCE JAN 1     10                         7      3       38
..................................................................


WIND (MPH)
  HIGHEST WIND SPEED    13   HIGHEST WIND DIRECTION     W (260)
  HIGHEST GUST SPEED    16   HIGHEST GUST DIRECTION     W (250)
  AVERAGE WIND SPEED     5.4


SKY COVER
  POSSIBLE SUNSHINE  MM
  AVERAGE SKY COVER 1.0


WEATHER CONDITIONS
 THE FOLLOWING WEATHER WAS RECORDED YESTERDAY.
  FOG
  HAZE


RELATIVE HUMIDITY (PERCENT)
 HIGHEST   100           500 AM
 LOWEST     72          1100 AM
 AVERAGE    86

..........................................................


THE SANTA BARBARA AIRPORT CA CLIMATE NORMALS FOR TODAY
                         NORMAL    RECORD    YEAR
 MAXIMUM TEMPERATURE (F)   70        82      1943
 MINIMUM TEMPERATURE (F)   52        42      1961


SUNRISE AND SUNSET
MAY 30 2016...........SUNRISE   549 AM PDT   SUNSET   806 PM PDT
MAY 31 2016...........SUNRISE   548 AM PDT   SUNSET   806 PM PDT


-  INDICATES NEGATIVE NUMBERS.
R  INDICATES RECORD WAS SET OR TIED.
MM INDICATES DATA IS MISSING.
T  INDICATES TRACE AMOUNT.




$$
