000
CDUS46 KLOX 230923
CLISBA


CLIMATE REPORT
NATIONAL WEATHER SERVICE LOS ANGELES/OXNARD CA
223 AM PDT SAT AUG 23 2014


...................................

...THE SANTA BARBARA AIRPORT CA CLIMATE SUMMARY FOR AUGUST 22 2014...

CLIMATE NORMAL PERIOD 1981 TO 2010
CLIMATE RECORD PERIOD 1940 TO 2014


WEATHER ITEM   OBSERVED TIME   RECORD YEAR NORMAL DEPARTURE LAST
                VALUE   (LST)  VALUE       VALUE  FROM      YEAR
                                                  NORMAL
..................................................................
TEMPERATURE (F)
 YESTERDAY
  MAXIMUM         72    203 PM 105    1972  75     -3       80
  MINIMUM         61    723 AM  49    1987  57      4       53
  AVERAGE         67                        66      1       67

PRECIPITATION (IN)
  YESTERDAY        0.00          0.01 2000   0.01  -0.01     0.00
  MONTH TO DATE    T                         0.08  -0.08     0.00
  SINCE JUL 1      0.01                      0.11  -0.10     0.07
  SINCE JAN 1      5.21                     12.16  -6.95     3.42

SNOWFALL (IN)
  YESTERDAY        0.0
  MONTH TO DATE    0.0
  SINCE JUN 1      0.0
  SINCE JUL 1      0.0

DEGREE DAYS
 HEATING
  YESTERDAY        0                         1     -1        0
  MONTH TO DATE    0                        22    -22       21
  SINCE JUN 1     52                       139    -87       73
  SINCE JUL 1      0                        49    -49       30

 COOLING
  YESTERDAY        2                         2      0        2
  MONTH TO DATE   65                        44     21        8
  SINCE JUN 1    236                       102    134      100
  SINCE JAN 1    304                       116    188      157
..................................................................


WIND (MPH)
  HIGHEST WIND SPEED    10   HIGHEST WIND DIRECTION     W (250)
  HIGHEST GUST SPEED    21   HIGHEST GUST DIRECTION    SE (120)
  AVERAGE WIND SPEED     3.5


SKY COVER
  POSSIBLE SUNSHINE  MM
  AVERAGE SKY COVER 0.6


WEATHER CONDITIONS
 THE FOLLOWING WEATHER WAS RECORDED YESTERDAY.
  FOG
  FOG W/VISIBILITY <= 1/4 MILE
  HAZE


RELATIVE HUMIDITY (PERCENT)
 HIGHEST    93           100 AM
 LOWEST     68           200 PM
 AVERAGE    81

..........................................................


THE SANTA BARBARA AIRPORT CA CLIMATE NORMALS FOR TODAY
                         NORMAL    RECORD    YEAR
 MAXIMUM TEMPERATURE (F)   75        90      1968
 MINIMUM TEMPERATURE (F)   57        49      2002


SUNRISE AND SUNSET
AUGUST 23 2014........SUNRISE   626 AM PDT   SUNSET   737 PM PDT
AUGUST 24 2014........SUNRISE   627 AM PDT   SUNSET   736 PM PDT


-  INDICATES NEGATIVE NUMBERS.
R  INDICATES RECORD WAS SET OR TIED.
MM INDICATES DATA IS MISSING.
T  INDICATES TRACE AMOUNT.




$$
