000
CDUS46 KLOX 010904
CLISBA


CLIMATE REPORT
NATIONAL WEATHER SERVICE LOS ANGELES/OXNARD CA
203 AM PDT WED OCT 1 2014


...................................

...THE SANTA BARBARA AIRPORT CA CLIMATE SUMMARY FOR SEPTEMBER 30 2014...

CLIMATE NORMAL PERIOD 1981 TO 2010
CLIMATE RECORD PERIOD 1940 TO 2014


WEATHER ITEM   OBSERVED TIME   RECORD YEAR NORMAL DEPARTURE LAST
                VALUE   (LST)  VALUE       VALUE  FROM      YEAR
                                                  NORMAL
..................................................................
TEMPERATURE (F)
 YESTERDAY
  MAXIMUM         78    216 PM  90    1980  73      5       74
  MINIMUM         51    554 AM  42    1950  54     -3       49
  AVERAGE         65                        64      1       62

PRECIPITATION (IN)
  YESTERDAY        0.00          3.01 1983   0.02  -0.02     0.00
  MONTH TO DATE    T                         0.26  -0.26     0.00
  SINCE JUL 1      0.02                      0.41  -0.39     0.07
  SINCE JAN 1      5.22                     12.46  -7.24     3.42

SNOWFALL (IN)
  YESTERDAY        0.0
  MONTH TO DATE    0.0
  SINCE SEP 1      0.0
  SINCE JUL 1      0.0

DEGREE DAYS
 HEATING
  YESTERDAY        0                         2     -2        3
  MONTH TO DATE    1                        41    -40       14
  SINCE SEP 1      1                        44    -43       14
  SINCE JUL 1      1                        95    -94       44

 COOLING
  YESTERDAY        0                         1     -1        0
  MONTH TO DATE  133                        44     89       83
  SINCE SEP 1    133                        44     89       83
  SINCE JAN 1    464                       171    293      281
..................................................................


WIND (MPH)
  HIGHEST WIND SPEED    14   HIGHEST WIND DIRECTION     S (160)
  HIGHEST GUST SPEED    17   HIGHEST GUST DIRECTION    SE (150)
  AVERAGE WIND SPEED     3.9


SKY COVER
  POSSIBLE SUNSHINE  MM
  AVERAGE SKY COVER 0.0


WEATHER CONDITIONS
 THE FOLLOWING WEATHER WAS RECORDED YESTERDAY.
  NO SIGNIFICANT WEATHER WAS OBSERVED.


RELATIVE HUMIDITY (PERCENT)
 HIGHEST    90          1000 PM
 LOWEST     42           100 PM
 AVERAGE    66

..........................................................


THE SANTA BARBARA AIRPORT CA CLIMATE NORMALS FOR TODAY
                         NORMAL    RECORD    YEAR
 MAXIMUM TEMPERATURE (F)   73        92      1965
 MINIMUM TEMPERATURE (F)   54        42      1950


SUNRISE AND SUNSET
OCTOBER  1 2014.......SUNRISE   654 AM PDT   SUNSET   643 PM PDT
OCTOBER  2 2014.......SUNRISE   655 AM PDT   SUNSET   642 PM PDT


-  INDICATES NEGATIVE NUMBERS.
R  INDICATES RECORD WAS SET OR TIED.
MM INDICATES DATA IS MISSING.
T  INDICATES TRACE AMOUNT.




$$
