000
CDUS46 KLOX 100114
CLISBA


CLIMATE REPORT
NATIONAL WEATHER SERVICE LOS ANGELES/OXNARD CA
614 PM PDT WED JUL 9 2014


...................................

...THE SANTA BARBARA AIRPORT CA CLIMATE SUMMARY FOR JULY 9 2014...
VALID TODAY AS OF 0600 PM LOCAL TIME.

CLIMATE NORMAL PERIOD 1981 TO 2010
CLIMATE RECORD PERIOD 1940 TO 2014


WEATHER ITEM   OBSERVED TIME   RECORD YEAR NORMAL DEPARTURE LAST
                VALUE   (LST)  VALUE       VALUE  FROM      YEAR
                                                  NORMAL
..................................................................
TEMPERATURE (F)
 TODAY
  MAXIMUM         74   1225 PM  84    1992  73      1       75
  MINIMUM         65    653 AM  47    1944  58      7       60
  AVERAGE         70                        65      5       68

PRECIPITATION (IN)
  TODAY            0.00          0.91 1950   0.00   0.00     0.00
  MONTH TO DATE    0.00                      0.01  -0.01     0.00
  SINCE JUL 1      0.00                      0.01  -0.01     0.00
  SINCE JAN 1      5.20                     12.06  -6.86     3.35

SNOWFALL (IN)
  TODAY            0.0
  MONTH TO DATE    0.0
  SINCE JUN 1      0.0
  SINCE JUL 1      0.0

DEGREE DAYS
 HEATING
  TODAY            0                         1     -1        0
  MONTH TO DATE    0                         9     -9        0
  SINCE JUN 1     52                        99    -47       43
  SINCE JUL 1      0                         9     -9        0

 COOLING
  TODAY            5                         1      4        3
  MONTH TO DATE   34                         9     25       27
  SINCE JUN 1     56                        23     33       62
  SINCE JAN 1    124                        37     87      119
..................................................................


WIND (MPH)
  HIGHEST WIND SPEED    16   HIGHEST WIND DIRECTION     W (260)
  HIGHEST GUST SPEED    20   HIGHEST GUST DIRECTION     W (250)
  AVERAGE WIND SPEED     7.0


SKY COVER
  POSSIBLE SUNSHINE  MM
  AVERAGE SKY COVER 0.7


WEATHER CONDITIONS
 THE FOLLOWING WEATHER WAS RECORDED TODAY.
  NO SIGNIFICANT WEATHER WAS OBSERVED.


RELATIVE HUMIDITY (PERCENT)
 HIGHEST    87          1200 AM
 LOWEST     64          1200 PM
 AVERAGE    76

..........................................................


THE SANTA BARBARA AIRPORT CA CLIMATE NORMALS FOR TOMORROW
                         NORMAL    RECORD    YEAR
 MAXIMUM TEMPERATURE (F)   73        95      1971
 MINIMUM TEMPERATURE (F)   58        49      2004
                                             1944


SUNRISE AND SUNSET
JULY  9 2014..........SUNRISE   555 AM PDT   SUNSET   814 PM PDT
JULY 10 2014..........SUNRISE   555 AM PDT   SUNSET   814 PM PDT


-  INDICATES NEGATIVE NUMBERS.
R  INDICATES RECORD WAS SET OR TIED.
MM INDICATES DATA IS MISSING.
T  INDICATES TRACE AMOUNT.




$$
