000
CDUS43 KIWX 062021
CLISBN


CLIMATE REPORT
NATIONAL WEATHER SERVICE NORTHERN INDIANA
420 PM EDT FRI MAY 6 2016


...................................

...THE SOUTH BEND CLIMATE SUMMARY FOR MAY 6 2016...
VALID TODAY AS OF 0400 PM LOCAL TIME.

CLIMATE NORMAL PERIOD 1981 TO 2010
CLIMATE RECORD PERIOD 1893 TO 2016


WEATHER ITEM   OBSERVED TIME   RECORD YEAR NORMAL DEPARTURE LAST
                VALUE   (LST)  VALUE       VALUE  FROM      YEAR
                                                  NORMAL
..................................................................
TEMPERATURE (F)
 TODAY
  MAXIMUM         73    259 PM  88    1959  67      6       82
                                      1949
                                      1934
  MINIMUM         34    519 AM  24    1968  45    -11       55
  AVERAGE         54                        56     -2       69

PRECIPITATION (IN)
  TODAY            0.00          2.94 1976   0.12  -0.12     0.00
  MONTH TO DATE    0.95                      0.70   0.25     1.04
  SINCE MAR 1      9.79                      6.35   3.44     4.22
  SINCE JAN 1     13.57                     10.59   2.98     8.12

DEGREE DAYS
 HEATING
  TODAY           11                        10      1        0
  MONTH TO DATE   88                        62     26       20
  SINCE MAR 1   1302                      1404   -102     1395
  SINCE JUL 1   5432                      6093   -661     6492

 COOLING
  TODAY            0                         1     -1        4
  MONTH TO DATE    0                         4     -4        8
  SINCE MAR 1      4                        14    -10       10
  SINCE JAN 1      4                        14    -10       10
..................................................................


WIND (MPH)
  HIGHEST WIND SPEED    12   HIGHEST WIND DIRECTION     W (270)
  HIGHEST GUST SPEED    15   HIGHEST GUST DIRECTION     W (270)
  AVERAGE WIND SPEED     3.2


SKY COVER
  POSSIBLE SUNSHINE  MM
  AVERAGE SKY COVER 0.0


WEATHER CONDITIONS
 THE FOLLOWING WEATHER WAS RECORDED TODAY.
  NO SIGNIFICANT WEATHER WAS OBSERVED.


RELATIVE HUMIDITY (PERCENT)
 HIGHEST    92          1200 AM
 LOWEST     31           200 PM
 AVERAGE    62

..........................................................


THE SOUTH BEND CLIMATE NORMALS FOR TOMORROW
                         NORMAL    RECORD    YEAR
 MAXIMUM TEMPERATURE (F)   67        87      1926
 MINIMUM TEMPERATURE (F)   46        28      1989


SUNRISE AND SUNSET
MAY  6 2016...........SUNRISE   635 AM EDT   SUNSET   849 PM EDT
MAY  7 2016...........SUNRISE   634 AM EDT   SUNSET   850 PM EDT


-  INDICATES NEGATIVE NUMBERS.
R  INDICATES RECORD WAS SET OR TIED.
MM INDICATES DATA IS MISSING.
T  INDICATES TRACE AMOUNT.




$$
