000
CDUS43 KIWX 240527
CLISBN


CLIMATE REPORT
NATIONAL WEATHER SERVICE NORTHERN INDIANA
127 AM EDT THU APR 24 2014


...................................

...THE SOUTH BEND CLIMATE SUMMARY FOR APRIL 23 2014...

CLIMATE NORMAL PERIOD 1981 TO 2010
CLIMATE RECORD PERIOD 1893 TO 2014


WEATHER ITEM   OBSERVED TIME   RECORD YEAR NORMAL DEPARTURE LAST
                VALUE   (LST)  VALUE       VALUE  FROM      YEAR
                                                  NORMAL
..................................................................
TEMPERATURE (F)
 YESTERDAY
  MAXIMUM         55    450 PM  86    1960  63     -8       66
                                      1925
  MINIMUM         32    617 AM  20    1936  41     -9       39
  AVERAGE         44                        52     -8       53

PRECIPITATION (IN)
  YESTERDAY        0.00          1.07 1966   0.11  -0.11     0.55
  MONTH TO DATE    1.89                      2.44  -0.55     5.13
  SINCE MAR 1      3.58                      4.86  -1.28     6.39
  SINCE JAN 1      9.52                      9.10   0.42    13.88

DEGREE DAYS
 HEATING
  YESTERDAY       21                        14      7       12
  MONTH TO DATE  389                       403    -14      450
  SINCE MAR 1   1465                      1258    207     1464
  SINCE JUL 1   6648                      5947    701     5861

 COOLING
  YESTERDAY        0                         0      0        0
  MONTH TO DATE    2                         0      2        0
  SINCE MAR 1      2                         1      1        0
  SINCE JAN 1      2                         1      1        0
..................................................................


WIND (MPH)
  HIGHEST WIND SPEED    16   HIGHEST WIND DIRECTION     W (290)
  HIGHEST GUST SPEED    19   HIGHEST GUST DIRECTION    NW (300)
  AVERAGE WIND SPEED     8.3


SKY COVER
  AVERAGE SKY COVER 0.1


WEATHER CONDITIONS
 THE FOLLOWING WEATHER WAS RECORDED YESTERDAY.
  NO SIGNIFICANT WEATHER WAS OBSERVED.


RELATIVE HUMIDITY (PERCENT)
 HIGHEST    75           400 AM
 LOWEST     41           100 PM
 AVERAGE    58

..........................................................


THE SOUTH BEND CLIMATE NORMALS FOR TODAY
                         NORMAL    RECORD    YEAR
 MAXIMUM TEMPERATURE (F)   63        85      2009
                                             1994
                                             1990
 MINIMUM TEMPERATURE (F)   42        25      1930


SUNRISE AND SUNSET
APRIL 24 2014.........SUNRISE   652 AM EDT   SUNSET   836 PM EDT
APRIL 25 2014.........SUNRISE   650 AM EDT   SUNSET   837 PM EDT


-  INDICATES NEGATIVE NUMBERS.
R  INDICATES RECORD WAS SET OR TIED.
MM INDICATES DATA IS MISSING.
T  INDICATES TRACE AMOUNT.




$$
