000
CDUS41 KAKQ 250545
CLISBY


CLIMATE REPORT
NATIONAL WEATHER SERVICE WAKEFIELD, VA
145 AM EDT TUE APR 25 2017


...................................

...THE SALISBURY MD CLIMATE SUMMARY FOR APRIL 24 2017...

CLIMATE NORMAL PERIOD 1981 TO 2010
CLIMATE RECORD PERIOD 1900 TO 2017


WEATHER ITEM   OBSERVED TIME   RECORD YEAR NORMAL DEPARTURE LAST
                VALUE   (LST)  VALUE       VALUE  FROM      YEAR
                                                  NORMAL
..................................................................
TEMPERATURE (F)
 YESTERDAY
  MAXIMUM         57    933 AM  91    1960  68    -11       68
  MINIMUM         49    518 AM  27    2003  45      4       44
  AVERAGE         53                        56     -3       56

PRECIPITATION (IN)
  YESTERDAY        0.29          1.15 1995   0.11   0.18     0.00
  MONTH TO DATE    1.26                      2.94  -1.68     3.17
  SINCE MAR 1      5.89                      7.36  -1.47     4.95
  SINCE JAN 1     10.69                     14.32  -3.63    11.80

SNOWFALL (IN)
  YESTERDAY       MM             T    1930   0.0   MM
                                      1956
  MONTH TO DATE    0.0                       0.2   -0.2
  SINCE NOV 1      9.6                       9.3    0.3
  SINCE JUL 1      9.6                       9.3    0.3
  SNOW DEPTH       0

DEGREE DAYS
 HEATING
  YESTERDAY       12                         9      3        9
  MONTH TO DATE  169                       296   -127      307
  SINCE MAR 1    793                       926   -133      751
  SINCE JUL 1   3544                      4231   -687     3422

 COOLING
  YESTERDAY        0                         1     -1        0
  MONTH TO DATE   28                        11     17       13
  SINCE MAR 1     30                        13     17       16
  SINCE JAN 1     30                        13     17       16
..................................................................


WIND (MPH)
  HIGHEST WIND SPEED    22   HIGHEST WIND DIRECTION    NE (60)
  HIGHEST GUST SPEED    27   HIGHEST GUST DIRECTION    NE (50)
  AVERAGE WIND SPEED    14.0


SKY COVER
  POSSIBLE SUNSHINE  MM
  AVERAGE SKY COVER 1.0


WEATHER CONDITIONS
 THE FOLLOWING WEATHER WAS RECORDED YESTERDAY.
  HEAVY RAIN
  LIGHT RAIN
  FOG


RELATIVE HUMIDITY (PERCENT)
 HIGHEST   100          1100 AM
 LOWEST     86           900 AM
 AVERAGE    93

..........................................................


THE SALISBURY MD CLIMATE NORMALS FOR TODAY
                         NORMAL    RECORD    YEAR
 MAXIMUM TEMPERATURE (F)   68        91      1960
 MINIMUM TEMPERATURE (F)   46        27      1956


SUNRISE AND SUNSET
APRIL 25 2017.........SUNRISE   612 AM EDT   SUNSET   748 PM EDT
APRIL 26 2017.........SUNRISE   611 AM EDT   SUNSET   749 PM EDT


-  INDICATES NEGATIVE NUMBERS.
R  INDICATES RECORD WAS SET OR TIED.
MM INDICATES DATA IS MISSING.
T  INDICATES TRACE AMOUNT.




$$
