000
CDUS41 KAKQ 270945
CLISBY


CLIMATE REPORT
NATIONAL WEATHER SERVICE WAKEFIELD, VA
445 AM EST SAT DEC 27 2014


...................................

...THE SALISBURY MD CLIMATE SUMMARY FOR DECEMBER 26 2014...

CLIMATE NORMAL PERIOD 1981 TO 2010
CLIMATE RECORD PERIOD 1900 TO 2014


WEATHER ITEM   OBSERVED TIME   RECORD YEAR NORMAL DEPARTURE LAST
                VALUE   (LST)  VALUE       VALUE  FROM      YEAR
                                                  NORMAL
..................................................................
TEMPERATURE (F)
 YESTERDAY
  MAXIMUM         54    324 PM  70    1964  46      8       47
  MINIMUM         30    749 AM   0    1980  28      2       22
  AVERAGE         42                        37      5       35

PRECIPITATION (IN)
  YESTERDAY        0.00          1.75 2012   0.11  -0.11     0.00
  MONTH TO DATE    2.05                      3.19  -1.14     2.46
  SINCE DEC 1      2.05                      3.19  -1.14     2.46
  SINCE JAN 1     30.26                     45.16 -14.90    48.07

SNOWFALL (IN)
  YESTERDAY        0.0           4.0  1947   0.1   -0.1
  MONTH TO DATE    T                         1.4   -1.4
  SINCE NOV 1      T                         1.6   -1.6
  SINCE JUL 1      T                         1.6   -1.6
  SNOW DEPTH       0

DEGREE DAYS
 HEATING
  YESTERDAY       23                        28     -5       30
  MONTH TO DATE  533                       661   -128      563
  SINCE DEC 1    533                       661   -128      563
  SINCE JUL 1   1205                      1479   -274     1268

 COOLING
  YESTERDAY        0                         0      0        0
  MONTH TO DATE    0                         0      0        5
  SINCE DEC 1      0                         0      0        5
  SINCE JAN 1   1379                      1153    226     1633
..................................................................


WIND (MPH)
  HIGHEST WIND SPEED    12   HIGHEST WIND DIRECTION     W (260)
  HIGHEST GUST SPEED    14   HIGHEST GUST DIRECTION     W (260)
  AVERAGE WIND SPEED     2.8


SKY COVER
  POSSIBLE SUNSHINE  MM
  AVERAGE SKY COVER 0.0


WEATHER CONDITIONS
 THE FOLLOWING WEATHER WAS RECORDED YESTERDAY.
  NO SIGNIFICANT WEATHER WAS OBSERVED.


RELATIVE HUMIDITY (PERCENT)
 HIGHEST    85           300 AM
 LOWEST     45           300 PM
 AVERAGE    65

..........................................................


THE SALISBURY MD CLIMATE NORMALS FOR TODAY
                         NORMAL    RECORD    YEAR
 MAXIMUM TEMPERATURE (F)   45        68      1971
 MINIMUM TEMPERATURE (F)   28         8      1948


SUNRISE AND SUNSET
DECEMBER 27 2014......SUNRISE   718 AM EST   SUNSET   449 PM EST
DECEMBER 28 2014......SUNRISE   718 AM EST   SUNSET   449 PM EST


-  INDICATES NEGATIVE NUMBERS.
R  INDICATES RECORD WAS SET OR TIED.
MM INDICATES DATA IS MISSING.
T  INDICATES TRACE AMOUNT.




$$
