000
CDUS41 KAKQ 270545
CLISBY


CLIMATE REPORT
NATIONAL WEATHER SERVICE WAKEFIELD, VA
145 AM EDT MON MAR 27 2017


...................................

...THE SALISBURY MD CLIMATE SUMMARY FOR MARCH 26 2017...

CLIMATE NORMAL PERIOD 1981 TO 2010
CLIMATE RECORD PERIOD 1900 TO 2017


WEATHER ITEM   OBSERVED TIME   RECORD YEAR NORMAL DEPARTURE LAST
                VALUE   (LST)  VALUE       VALUE  FROM      YEAR
                                                  NORMAL
..................................................................
TEMPERATURE (F)
 YESTERDAY
  MAXIMUM         51    142 PM  84    1921  58     -7       59
  MINIMUM         45    836 PM  20    1974  37      8       44
  AVERAGE         48                        48      0       52

PRECIPITATION (IN)
  YESTERDAY        0.00          2.24 1988   0.15  -0.15      T
  MONTH TO DATE    3.61                      3.68  -0.07     1.64
  SINCE MAR 1      3.61                      3.68  -0.07     1.64
  SINCE JAN 1      8.41                     10.64  -2.23     8.49

SNOWFALL (IN)
  YESTERDAY        0.0           4.5  1926   0.1   -0.1
  MONTH TO DATE    T                         0.8   -0.8
  SINCE NOV 1      9.6                       9.1    0.5
  SINCE JUL 1      9.6                       9.1    0.5
  SNOW DEPTH       0

DEGREE DAYS
 HEATING
  YESTERDAY       17                        17      0       13
  MONTH TO DATE  579                       548     31      386
  SINCE MAR 1    579                       548     31      386
  SINCE JUL 1   3330                      3853   -523     3057

 COOLING
  YESTERDAY        0                         0      0        0
  MONTH TO DATE    2                         0      2        3
  SINCE MAR 1      2                         0      2        3
  SINCE JAN 1      2                         0      2        3
..................................................................


WIND (MPH)
  HIGHEST WIND SPEED    18   HIGHEST WIND DIRECTION     E (70)
  HIGHEST GUST SPEED    22   HIGHEST GUST DIRECTION    NE (60)
  AVERAGE WIND SPEED    11.1


SKY COVER
  POSSIBLE SUNSHINE  MM
  AVERAGE SKY COVER 1.0


WEATHER CONDITIONS
 THE FOLLOWING WEATHER WAS RECORDED YESTERDAY.
  FOG
  FOG W/VISIBILITY <= 1/4 MILE


RELATIVE HUMIDITY (PERCENT)
 HIGHEST   100           400 AM
 LOWEST     86          1100 AM
 AVERAGE    93

..........................................................


THE SALISBURY MD CLIMATE NORMALS FOR TODAY
                         NORMAL    RECORD    YEAR
 MAXIMUM TEMPERATURE (F)   59        85      1921
 MINIMUM TEMPERATURE (F)   38        20      2014
                                             1951


SUNRISE AND SUNSET
MARCH 27 2017.........SUNRISE   654 AM EDT   SUNSET   721 PM EDT
MARCH 28 2017.........SUNRISE   653 AM EDT   SUNSET   722 PM EDT


-  INDICATES NEGATIVE NUMBERS.
R  INDICATES RECORD WAS SET OR TIED.
MM INDICATES DATA IS MISSING.
T  INDICATES TRACE AMOUNT.




$$
