000
CDUS41 KAKQ 250533
CLISBY


CLIMATE REPORT
NATIONAL WEATHER SERVICE WAKEFIELD, VA
133 AM EDT MON SEP 25 2017


...................................

...THE SALISBURY MD CLIMATE SUMMARY FOR SEPTEMBER 24 2017...

CLIMATE NORMAL PERIOD 1981 TO 2010
CLIMATE RECORD PERIOD 1900 TO 2017


WEATHER ITEM   OBSERVED TIME   RECORD YEAR NORMAL DEPARTURE LAST
                VALUE   (LST)  VALUE       VALUE  FROM      YEAR
                                                  NORMAL
..................................................................
TEMPERATURE (F)
 YESTERDAY
  MAXIMUM         88    215 PM  95    2010  76     12       74
  MINIMUM         61    619 AM  39    1974  55      6       58
                                      1963
  AVERAGE         75                        65     10       66

PRECIPITATION (IN)
  YESTERDAY        0.00          1.76 1965   0.13  -0.13      T
  MONTH TO DATE    1.94                      3.17  -1.23     3.38
  SINCE SEP 1      1.94                      3.17  -1.23     3.38
  SINCE JAN 1     44.00                     34.24   9.76    37.44

SNOWFALL (IN)
  YESTERDAY        0.0           0.0  2002   0.0    0.0
                                      2001
  MONTH TO DATE    0.0                       0.0    0.0
  SINCE NOV 1      9.6                       9.3    0.3
  SINCE JUL 1      0.0                       0.0    0.0
  SNOW DEPTH       0

DEGREE DAYS
 HEATING
  YESTERDAY        0                         3     -3        0
  MONTH TO DATE    5                        24    -19        0
  SINCE SEP 1      5                        24    -19        0
  SINCE JUL 1      5                        26    -21        0

 COOLING
  YESTERDAY       10                         3      7        1
  MONTH TO DATE  137                       129      8      212
  SINCE SEP 1    137                       129      8      212
  SINCE JAN 1   1304                      1112    192     1401
..................................................................


WIND (MPH)
  HIGHEST WIND SPEED    13   HIGHEST WIND DIRECTION    NE (60)
  HIGHEST GUST SPEED    17   HIGHEST GUST DIRECTION     E (80)
  AVERAGE WIND SPEED     3.0


SKY COVER
  POSSIBLE SUNSHINE  MM
  AVERAGE SKY COVER 0.1


WEATHER CONDITIONS
 THE FOLLOWING WEATHER WAS RECORDED YESTERDAY.
  FOG
  FOG W/VISIBILITY <= 1/4 MILE


RELATIVE HUMIDITY (PERCENT)
 HIGHEST   100          1200 AM
 LOWEST     40           200 PM
 AVERAGE    70

..........................................................


THE SALISBURY MD CLIMATE NORMALS FOR TODAY
                         NORMAL    RECORD    YEAR
 MAXIMUM TEMPERATURE (F)   75        93      1933
                                             1930
 MINIMUM TEMPERATURE (F)   54        37      1963


SUNRISE AND SUNSET
SEPTEMBER 25 2017.....SUNRISE   653 AM EDT   SUNSET   654 PM EDT
SEPTEMBER 26 2017.....SUNRISE   653 AM EDT   SUNSET   652 PM EDT


-  INDICATES NEGATIVE NUMBERS.
R  INDICATES RECORD WAS SET OR TIED.
MM INDICATES DATA IS MISSING.
T  INDICATES TRACE AMOUNT.




$$
