000
CDUS41 KAKQ 010631
CLISBY


CLIMATE REPORT
NATIONAL WEATHER SERVICE WAKEFIELD, VA
130 AM EST SUN MAR 1 2015


...................................

...THE SALISBURY MD CLIMATE SUMMARY FOR FEBRUARY 28 2015...

CLIMATE NORMAL PERIOD 1981 TO 2010
CLIMATE RECORD PERIOD 1900 TO 2015


WEATHER ITEM   OBSERVED TIME   RECORD YEAR NORMAL DEPARTURE LAST
                VALUE   (LST)  VALUE       VALUE  FROM      YEAR
                                                  NORMAL
..................................................................
TEMPERATURE (F)
 YESTERDAY
  MAXIMUM         33    452 PM  76    1948  50    -17       32
  MINIMUM         17   1159 PM  13    1950  30    -13       14
  AVERAGE         25                        40    -15       23

PRECIPITATION (IN)
  YESTERDAY        0.00          1.15 1929   0.12  -0.12     0.00
  MONTH TO DATE    3.16                      3.35  -0.19     3.89
  SINCE DEC 1     11.73                     10.67   1.06    10.40
  SINCE JAN 1      7.72                      6.96   0.76     7.22

SNOWFALL (IN)
  YESTERDAY        0.0          10.0  1941   0.1   -0.1
  MONTH TO DATE   10.5                       3.3    7.2
  SINCE NOV 1     10.5                       8.3    2.2
  SINCE JUL 1     10.5                       8.3    2.2
  SNOW DEPTH       0

DEGREE DAYS
 HEATING
  YESTERDAY       40                        25     15       42
  MONTH TO DATE 1009                       765    244      755
  SINCE DEC 1   2541                      2487     54     2435
  SINCE JUL 1   3213                      3305    -92     3140

 COOLING
  YESTERDAY        0                         0      0        0
  MONTH TO DATE    0                         0      0        0
  SINCE DEC 1      0                         0      0        5
  SINCE JAN 1      0                         0      0        0
..................................................................


WIND (MPH)
  HIGHEST WIND SPEED    13   HIGHEST WIND DIRECTION    NE (40)
  HIGHEST GUST SPEED    16   HIGHEST GUST DIRECTION    NE (30)
  AVERAGE WIND SPEED     3.5


SKY COVER
  POSSIBLE SUNSHINE  MM
  AVERAGE SKY COVER 0.0


WEATHER CONDITIONS
 THE FOLLOWING WEATHER WAS RECORDED YESTERDAY.
  HAZE


RELATIVE HUMIDITY (PERCENT)
 HIGHEST    80           100 AM
 LOWEST     33           300 PM
 AVERAGE    57

..........................................................


THE SALISBURY MD CLIMATE NORMALS FOR TODAY
                         NORMAL    RECORD    YEAR
 MAXIMUM TEMPERATURE (F)   50        80      1976
 MINIMUM TEMPERATURE (F)   31        13      1980


SUNRISE AND SUNSET
MARCH  1 2015.........SUNRISE   634 AM EST   SUNSET   555 PM EST
MARCH  2 2015.........SUNRISE   633 AM EST   SUNSET   556 PM EST


-  INDICATES NEGATIVE NUMBERS.
R  INDICATES RECORD WAS SET OR TIED.
MM INDICATES DATA IS MISSING.
T  INDICATES TRACE AMOUNT.




$$
