000
CDUS46 KSTO 210841
CLISCK


CLIMATE REPORT
NATIONAL WEATHER SERVICE SACRAMENTO, CA
1240 AM PST SAT JAN 21 2017


...................................

...THE STOCKTON AIRPORT CA CLIMATE SUMMARY FOR JANUARY 20 2017...

CLIMATE NORMAL PERIOD 1981 TO 2010
CLIMATE RECORD PERIOD 1948 TO 2017


WEATHER ITEM   OBSERVED TIME   RECORD YEAR NORMAL DEPARTURE LAST
                VALUE   (LST)  VALUE       VALUE  FROM      YEAR
                                                  NORMAL
..................................................................
TEMPERATURE (F)
 YESTERDAY
  MAXIMUM         54    118 PM  68    2009  54      0       65
  MINIMUM         45   1114 PM  26    1963  38      7       43
  AVERAGE         50

PRECIPITATION (IN)
  YESTERDAY        0.68          1.02 1964   0.08   0.60     0.00
  MONTH TO DATE    5.65                      1.74   3.91     4.08
  SINCE OCT 1     11.81                      6.47   5.34     8.65
  SINCE JAN 1      5.65                      1.74   3.91     4.08

SNOWFALL (IN)
  YESTERDAY       MM             0.0  2002
  MONTH TO DATE    0.0
  SINCE DEC 1      0.0
  SINCE JUL 1      0.0
  SNOW DEPTH       0

DEGREE DAYS
 HEATING
  YESTERDAY       15                        19     -4       11
  MONTH TO DATE  354                       395    -41      319
  SINCE DEC 1    925                       998    -73      871
  SINCE JUL 1   1194                      1455   -261     1276

 COOLING
  YESTERDAY        0                         0      0        0
  MONTH TO DATE    0                         0      0        0
  SINCE DEC 1      0                         0      0        0
  SINCE JAN 1      0                         0      0        0
..................................................................


WIND (MPH)
  RESULTANT WIND SPEED  12   RESULTANT WIND DIRECTION   S (160)
  HIGHEST WIND SPEED    35   HIGHEST WIND DIRECTION    SE (150)
  HIGHEST GUST SPEED    44   HIGHEST GUST DIRECTION    SE (140)


SKY COVER
  POSSIBLE SUNSHINE  MM
  AVERAGE SKY COVER 0.6


WEATHER CONDITIONS
 THE FOLLOWING WEATHER WAS RECORDED YESTERDAY.
  RAIN
  LIGHT RAIN
  FOG


RELATIVE HUMIDITY (PERCENT)
 HIGHEST   100           800 AM
 LOWEST     77           100 PM
 AVERAGE    89

..........................................................


THE STOCKTON AIRPORT CA CLIMATE NORMALS FOR TODAY
                         NORMAL    RECORD    YEAR
 MAXIMUM TEMPERATURE (F)   55        70      1950
 MINIMUM TEMPERATURE (F)   38        22      1963


SUNRISE AND SUNSET
JANUARY 21 2017.......SUNRISE   717 AM PST   SUNSET   517 PM PST
JANUARY 22 2017.......SUNRISE   716 AM PST   SUNSET   518 PM PST


-  INDICATES NEGATIVE NUMBERS.
R  INDICATES RECORD WAS SET OR TIED.
MM INDICATES DATA IS MISSING.
T  INDICATES TRACE AMOUNT.




$$
