000
CDUS46 KSTO 180041
CLISCK


CLIMATE REPORT
NATIONAL WEATHER SERVICE SACRAMENTO, CA
441 PM PST WED JAN 17 2018


...................................

...THE STOCKTON AIRPORT CA CLIMATE SUMMARY FOR JANUARY 17 2018...
VALID TODAY AS OF 0400 PM LOCAL TIME.

CLIMATE NORMAL PERIOD 1981 TO 2010
CLIMATE RECORD PERIOD 1948 TO 2018


WEATHER ITEM   OBSERVED TIME   RECORD YEAR NORMAL DEPARTURE LAST
                VALUE   (LST)  VALUE       VALUE  FROM      YEAR
                                                  NORMAL
..................................................................
TEMPERATURE (F)
 TODAY
  MAXIMUM         56    327 PM  68    2009  54      2       48
                                      1986
  MINIMUM         52    911 AM  22    2012  38     14       30
  AVERAGE         54

PRECIPITATION (IN)
  TODAY            0.00          0.81 1993   0.09  -0.09     0.00
  MONTH TO DATE    2.56                      1.49   1.07     3.98
  SINCE OCT 1      3.52                      6.22  -2.70    10.14
  SINCE JAN 1      2.56                      1.49   1.07     3.98

SNOWFALL (IN)
  TODAY            0.0          MM      MM
  MONTH TO DATE    0.0
  SINCE DEC 1      0.0
  SINCE JUL 1      0.0

DEGREE DAYS
 HEATING
  TODAY           11                        19     -8       26
  MONTH TO DATE  204                       338   -134      306
  SINCE DEC 1    735                       941   -206      877
  SINCE JUL 1   1039                      1398   -359     1146

 COOLING
  TODAY            0                         0      0        0
  MONTH TO DATE    0                         0      0        0
  SINCE DEC 1      0                         0      0        0
  SINCE JAN 1      0                         0      0        0
..................................................................


WIND (MPH)
  RESULTANT WIND SPEED   3   RESULTANT WIND DIRECTION   E (110)
  HIGHEST WIND SPEED     9   HIGHEST WIND DIRECTION    SE (130)
  HIGHEST GUST SPEED    12   HIGHEST GUST DIRECTION    SE (140)


SKY COVER
  POSSIBLE SUNSHINE  MM
  AVERAGE SKY COVER 1.0


WEATHER CONDITIONS
 THE FOLLOWING WEATHER WAS RECORDED TODAY.
  FOG


RELATIVE HUMIDITY (PERCENT)
 HIGHEST   100          1200 AM
 LOWEST     86           100 PM
 AVERAGE    93

..........................................................


THE STOCKTON AIRPORT CA CLIMATE NORMALS FOR TOMORROW
                         NORMAL    RECORD    YEAR
 MAXIMUM TEMPERATURE (F)   54        69      2009
 MINIMUM TEMPERATURE (F)   38        25      2012
                                             1963


SUNRISE AND SUNSET
JANUARY 17 2018.......SUNRISE   719 AM PST   SUNSET   512 PM PST
JANUARY 18 2018.......SUNRISE   718 AM PST   SUNSET   513 PM PST


-  INDICATES NEGATIVE NUMBERS.
R  INDICATES RECORD WAS SET OR TIED.
MM INDICATES DATA IS MISSING.
T  INDICATES TRACE AMOUNT.




$$
