000
CDUS46 KSTO 220840
CLISCK


CLIMATE REPORT
NATIONAL WEATHER SERVICE SACRAMENTO, CA
139 AM PDT SUN OCT 22 2017


...................................

...THE STOCKTON AIRPORT CA CLIMATE SUMMARY FOR OCTOBER 21 2017...

CLIMATE NORMAL PERIOD 1981 TO 2010
CLIMATE RECORD PERIOD 1948 TO 2017


WEATHER ITEM   OBSERVED TIME   RECORD YEAR NORMAL DEPARTURE LAST
                VALUE   (LST)  VALUE       VALUE  FROM      YEAR
                                                  NORMAL
..................................................................
TEMPERATURE (F)
 YESTERDAY
  MAXIMUM         73    209 PM  90    2003  76     -3       83
                                      1991
  MINIMUM         43    531 AM  36    1949  48     -5       47
  AVERAGE         58

PRECIPITATION (IN)
  YESTERDAY        0.00          1.25 1985   0.03  -0.03     0.00
  MONTH TO DATE    0.12                      0.43  -0.31     1.02
  SINCE OCT 1      0.12                      0.43  -0.31     1.02
  SINCE JAN 1     15.75                      9.76   5.99    13.14

SNOWFALL (IN)
  YESTERDAY        0.0           0.0  2002
                                      2001
  MONTH TO DATE    0.0
  SINCE SEP 1      0.0
  SINCE JUL 1      0.0
  SNOW DEPTH       0

DEGREE DAYS
 HEATING
  YESTERDAY        7                         4      3        0
  MONTH TO DATE   33                        40     -7       33
  SINCE SEP 1     36                        46    -10       37
  SINCE JUL 1     36                        46    -10       37

 COOLING
  YESTERDAY        0                         1     -1        0
  MONTH TO DATE   22                        50    -28       22
  SINCE SEP 1    337                       272     65      246
  SINCE JAN 1   1768                      1316    452     1444
..................................................................


WIND (MPH)
  RESULTANT WIND SPEED   8   RESULTANT WIND DIRECTION  NW (300)
  HIGHEST WIND SPEED    18   HIGHEST WIND DIRECTION    NW (310)
  HIGHEST GUST SPEED    22   HIGHEST GUST DIRECTION    NW (310)


SKY COVER
  POSSIBLE SUNSHINE  MM
  AVERAGE SKY COVER 0.0


WEATHER CONDITIONS
 THE FOLLOWING WEATHER WAS RECORDED YESTERDAY.
  NO SIGNIFICANT WEATHER WAS OBSERVED.


RELATIVE HUMIDITY (PERCENT)
 HIGHEST   100           700 AM
 LOWEST     31           300 PM
 AVERAGE    66

..........................................................


THE STOCKTON AIRPORT CA CLIMATE NORMALS FOR TODAY
                         NORMAL    RECORD    YEAR
 MAXIMUM TEMPERATURE (F)   75        88      1964
 MINIMUM TEMPERATURE (F)   48        36      1949


SUNRISE AND SUNSET
OCTOBER 22 2017.......SUNRISE   721 AM PDT   SUNSET   618 PM PDT
OCTOBER 23 2017.......SUNRISE   722 AM PDT   SUNSET   616 PM PDT


-  INDICATES NEGATIVE NUMBERS.
R  INDICATES RECORD WAS SET OR TIED.
MM INDICATES DATA IS MISSING.
T  INDICATES TRACE AMOUNT.




$$
