008
CDUS46 KSTO 240036
CLISCK


CLIMATE REPORT
NATIONAL WEATHER SERVICE SACRAMENTO, CA
536 PM PDT MON MAY 23 2016


...................................

...THE STOCKTON AIRPORT CA CLIMATE SUMMARY FOR MAY 23 2016...
VALID TODAY AS OF 0500 PM LOCAL TIME.

CLIMATE NORMAL PERIOD 1981 TO 2010
CLIMATE RECORD PERIOD 1948 TO 2016


WEATHER ITEM   OBSERVED TIME   RECORD YEAR NORMAL DEPARTURE LAST
                VALUE   (LST)  VALUE       VALUE  FROM      YEAR
                                                  NORMAL
..................................................................
TEMPERATURE (F)
 TODAY
  MAXIMUM         77    309 PM 102    1982  83     -6       78
  MINIMUM         50    522 AM  44    1960  53     -3       55
  AVERAGE         64

PRECIPITATION (IN)
  TODAY            0.00          0.36 1990   0.02  -0.02     0.00
  MONTH TO DATE    0.35                      0.43  -0.08     0.01
  SINCE OCT 1     16.69                     13.58   3.11    10.61
  SINCE JAN 1     12.12                      8.85   3.27     2.77

SNOWFALL (IN)
  TODAY            0.0          MM      MM
  MONTH TO DATE    0.0
  SINCE MAR 1      0.0
  SINCE JUL 1      0.0

DEGREE DAYS
 HEATING
  TODAY            1                         1      0        0
  MONTH TO DATE   35                        51    -16       42
  SINCE MAR 1    346                       565   -219      274
  SINCE JUL 1   2064                      2627   -563     1713

 COOLING
  TODAY            0                         4     -4        2
  MONTH TO DATE   63                        65     -2       21
  SINCE MAR 1     89                        82      7       70
  SINCE JAN 1     89                        82      7       70
..................................................................


WIND (MPH)
  RESULTANT WIND SPEED   7   RESULTANT WIND DIRECTION   W (290)
  HIGHEST WIND SPEED    18   HIGHEST WIND DIRECTION     W (290)
  HIGHEST GUST SPEED    24   HIGHEST GUST DIRECTION     W (290)


SKY COVER
  POSSIBLE SUNSHINE  MM
  AVERAGE SKY COVER 0.0


WEATHER CONDITIONS
 THE FOLLOWING WEATHER WAS RECORDED TODAY.
  NO SIGNIFICANT WEATHER WAS OBSERVED.


RELATIVE HUMIDITY (PERCENT)
 HIGHEST    86           400 AM
 LOWEST     24           200 PM
 AVERAGE    55

..........................................................


THE STOCKTON AIRPORT CA CLIMATE NORMALS FOR TOMORROW
                         NORMAL    RECORD    YEAR
 MAXIMUM TEMPERATURE (F)   83       104      1982
 MINIMUM TEMPERATURE (F)   53        41      1953


SUNRISE AND SUNSET
MAY 23 2016...........SUNRISE   549 AM PDT   SUNSET   815 PM PDT
MAY 24 2016...........SUNRISE   548 AM PDT   SUNSET   816 PM PDT


-  INDICATES NEGATIVE NUMBERS.
R  INDICATES RECORD WAS SET OR TIED.
MM INDICATES DATA IS MISSING.
T  INDICATES TRACE AMOUNT.




$$
