000
CDUS46 KSTO 010039
CLISCK


CLIMATE REPORT
NATIONAL WEATHER SERVICE SACRAMENTO, CA
538 PM PDT SAT APR 30 2016


...................................

...THE STOCKTON AIRPORT CA CLIMATE SUMMARY FOR APRIL 30 2016...
VALID TODAY AS OF 0500 PM LOCAL TIME.

CLIMATE NORMAL PERIOD 1981 TO 2010
CLIMATE RECORD PERIOD 1948 TO 2016


WEATHER ITEM   OBSERVED TIME   RECORD YEAR NORMAL DEPARTURE LAST
                VALUE   (LST)  VALUE       VALUE  FROM      YEAR
                                                  NORMAL
..................................................................
TEMPERATURE (F)
 TODAY
  MAXIMUM         83    359 PM 100    1981  77      6       91
  MINIMUM         53    243 AM  37    1967  49      4       53
  AVERAGE         68

PRECIPITATION (IN)
  TODAY            0.00          0.44 1977   0.02  -0.02     0.00
  MONTH TO DATE    2.83                      0.98   1.85     1.13
  SINCE OCT 1     16.34                     13.15   3.19    10.60
  SINCE JAN 1     11.77                      8.42   3.35     2.76

SNOWFALL (IN)
  TODAY            0.0          MM      MM
  MONTH TO DATE    0.0
  SINCE MAR 1      0.0
  SINCE JUL 1      0.0

DEGREE DAYS
 HEATING
  TODAY            0                         4     -4        0
  MONTH TO DATE   79                       189   -110      108
  SINCE MAR 1    311                       514   -203      232
  SINCE JUL 1   2029                      2576   -547     1671

 COOLING
  TODAY            3                         1      2        7
  MONTH TO DATE   26                        17      9       32
  SINCE MAR 1     26                        17      9       49
  SINCE JAN 1     26                        17      9       49
..................................................................


WIND (MPH)
  RESULTANT WIND SPEED  15   RESULTANT WIND DIRECTION   N (340)
  HIGHEST WIND SPEED    29   HIGHEST WIND DIRECTION     N (350)
  HIGHEST GUST SPEED    37   HIGHEST GUST DIRECTION     N (340)


SKY COVER
  POSSIBLE SUNSHINE  MM
  AVERAGE SKY COVER 0.0


WEATHER CONDITIONS
 THE FOLLOWING WEATHER WAS RECORDED TODAY.
  NO SIGNIFICANT WEATHER WAS OBSERVED.


RELATIVE HUMIDITY (PERCENT)
 HIGHEST    83           200 AM
 LOWEST     20           400 PM
 AVERAGE    52

..........................................................


THE STOCKTON AIRPORT CA CLIMATE NORMALS FOR TOMORROW
                         NORMAL    RECORD    YEAR
 MAXIMUM TEMPERATURE (F)   77        96      1996
 MINIMUM TEMPERATURE (F)   49        41      2011
                                             1967


SUNRISE AND SUNSET
APRIL 30 2016.........SUNRISE   609 AM PDT   SUNSET   755 PM PDT
MAY  1 2016...........SUNRISE   608 AM PDT   SUNSET   756 PM PDT


-  INDICATES NEGATIVE NUMBERS.
R  INDICATES RECORD WAS SET OR TIED.
MM INDICATES DATA IS MISSING.
T  INDICATES TRACE AMOUNT.




$$
