000
CDUS46 KLOX 200916
CLISDB


CLIMATE REPORT
NATIONAL WEATHER SERVICE LOS ANGELES/OXNARD CA
108 AM PST FRI JAN 20 2017


...................................

...THE SANDBERG CA CLIMATE SUMMARY FOR JANUARY 19 2017...

CLIMATE NORMAL PERIOD 1981 TO 2010
CLIMATE RECORD PERIOD 1934 TO 2017


WEATHER ITEM   OBSERVED TIME   RECORD YEAR NORMAL DEPARTURE LAST
                VALUE   (LST)  VALUE       VALUE  FROM      YEAR
                                                  NORMAL
..................................................................
TEMPERATURE (F)
 YESTERDAY
  MAXIMUM         48    150 PM  68    2014  49     -1       50
                                      1971
  MINIMUM         38    406 AM  13    1935  37      1       43
  AVERAGE         43                        43      0       47

PRECIPITATION (IN)
  YESTERDAY        0.24          1.69 1954   0.08   0.16     0.17
  MONTH TO DATE    1.52                      1.74  -0.22     2.06
  SINCE OCT 1      5.36                      5.37  -0.01     3.76
  SINCE JAN 1      1.52                      1.74  -0.22     2.06

DEGREE DAYS
 HEATING
  YESTERDAY       22                        22      0       18
  MONTH TO DATE  410                       421    -11      423
  SINCE DEC 1   1025                      1123    -98     1108
  SINCE JUL 1   1474                      1902   -428     1724

 COOLING
  YESTERDAY        0                         0      0        0
  MONTH TO DATE    0                         0      0        0
  SINCE DEC 1      0                         0      0        0
  SINCE JAN 1      0                         0      0        0
..................................................................


WIND (MPH)
  HIGHEST WIND SPEED    36   HIGHEST WIND DIRECTION     S (200)
  HIGHEST GUST SPEED    45   HIGHEST GUST DIRECTION     S (200)
  AVERAGE WIND SPEED    13.5


SKY COVER
  POSSIBLE SUNSHINE  MM
  AVERAGE SKY COVER 0.7


WEATHER CONDITIONS
 THE FOLLOWING WEATHER WAS RECORDED YESTERDAY.
  LIGHT RAIN
  LIGHT SNOW
  FOG
  FOG W/VISIBILITY <= 1/4 MILE


RELATIVE HUMIDITY (PERCENT)
 HIGHEST   100          1200 AM
 LOWEST     65           200 PM
 AVERAGE    83

..........................................................


THE SANDBERG CA CLIMATE NORMALS FOR TODAY
                         NORMAL    RECORD    YEAR
 MAXIMUM TEMPERATURE (F)   49        65      2014
                                             1994
 MINIMUM TEMPERATURE (F)   37        10      1937


SUNRISE AND SUNSET
JANUARY 20 2017.......SUNRISE   700 AM PST   SUNSET   512 PM PST
JANUARY 21 2017.......SUNRISE   700 AM PST   SUNSET   513 PM PST


-  INDICATES NEGATIVE NUMBERS.
R  INDICATES RECORD WAS SET OR TIED.
MM INDICATES DATA IS MISSING.
T  INDICATES TRACE AMOUNT.




$$
