000
CDUS46 KLOX 210915
CLISDB


CLIMATE REPORT
NATIONAL WEATHER SERVICE LOS ANGELES/OXNARD CA
215 AM PDT TUE OCT 21 2014


...................................

...THE SANDBERG CA CLIMATE SUMMARY FOR OCTOBER 20 2014...

CLIMATE NORMAL PERIOD 1981 TO 2010
CLIMATE RECORD PERIOD 1934 TO 2014


WEATHER ITEM   OBSERVED TIME   RECORD YEAR NORMAL DEPARTURE LAST
                VALUE   (LST)  VALUE       VALUE  FROM      YEAR
                                                  NORMAL
..................................................................
TEMPERATURE (F)
 YESTERDAY
  MAXIMUM         78   1125 AM  87    2003  66     12       81
  MINIMUM         51   1130 PM  31    1949  50      1       59
  AVERAGE         65                        58      7       70

PRECIPITATION (IN)
  YESTERDAY        0.00          0.11 1957   0.02  -0.02     0.00
  MONTH TO DATE    0.00                      0.33  -0.33     0.20
  SINCE JUL 1      0.17                      0.55  -0.38     0.28
  SINCE JAN 1      3.75                      9.03  -5.28     3.19

DEGREE DAYS
 HEATING
  YESTERDAY        0                         8     -8        0
  MONTH TO DATE   20                       119    -99      103
  SINCE SEP 1     41                       180   -139      150
  SINCE JUL 1     41                       197   -156      150

 COOLING
  YESTERDAY        0                         1     -1        5
  MONTH TO DATE  139                        42     97       20
  SINCE SEP 1    470                       231    239      298
  SINCE JAN 1   1650                       988    662     1530
..................................................................


WIND (MPH)
  HIGHEST WIND SPEED    30   HIGHEST WIND DIRECTION     N (340)
  HIGHEST GUST SPEED    40   HIGHEST GUST DIRECTION     N (340)
  AVERAGE WIND SPEED    12.6


SKY COVER
  POSSIBLE SUNSHINE  MM
  AVERAGE SKY COVER 0.0


WEATHER CONDITIONS
 THE FOLLOWING WEATHER WAS RECORDED YESTERDAY.
  FOG
  FOG W/VISIBILITY <= 1/4 MILE
  HAZE


RELATIVE HUMIDITY (PERCENT)
 HIGHEST    83          1100 PM
 LOWEST     27          1100 AM
 AVERAGE    55

..........................................................


THE SANDBERG CA CLIMATE NORMALS FOR TODAY
                         NORMAL    RECORD    YEAR
 MAXIMUM TEMPERATURE (F)   66        85      2003
 MINIMUM TEMPERATURE (F)   50        33      1957


SUNRISE AND SUNSET
OCTOBER 21 2014.......SUNRISE   706 AM PDT   SUNSET   613 PM PDT
OCTOBER 22 2014.......SUNRISE   707 AM PDT   SUNSET   612 PM PDT


-  INDICATES NEGATIVE NUMBERS.
R  INDICATES RECORD WAS SET OR TIED.
MM INDICATES DATA IS MISSING.
T  INDICATES TRACE AMOUNT.




$$
