000
CDUS46 KLOX 020902
CLISDB


CLIMATE REPORT
NATIONAL WEATHER SERVICE LOS ANGELES/OXNARD CA
202 AM PDT SUN AUG 2 2015


...................................

...THE SANDBERG CA CLIMATE SUMMARY FOR AUGUST 1 2015...

CLIMATE NORMAL PERIOD 1981 TO 2010
CLIMATE RECORD PERIOD 1934 TO 2015


WEATHER ITEM   OBSERVED TIME   RECORD YEAR NORMAL DEPARTURE LAST
                VALUE   (LST)  VALUE       VALUE  FROM      YEAR
                                                  NORMAL
..................................................................
TEMPERATURE (F)
 YESTERDAY
  MAXIMUM         92    118 PM 101    1993  86      6       97
  MINIMUM         69    519 AM  50    1976  65      4       76
  AVERAGE         81                        75      6       87

PRECIPITATION (IN)
  YESTERDAY        0.00          T    2000   0.00   0.00     0.00
  MONTH TO DATE    0.00                      0.00   0.00     0.00
  SINCE OCT 1      8.65                     12.13  -3.48     4.29
  SINCE JAN 1      3.75                      8.50  -4.75     3.59

DEGREE DAYS
 HEATING
  YESTERDAY        0                         0      0        0
  MONTH TO DATE    0                         0      0        0
  SINCE JUN 1     29                        92    -63        7
  SINCE JUL 1     10                         8      2        0

 COOLING
  YESTERDAY       16                        10      6       22
  MONTH TO DATE   16                        10      6       22
  SINCE JUN 1    602                       428    174      692
  SINCE JAN 1    715                       473    242      842
..................................................................


WIND (MPH)
  HIGHEST WIND SPEED    22   HIGHEST WIND DIRECTION    NW (330)
  HIGHEST GUST SPEED    28   HIGHEST GUST DIRECTION     N (350)
  AVERAGE WIND SPEED    11.7


SKY COVER
  POSSIBLE SUNSHINE  MM
  AVERAGE SKY COVER 0.0


WEATHER CONDITIONS
 THE FOLLOWING WEATHER WAS RECORDED YESTERDAY.
  NO SIGNIFICANT WEATHER WAS OBSERVED.


RELATIVE HUMIDITY (PERCENT)
 HIGHEST    51           200 AM
 LOWEST     10           200 PM
 AVERAGE    31

..........................................................


THE SANDBERG CA CLIMATE NORMALS FOR TODAY
                         NORMAL    RECORD    YEAR
 MAXIMUM TEMPERATURE (F)   86        98      1993
 MINIMUM TEMPERATURE (F)   65        50      1976


SUNRISE AND SUNSET
AUGUST  2 2015........SUNRISE   605 AM PDT   SUNSET   756 PM PDT
AUGUST  3 2015........SUNRISE   606 AM PDT   SUNSET   756 PM PDT


-  INDICATES NEGATIVE NUMBERS.
R  INDICATES RECORD WAS SET OR TIED.
MM INDICATES DATA IS MISSING.
T  INDICATES TRACE AMOUNT.




$$
