830
CDUS46 KLOX 210900
CLISDB


CLIMATE REPORT
NATIONAL WEATHER SERVICE LOS ANGELES/OXNARD CA
159 AM PDT FRI JUL 21 2017


...................................

...THE SANDBERG CA CLIMATE SUMMARY FOR JULY 20 2017...

CLIMATE NORMAL PERIOD 1981 TO 2010
CLIMATE RECORD PERIOD 1934 TO 2017


WEATHER ITEM   OBSERVED TIME   RECORD YEAR NORMAL DEPARTURE LAST
                VALUE   (LST)  VALUE       VALUE  FROM      YEAR
                                                  NORMAL
..................................................................
TEMPERATURE (F)
 YESTERDAY
  MAXIMUM         90    141 PM 100    1938  85      5       95
  MINIMUM         65    354 AM  46    1972  64      1       67
  AVERAGE         78                        75      3       81

PRECIPITATION (IN)
  YESTERDAY        0.00          T    2005   0.00   0.00     0.00
                                      2005
                                      2015
  MONTH TO DATE    T                         0.01  -0.01     0.00
  SINCE OCT 1     12.79                     12.12   0.67     6.93
  SINCE JAN 1      8.95                      8.49   0.46     5.23

DEGREE DAYS
 HEATING
  YESTERDAY        0                         0      0        0
  MONTH TO DATE    0                         4     -4        0
  SINCE JUN 1     40                        88    -48       21
  SINCE JUL 1      0                         4     -4        0

 COOLING
  YESTERDAY       13                        10      3       16
  MONTH TO DATE  336                       175    161      218
  SINCE JUN 1    692                       306    386      589
  SINCE JAN 1    837                       351    486      670
..................................................................


WIND (MPH)
  HIGHEST WIND SPEED    25   HIGHEST WIND DIRECTION    NW (330)
  HIGHEST GUST SPEED    35   HIGHEST GUST DIRECTION     N (340)
  AVERAGE WIND SPEED    12.9


SKY COVER
  POSSIBLE SUNSHINE  MM
  AVERAGE SKY COVER 0.0


WEATHER CONDITIONS
 THE FOLLOWING WEATHER WAS RECORDED YESTERDAY.
  NO SIGNIFICANT WEATHER WAS OBSERVED.


RELATIVE HUMIDITY (PERCENT)
 HIGHEST    44           100 AM
 LOWEST     14          1100 AM
 AVERAGE    29

..........................................................


THE SANDBERG CA CLIMATE NORMALS FOR TODAY
                         NORMAL    RECORD    YEAR
 MAXIMUM TEMPERATURE (F)   85        96      2016
                                             1941
 MINIMUM TEMPERATURE (F)   65        45      1987


SUNRISE AND SUNSET
JULY 21 2017..........SUNRISE   557 AM PDT   SUNSET   805 PM PDT
JULY 22 2017..........SUNRISE   558 AM PDT   SUNSET   805 PM PDT


-  INDICATES NEGATIVE NUMBERS.
R  INDICATES RECORD WAS SET OR TIED.
MM INDICATES DATA IS MISSING.
T  INDICATES TRACE AMOUNT.




$$
