000
CDUS46 KLOX 300902
CLISDB


CLIMATE REPORT
NATIONAL WEATHER SERVICE LOS ANGELES/OXNARD CA
202 AM PDT TUE MAY 30 2017


...................................

...THE SANDBERG CA CLIMATE SUMMARY FOR MAY 29 2017...

CLIMATE NORMAL PERIOD 1981 TO 2010
CLIMATE RECORD PERIOD 1934 TO 2017


WEATHER ITEM   OBSERVED TIME   RECORD YEAR NORMAL DEPARTURE LAST
                VALUE   (LST)  VALUE       VALUE  FROM      YEAR
                                                  NORMAL
..................................................................
TEMPERATURE (F)
 YESTERDAY
  MAXIMUM         89   1133 AM  92    1984  71     18       78
  MINIMUM         63    306 AM  34    1988  52     11       61
  AVERAGE         76                        62     14       70

PRECIPITATION (IN)
  YESTERDAY        0.00          0.04 1945   0.01  -0.01     0.00
  MONTH TO DATE    0.03                      0.40  -0.37     0.29
  SINCE OCT 1     12.79                     12.04   0.75     6.93
  SINCE JAN 1      8.95                      8.41   0.54     5.23

DEGREE DAYS
 HEATING
  YESTERDAY        0                         6     -6        0
  MONTH TO DATE  182                       242    -60      175
  SINCE MAR 1    786                      1258   -472      784
  SINCE JUL 1   3043                      4017   -974     3044

 COOLING
  YESTERDAY       11                         2      9        5
  MONTH TO DATE  114                        34     80       40
  SINCE MAR 1    135                        42     93       59
  SINCE JAN 1    135                        42     93       59
..................................................................


WIND (MPH)
  HIGHEST WIND SPEED    22   HIGHEST WIND DIRECTION    NW (330)
  HIGHEST GUST SPEED    28   HIGHEST GUST DIRECTION     N (350)
  AVERAGE WIND SPEED    11.9


SKY COVER
  POSSIBLE SUNSHINE  MM
  AVERAGE SKY COVER 0.0


WEATHER CONDITIONS
 THE FOLLOWING WEATHER WAS RECORDED YESTERDAY.
  NO SIGNIFICANT WEATHER WAS OBSERVED.


RELATIVE HUMIDITY (PERCENT)
 HIGHEST    60           300 AM
 LOWEST     15          1100 AM
 AVERAGE    38

..........................................................


THE SANDBERG CA CLIMATE NORMALS FOR TODAY
                         NORMAL    RECORD    YEAR
 MAXIMUM TEMPERATURE (F)   72        92      2001
 MINIMUM TEMPERATURE (F)   52        33      1935


SUNRISE AND SUNSET
MAY 30 2017...........SUNRISE   543 AM PDT   SUNSET   802 PM PDT
MAY 31 2017...........SUNRISE   543 AM PDT   SUNSET   803 PM PDT


-  INDICATES NEGATIVE NUMBERS.
R  INDICATES RECORD WAS SET OR TIED.
MM INDICATES DATA IS MISSING.
T  INDICATES TRACE AMOUNT.




$$
