000
CDUS46 KLOX 250902
CLISDB


CLIMATE REPORT
NATIONAL WEATHER SERVICE LOS ANGELES/OXNARD CA
102 AM PST SAT FEB 25 2017


...................................

...THE SANDBERG CA CLIMATE SUMMARY FOR FEBRUARY 24 2017...

CLIMATE NORMAL PERIOD 1981 TO 2010
CLIMATE RECORD PERIOD 1934 TO 2017


WEATHER ITEM   OBSERVED TIME   RECORD YEAR NORMAL DEPARTURE LAST
                VALUE   (LST)  VALUE       VALUE  FROM      YEAR
                                                  NORMAL
..................................................................
TEMPERATURE (F)
 YESTERDAY
  MAXIMUM         49   1253 PM  71    2014  51     -2       62
  MINIMUM         29    723 AM  17    1987  38     -9       47
  AVERAGE         39                        45     -6       55

PRECIPITATION (IN)
  YESTERDAY        0.00          1.61 1969   0.14  -0.14     0.00
  MONTH TO DATE    5.20                      2.72   2.48     0.29
  SINCE OCT 1     12.27                      8.76   3.51     5.00
  SINCE JAN 1      8.43                      5.13   3.30     3.30

DEGREE DAYS
 HEATING
  YESTERDAY       26                        20      6       10
  MONTH TO DATE  407                       515   -108      297
  SINCE DEC 1   1705                      1901   -196     1613
  SINCE JUL 1   2154                      2680   -526     2229

 COOLING
  YESTERDAY        0                         0      0        0
  MONTH TO DATE    0                         0      0        0
  SINCE DEC 1      0                         0      0        0
  SINCE JAN 1      0                         0      0        0
..................................................................


WIND (MPH)
  HIGHEST WIND SPEED    39   HIGHEST WIND DIRECTION     N (340)
  HIGHEST GUST SPEED    46   HIGHEST GUST DIRECTION     N (350)
  AVERAGE WIND SPEED    15.3


SKY COVER
  POSSIBLE SUNSHINE  MM
  AVERAGE SKY COVER 0.1


WEATHER CONDITIONS
 THE FOLLOWING WEATHER WAS RECORDED YESTERDAY.
  NO SIGNIFICANT WEATHER WAS OBSERVED.


RELATIVE HUMIDITY (PERCENT)
 HIGHEST    85           600 AM
 LOWEST     18           800 PM
 AVERAGE    52

..........................................................


THE SANDBERG CA CLIMATE NORMALS FOR TODAY
                         NORMAL    RECORD    YEAR
 MAXIMUM TEMPERATURE (F)   51        69      1989
 MINIMUM TEMPERATURE (F)   39        23      1971


SUNRISE AND SUNSET
FEBRUARY 25 2017......SUNRISE   629 AM PST   SUNSET   548 PM PST
FEBRUARY 26 2017......SUNRISE   627 AM PST   SUNSET   548 PM PST


-  INDICATES NEGATIVE NUMBERS.
R  INDICATES RECORD WAS SET OR TIED.
MM INDICATES DATA IS MISSING.
T  INDICATES TRACE AMOUNT.




$$
