000
CDUS46 KLOX 030120
CLISDB


CLIMATE REPORT
NATIONAL WEATHER SERVICE LOS ANGELES/OXNARD CA
620 PM PDT TUE JUN 2 2015


...................................

...THE SANDBERG CA CLIMATE SUMMARY FOR JUNE 2 2015...
VALID TODAY AS OF 0600 PM LOCAL TIME.

CLIMATE NORMAL PERIOD 1981 TO 2010
CLIMATE RECORD PERIOD 1934 TO 2015


WEATHER ITEM   OBSERVED TIME   RECORD YEAR NORMAL DEPARTURE LAST
                VALUE   (LST)  VALUE       VALUE  FROM      YEAR
                                                  NORMAL
..................................................................
TEMPERATURE (F)
 TODAY
  MAXIMUM         72    323 PM  97    1996  73     -1       82
  MINIMUM         50    519 AM  32    1967  53     -3       59
  AVERAGE         61                        62     -1       71

PRECIPITATION (IN)
  TODAY            0.00          0.05 1999   0.01  -0.01     0.00
  MONTH TO DATE    0.00                      0.01  -0.01     0.00
  SINCE OCT 1      7.28                     12.06  -4.78     4.28
  SINCE JAN 1      2.38                      8.43  -6.05     3.58

DEGREE DAYS
 HEATING
  TODAY            4                         5     -1        0
  MONTH TO DATE    4                        10     -6        0
  SINCE JUN 1      4                        10     -6        0
  SINCE JUL 1   2386                      4038  -1652     2513

 COOLING
  TODAY            0                         3     -3        6
  MONTH TO DATE    3                         5     -2       13
  SINCE JUN 1      3                         5     -2       13
  SINCE JAN 1    116                        50     66      163
..................................................................


WIND (MPH)
  HIGHEST WIND SPEED    28   HIGHEST WIND DIRECTION    NW (330)
  HIGHEST GUST SPEED    34   HIGHEST GUST DIRECTION    NW (330)
  AVERAGE WIND SPEED    17.5


SKY COVER
  POSSIBLE SUNSHINE  MM
  AVERAGE SKY COVER 0.1


WEATHER CONDITIONS
 THE FOLLOWING WEATHER WAS RECORDED TODAY.
  FOG


RELATIVE HUMIDITY (PERCENT)
 HIGHEST    89           400 AM
 LOWEST     38           100 PM
 AVERAGE    64

..........................................................


THE SANDBERG CA CLIMATE NORMALS FOR TOMORROW
                         NORMAL    RECORD    YEAR
 MAXIMUM TEMPERATURE (F)   73        94      1996
 MINIMUM TEMPERATURE (F)   53        33      1999


SUNRISE AND SUNSET
JUNE  2 2015..........SUNRISE   543 AM PDT   SUNSET   803 PM PDT
JUNE  3 2015..........SUNRISE   542 AM PDT   SUNSET   804 PM PDT


-  INDICATES NEGATIVE NUMBERS.
R  INDICATES RECORD WAS SET OR TIED.
MM INDICATES DATA IS MISSING.
T  INDICATES TRACE AMOUNT.




$$
