000
CDUS46 KLOX 060909
CLISDB


CLIMATE REPORT
NATIONAL WEATHER SERVICE LOS ANGELES/OXNARD CA
209 AM PDT FRI MAY 6 2016


...................................

...THE SANDBERG CA CLIMATE SUMMARY FOR MAY 5 2016...

CLIMATE NORMAL PERIOD 1981 TO 2010
CLIMATE RECORD PERIOD 1934 TO 2016


WEATHER ITEM   OBSERVED TIME   RECORD YEAR NORMAL DEPARTURE LAST
                VALUE   (LST)  VALUE       VALUE  FROM      YEAR
                                                  NORMAL
..................................................................
TEMPERATURE (F)
 YESTERDAY
  MAXIMUM         57    201 PM  86    1989  64     -7       63
  MINIMUM         43    454 AM  27    1964  46     -3       43
  AVERAGE         50                        55     -5       53

PRECIPITATION (IN)
  YESTERDAY        T             0.98 2005   0.02  -0.02     0.00
  MONTH TO DATE    0.05                      0.12  -0.07     0.00
  SINCE OCT 1      6.69                     11.76  -5.07     7.02
  SINCE JAN 1      4.99                      8.13  -3.14     2.12

DEGREE DAYS
 HEATING
  YESTERDAY       15                        11      4       12
  MONTH TO DATE   24                        55    -31       19
  SINCE MAR 1    633                      1071   -438      525
  SINCE JUL 1   2893                      3830   -937     2156

 COOLING
  YESTERDAY        0                         1     -1        0
  MONTH TO DATE    3                         3      0        8
  SINCE MAR 1     22                        11     11       63
  SINCE JAN 1     22                        11     11       66
..................................................................


WIND (MPH)
  HIGHEST WIND SPEED    26   HIGHEST WIND DIRECTION     S (180)
  HIGHEST GUST SPEED    34   HIGHEST GUST DIRECTION    SE (150)
  AVERAGE WIND SPEED    15.5


SKY COVER
  POSSIBLE SUNSHINE  MM
  AVERAGE SKY COVER 0.9


WEATHER CONDITIONS
 THE FOLLOWING WEATHER WAS RECORDED YESTERDAY.
  LIGHT RAIN
  FOG
  FOG W/VISIBILITY <= 1/4 MILE
  HAZE


RELATIVE HUMIDITY (PERCENT)
 HIGHEST    92           100 AM
 LOWEST     51          1200 PM
 AVERAGE    72

..........................................................


THE SANDBERG CA CLIMATE NORMALS FOR TODAY
                         NORMAL    RECORD    YEAR
 MAXIMUM TEMPERATURE (F)   64        86      1990
 MINIMUM TEMPERATURE (F)   47        29      1965


SUNRISE AND SUNSET
MAY  6 2016...........SUNRISE   559 AM PDT   SUNSET   744 PM PDT
MAY  7 2016...........SUNRISE   558 AM PDT   SUNSET   745 PM PDT


-  INDICATES NEGATIVE NUMBERS.
R  INDICATES RECORD WAS SET OR TIED.
MM INDICATES DATA IS MISSING.
T  INDICATES TRACE AMOUNT.




$$
