000
CDUS46 KLOX 280943
CLISDB


CLIMATE REPORT
NATIONAL WEATHER SERVICE LOS ANGELES/OXNARD CA
242 AM PDT TUE MAR 28 2017


...................................

...THE SANDBERG CA CLIMATE SUMMARY FOR MARCH 27 2017...

CLIMATE NORMAL PERIOD 1981 TO 2010
CLIMATE RECORD PERIOD 1934 TO 2017


WEATHER ITEM   OBSERVED TIME   RECORD YEAR NORMAL DEPARTURE LAST
                VALUE   (LST)  VALUE       VALUE  FROM      YEAR
                                                  NORMAL
..................................................................
TEMPERATURE (F)
 YESTERDAY
  MAXIMUM         50    203 PM  83    2015  56     -6       66
  MINIMUM         40   1159 PM  26    1975  40      0       50
  AVERAGE         45                        48     -3       58

PRECIPITATION (IN)
  YESTERDAY        T             1.55 1979   0.04  -0.04     0.00
  MONTH TO DATE    0.29                      1.56  -1.27     1.16
  SINCE OCT 1     12.60                     10.84   1.76     6.16
  SINCE JAN 1      8.76                      7.21   1.55     4.46

DEGREE DAYS
 HEATING
  YESTERDAY       20                        17      3        7
  MONTH TO DATE  278                       502   -224      305
  SINCE MAR 1    278                       502   -224      305
  SINCE JUL 1   2535                      3261   -726     2565

 COOLING
  YESTERDAY        0                         0      0        0
  MONTH TO DATE   16                         0     16        1
  SINCE MAR 1     16                         0     16        1
  SINCE JAN 1     16                         0     16        1
..................................................................


WIND (MPH)
  HIGHEST WIND SPEED    53   HIGHEST WIND DIRECTION     N (340)
  HIGHEST GUST SPEED    63   HIGHEST GUST DIRECTION     N (340)
  AVERAGE WIND SPEED    21.0


SKY COVER
  POSSIBLE SUNSHINE  MM
  AVERAGE SKY COVER 0.7


WEATHER CONDITIONS
 THE FOLLOWING WEATHER WAS RECORDED YESTERDAY.
  LIGHT RAIN
  FOG
  FOG W/VISIBILITY <= 1/4 MILE


RELATIVE HUMIDITY (PERCENT)
 HIGHEST    96           900 AM
 LOWEST     60           300 PM
 AVERAGE    78

..........................................................


THE SANDBERG CA CLIMATE NORMALS FOR TODAY
                         NORMAL    RECORD    YEAR
 MAXIMUM TEMPERATURE (F)   56        79      2015
 MINIMUM TEMPERATURE (F)   40        22      1975


SUNRISE AND SUNSET
MARCH 28 2017.........SUNRISE   647 AM PDT   SUNSET   713 PM PDT
MARCH 29 2017.........SUNRISE   646 AM PDT   SUNSET   714 PM PDT


-  INDICATES NEGATIVE NUMBERS.
R  INDICATES RECORD WAS SET OR TIED.
MM INDICATES DATA IS MISSING.
T  INDICATES TRACE AMOUNT.




$$
