000
CDUS43 KLMK 250632
CLISDF


CLIMATE REPORT
NATIONAL WEATHER SERVICE LOUISVILLE KY
231 AM EDT MON MAY 25 2015


...................................

...THE LOUISVILLE KY CLIMATE SUMMARY FOR MAY 24 2015...

CLIMATE NORMAL PERIOD 1981 TO 2010
CLIMATE RECORD PERIOD 1871 TO 2015


WEATHER ITEM   OBSERVED TIME   RECORD YEAR NORMAL DEPARTURE LAST
                VALUE   (LST)  VALUE       VALUE  FROM      YEAR
                                                  NORMAL
..................................................................
TEMPERATURE (F)
 YESTERDAY
  MAXIMUM         86    315 PM  92    1921  79      7       81
  MINIMUM         62    602 AM  40    1925  60      2       57
  AVERAGE         74                        69      5       69

PRECIPITATION (IN)
  YESTERDAY        0.00          1.66 1997   0.16  -0.16     0.00
  MONTH TO DATE    1.54                      4.14  -2.60     3.65
  SINCE MAR 1     20.18                     12.32   7.86    12.96
  SINCE JAN 1     23.28                     18.74   4.54    19.12

SNOWFALL (IN)
  YESTERDAY        0.0          MM      MM   0.0    0.0      0.0
  MONTH TO DATE    0.0                       0.0    0.0      0.0
  SINCE MAR 1     11.9                       1.5   10.4      4.2
  SINCE JUL 1     27.6                      12.5   15.1     26.0
  SNOW DEPTH       0

DEGREE DAYS
 HEATING
  YESTERDAY        0                         1     -1        0
  MONTH TO DATE   24                        61    -37       69
  SINCE MAR 1    767                       845    -78      893
  SINCE JUL 1   4387                      4086    301     4547

 COOLING
  YESTERDAY        9                         6      3        4
  MONTH TO DATE  145                        85     60      124
  SINCE MAR 1    187                       128     59      155
  SINCE JAN 1    187                       128     59      155
..................................................................


WIND (MPH)
  HIGHEST WIND SPEED    22   HIGHEST WIND DIRECTION    SE (150)
  HIGHEST GUST SPEED    27   HIGHEST GUST DIRECTION     S (160)
  AVERAGE WIND SPEED    10.6


SKY COVER
  POSSIBLE SUNSHINE  MM
  AVERAGE SKY COVER 0.7


WEATHER CONDITIONS
 THE FOLLOWING WEATHER WAS RECORDED YESTERDAY.
  NO SIGNIFICANT WEATHER WAS OBSERVED.


RELATIVE HUMIDITY (PERCENT)
 HIGHEST    73           700 AM
 LOWEST     37          1200 PM
 AVERAGE    55

..........................................................


THE LOUISVILLE KY CLIMATE NORMALS FOR TODAY
                         NORMAL    RECORD    YEAR
 MAXIMUM TEMPERATURE (F)   79        94      1911
 MINIMUM TEMPERATURE (F)   60        35      1925


SUNRISE AND SUNSET
MAY 25 2015...........SUNRISE   625 AM EDT   SUNSET   855 PM EDT
MAY 26 2015...........SUNRISE   624 AM EDT   SUNSET   856 PM EDT


-  INDICATES NEGATIVE NUMBERS.
R  INDICATES RECORD WAS SET OR TIED.
MM INDICATES DATA IS MISSING.
T  INDICATES TRACE AMOUNT.




$$
