000
CDUS43 KLMK 282133
CLISDF


CLIMATE REPORT
NATIONAL WEATHER SERVICE LOUISVILLE KY
431 PM EST FRI NOV 28 2014


...................................

...THE LOUISVILLE KY CLIMATE SUMMARY FOR NOVEMBER 28 2014...
VALID TODAY AS OF 0400 PM LOCAL TIME.

CLIMATE NORMAL PERIOD 1981 TO 2010
CLIMATE RECORD PERIOD 1871 TO 2014


WEATHER ITEM   OBSERVED TIME   RECORD YEAR NORMAL DEPARTURE LAST
                VALUE   (LST)  VALUE       VALUE  FROM      YEAR
                                                  NORMAL
..................................................................
TEMPERATURE (F)
 TODAY
  MAXIMUM         40    359 PM  73    1909  52    -12       40
  MINIMUM         25    438 AM   8    1887  35    -10       20
  AVERAGE         33                        44    -11       30

PRECIPITATION (IN)
  TODAY            0.00          2.60 1905   0.13  -0.13     0.00
  MONTH TO DATE    1.71                      3.33  -1.62     3.72
  SINCE SEP 1      8.53                      9.60  -1.07    16.36
  SINCE JAN 1     39.70                     40.82  -1.12    48.17

SNOWFALL (IN)
  TODAY            0.0           5.5  1958   0.0    0.0      0.0
  MONTH TO DATE    3.7                       0.1    3.6      0.5
  SINCE SEP 1      3.7                       0.2    3.5      0.5
  SINCE JUL 1      3.7                       0.2    3.5      0.5
  SNOW DEPTH       0

DEGREE DAYS
 HEATING
  TODAY           32                        22     10       35
  MONTH TO DATE  667                       448    219      546
  SINCE SEP 1    868                       690    178      779
  SINCE JUL 1    868                       690    178      779

 COOLING
  TODAY            0                         0      0        0
  MONTH TO DATE    0                         0      0        0
  SINCE SEP 1    233                       252    -19      288
  SINCE JAN 1   1625                      1609     16     1628
..................................................................


WIND (MPH)
  HIGHEST WIND SPEED    16   HIGHEST WIND DIRECTION     S (170)
  HIGHEST GUST SPEED    19   HIGHEST GUST DIRECTION     S (170)
  AVERAGE WIND SPEED     6.1


SKY COVER
  POSSIBLE SUNSHINE  MM
  AVERAGE SKY COVER 0.7


WEATHER CONDITIONS
 THE FOLLOWING WEATHER WAS RECORDED TODAY.
  NO SIGNIFICANT WEATHER WAS OBSERVED.


RELATIVE HUMIDITY (PERCENT)
 HIGHEST    81           300 AM
 LOWEST     44           300 PM
 AVERAGE    63

..........................................................


THE LOUISVILLE KY CLIMATE NORMALS FOR TOMORROW
                         NORMAL    RECORD    YEAR
 MAXIMUM TEMPERATURE (F)   51        74      1927
 MINIMUM TEMPERATURE (F)   35         4      1872


SUNRISE AND SUNSET
NOVEMBER 28 2014......SUNRISE   738 AM EST   SUNSET   524 PM EST
NOVEMBER 29 2014......SUNRISE   739 AM EST   SUNSET   524 PM EST


-  INDICATES NEGATIVE NUMBERS.
R  INDICATES RECORD WAS SET OR TIED.
MM INDICATES DATA IS MISSING.
T  INDICATES TRACE AMOUNT.




$$
