000
CDUS43 KLMK 200633
CLISDF


CLIMATE REPORT
NATIONAL WEATHER SERVICE LOUISVILLE KY
133 AM EST FRI JAN 20 2017


...................................

...THE LOUISVILLE KY CLIMATE SUMMARY FOR JANUARY 19 2017...

CLIMATE NORMAL PERIOD 1981 TO 2010
CLIMATE RECORD PERIOD 1871 TO 2017


WEATHER ITEM   OBSERVED TIME   RECORD YEAR NORMAL DEPARTURE LAST
                VALUE   (LST)  VALUE       VALUE  FROM      YEAR
                                                  NORMAL
..................................................................
TEMPERATURE (F)
 YESTERDAY
  MAXIMUM         55    403 PM  74    1907  43     12       25
  MINIMUM         40    109 AM -22    1994  27     13       11
  AVERAGE         48                        35     13       18

PRECIPITATION (IN)
  YESTERDAY        0.87          3.00 1988   0.11   0.76      T
  MONTH TO DATE    3.92                      1.99   1.93     0.55
  SINCE DEC 1      9.22                      5.82   3.40     7.13
  SINCE JAN 1      3.92                      1.99   1.93     0.55

SNOWFALL (IN)
  YESTERDAY        0.0           4.0  1956   0.2   -0.2       T
  MONTH TO DATE    2.3                       2.1    0.2      2.6
  SINCE DEC 1      2.4                       4.7   -2.3      2.6
  SINCE JUL 1      2.4                       4.9   -2.5      2.6
  SNOW DEPTH       0

DEGREE DAYS
 HEATING
  YESTERDAY       17                        30    -13       47
  MONTH TO DATE  486                       570    -84      592
  SINCE DEC 1   1317                      1411    -94     1050
  SINCE JUL 1   1784                      2146   -362     1574

 COOLING
  YESTERDAY        0                         0      0        0
  MONTH TO DATE    0                         0      0        0
  SINCE DEC 1      1                         1      0        3
  SINCE JAN 1      0                         0      0        0
..................................................................


WIND (MPH)
  HIGHEST WIND SPEED    16   HIGHEST WIND DIRECTION    SE (120)
  HIGHEST GUST SPEED    20   HIGHEST GUST DIRECTION     E (110)
  AVERAGE WIND SPEED     4.6


SKY COVER
  POSSIBLE SUNSHINE  MM
  AVERAGE SKY COVER 1.0


WEATHER CONDITIONS
 THE FOLLOWING WEATHER WAS RECORDED YESTERDAY.
  HEAVY RAIN
  RAIN
  LIGHT RAIN
  FOG


RELATIVE HUMIDITY (PERCENT)
 HIGHEST    96          1100 PM
 LOWEST     54           100 PM
 AVERAGE    75

..........................................................


THE LOUISVILLE KY CLIMATE NORMALS FOR TODAY
                         NORMAL    RECORD    YEAR
 MAXIMUM TEMPERATURE (F)   43        73      1906
 MINIMUM TEMPERATURE (F)   27       -16      1985


SUNRISE AND SUNSET
JANUARY 20 2017.......SUNRISE   756 AM EST   SUNSET   553 PM EST
JANUARY 21 2017.......SUNRISE   755 AM EST   SUNSET   554 PM EST


-  INDICATES NEGATIVE NUMBERS.
R  INDICATES RECORD WAS SET OR TIED.
MM INDICATES DATA IS MISSING.
T  INDICATES TRACE AMOUNT.




$$
