398
CDUS43 KLMK 240626
CLISDF


CLIMATE REPORT
NATIONAL WEATHER SERVICE LOUISVILLE KY
226 AM EDT SUN SEP 24 2017


...................................

...THE LOUISVILLE KY CLIMATE SUMMARY FOR SEPTEMBER 23 2017...

CLIMATE NORMAL PERIOD 1981 TO 2010
CLIMATE RECORD PERIOD 1871 TO 2017


WEATHER ITEM   OBSERVED TIME   RECORD YEAR NORMAL DEPARTURE LAST
                VALUE   (LST)  VALUE       VALUE  FROM      YEAR
                                                  NORMAL
..................................................................
TEMPERATURE (F)
 YESTERDAY
  MAXIMUM         90    437 PM  97    2010  79     11       92
  MINIMUM         68    621 AM  39    1995  57     11       68
                                      1974
  AVERAGE         79                        68     11       80

PRECIPITATION (IN)
  YESTERDAY        0.00          2.14 1936   0.11  -0.11     0.00
  MONTH TO DATE    5.47                      2.29   3.18     0.68
  SINCE SEP 1      5.47                      2.29   3.18     0.68
  SINCE JAN 1     34.88                     33.51   1.37    34.35

SNOWFALL (IN)
  YESTERDAY        0.0          MM      MM   0.0    0.0      0.0
  MONTH TO DATE    0.0                       0.0    0.0      0.0
  SINCE SEP 1      0.0                       0.0    0.0      0.0
  SINCE JUL 1      0.0                       0.0    0.0      0.0
  SNOW DEPTH       0

DEGREE DAYS
 HEATING
  YESTERDAY        0                         2     -2        0
  MONTH TO DATE   12                        11      1        0
  SINCE SEP 1     12                        11      1        0
  SINCE JUL 1     12                        11      1        0

 COOLING
  YESTERDAY       14                         5      9       15
  MONTH TO DATE  144                       184    -40      300
  SINCE SEP 1    144                       184    -40      300
  SINCE JAN 1   1638                      1541     97     1908
..................................................................


WIND (MPH)
  HIGHEST WIND SPEED    13   HIGHEST WIND DIRECTION    SE (130)
  HIGHEST GUST SPEED    16   HIGHEST GUST DIRECTION    NE (40)
  AVERAGE WIND SPEED     3.8


SKY COVER
  POSSIBLE SUNSHINE  MM
  AVERAGE SKY COVER 0.1


WEATHER CONDITIONS
 THE FOLLOWING WEATHER WAS RECORDED YESTERDAY.
  FOG
  HAZE


RELATIVE HUMIDITY (PERCENT)
 HIGHEST    90           600 AM
 LOWEST     40           600 PM
 AVERAGE    65

..........................................................


THE LOUISVILLE KY CLIMATE NORMALS FOR TODAY
                         NORMAL    RECORD    YEAR
 MAXIMUM TEMPERATURE (F)   78        96      2010
 MINIMUM TEMPERATURE (F)   57        39      1989
                                             1983
                                             1949


SUNRISE AND SUNSET
SEPTEMBER 24 2017.....SUNRISE   733 AM EDT   SUNSET   736 PM EDT
SEPTEMBER 25 2017.....SUNRISE   733 AM EDT   SUNSET   735 PM EDT


-  INDICATES NEGATIVE NUMBERS.
R  INDICATES RECORD WAS SET OR TIED.
MM INDICATES DATA IS MISSING.
T  INDICATES TRACE AMOUNT.




$$
