000
CDUS46 KSEW 300833
CLISEW


CLIMATE REPORT
NATIONAL WEATHER SERVICE SEATTLE WA
133 AM PDT SUN APR 30 2017


...................................

...THE SEATTLE WA WFO CLIMATE SUMMARY FOR APRIL 29 2017...

CLIMATE NORMAL PERIOD 1981 TO 2010
CLIMATE RECORD PERIOD 1986 TO 2017


WEATHER ITEM   OBSERVED TIME   RECORD YEAR     LAST
                VALUE   (LST)  VALUE           YEAR
....................................................
TEMPERATURE (F)
 YESTERDAY
  MAXIMUM         55        MM  76    2014    60
                                      1989
  MINIMUM         41        MM  37    2006    47
  AVERAGE         48                          54

PRECIPITATION (IN)
  YESTERDAY        0.05          0.70 1993     0.14
  MONTH TO DATE    3.98                        1.57
  SINCE OCT 1     44.05                       38.45
  SINCE JAN 1     22.33                       18.05

SNOWFALL (IN)
  YESTERDAY        0.0                         0.0
  MONTH TO DATE    0.0                         0.0
  SINCE OCT 1      3.6                          T
  SINCE JUL 1      3.6                          T
  SNOW DEPTH       0

DEGREE DAYS
 HEATING
  YESTERDAY       17                          11
  MONTH TO DATE  405                         250
  SINCE MAR 1    970                         727
  SINCE JUL 1   4050                        3532

 COOLING
  YESTERDAY        0                           0
  MONTH TO DATE    0                           6
  SINCE MAR 1      0                           6
  SINCE JAN 1      0                           6
....................................................


WIND (MPH)
  HIGHEST WIND SPEED    MM   HIGHEST WIND DIRECTION    MM
  HIGHEST GUST SPEED    MM   HIGHEST GUST DIRECTION    MM
  AVERAGE WIND SPEED    MM



WEATHER CONDITIONS
 THE FOLLOWING WEATHER WAS RECORDED YESTERDAY.
  LIGHT RAIN






-  INDICATES NEGATIVE NUMBERS.
R  INDICATES RECORD WAS SET OR TIED.
MM INDICATES DATA IS MISSING.
T  INDICATES TRACE AMOUNT.




$$
