000
CDUS46 KSEW 210119
CLISEW


CLIMATE REPORT
NATIONAL WEATHER SERVICE SEATTLE WA
619 PM PDT SUN APR 20 2014


...................................

...THE SEATTLE WA WFO CLIMATE SUMMARY FOR APRIL 20 2014...
VALID TODAY AS OF 0600 PM LOCAL TIME.

CLIMATE NORMAL PERIOD 1981 TO 2010
CLIMATE RECORD PERIOD 1986 TO 2014


WEATHER ITEM   OBSERVED TIME   RECORD YEAR     LAST
                VALUE   (LST)  VALUE           YEAR
....................................................
TEMPERATURE (F)
 TODAY
  MAXIMUM         62        MM  71    2009    56
                                      1993
  MINIMUM         46        MM  35    2008    47
  AVERAGE         54                          52

PRECIPITATION (IN)
  TODAY            0.00          0.45 1997     0.27
  MONTH TO DATE    2.38                        4.11
  SINCE OCT 1     25.80                       36.10
  SINCE JAN 1     19.95                       14.13

SNOWFALL (IN)
  TODAY            0.0                         0.0
  MONTH TO DATE    0.0                         0.0
  SINCE OCT 1      2.9                         0.0
  SINCE JUL 1      2.9                         0.0
  SNOW DEPTH       0

DEGREE DAYS
 HEATING
  TODAY           11                          13
  MONTH TO DATE  258                         305
  SINCE MAR 1    782                         843
  SINCE JUL 1   4046                        3890

 COOLING
  TODAY            0                           0
  MONTH TO DATE    0                           0
  SINCE MAR 1      0                           0
  SINCE JAN 1      0                           0
....................................................


WIND (MPH)
  HIGHEST WIND SPEED    MM   HIGHEST WIND DIRECTION    MM
  HIGHEST GUST SPEED    MM   HIGHEST GUST DIRECTION    MM
  AVERAGE WIND SPEED    MM



WEATHER CONDITIONS
 THE FOLLOWING WEATHER WAS RECORDED TODAY.
  NO SIGNIFICANT WEATHER WAS OBSERVED.






-  INDICATES NEGATIVE NUMBERS.
R  INDICATES RECORD WAS SET OR TIED.
MM INDICATES DATA IS MISSING.
T  INDICATES TRACE AMOUNT.




$$
