000
CDUS46 KMTR 290836
CLISFD


CLIMATE REPORT
NATIONAL WEATHER SERVICE SAN FRANCISCO BAY AREA
1235 AM PST THU JAN 29 2015


...................................

...THE SAN FRANCISCO DWTN CA CLIMATE SUMMARY FOR JANUARY 28 2015...

CLIMATE NORMAL PERIOD 1981 TO 2010
CLIMATE RECORD PERIOD 1850 TO 2015


WEATHER ITEM   OBSERVED TIME   RECORD YEAR NORMAL DEPARTURE LAST
                VALUE   (LST)  VALUE       VALUE  FROM      YEAR
                                                  NORMAL
..................................................................
TEMPERATURE (F)
 YESTERDAY
  MAXIMUM         67    243 PM  72    1984  58      9       63
  MINIMUM         51    743 AM  36    1957  46      5       52
  AVERAGE         59                        52      7       58

PRECIPITATION (IN)
  YESTERDAY        0.00          2.38 1926   0.15  -0.15     0.00
  MONTH TO DATE    0.00                      4.05  -4.05     0.03
  SINCE JUL 1     15.09                     13.16   1.93     2.11
  SINCE JAN 1      0.00                      4.05  -4.05     0.03

DEGREE DAYS
 HEATING
  YESTERDAY        6                        MM     MM        7
  MONTH TO DATE  275                        MM     MM      227
  SINCE DEC 1    539                        MM     MM      629
  SINCE JUL 1    908                        MM     MM     1342

 COOLING
  YESTERDAY        0                        MM     MM        0
  MONTH TO DATE    0                         0      0        0
  SINCE DEC 1      0                         0      0        0
  SINCE JAN 1      0                         0      0        0
..................................................................







THE SAN FRANCISCO DWTN CA CLIMATE NORMALS FOR TODAY
                         NORMAL    RECORD    YEAR
 MAXIMUM TEMPERATURE (F)   58        71      1899
 MINIMUM TEMPERATURE (F)   46        36      1922


SUNRISE AND SUNSET
JANUARY 29 2015.......SUNRISE   716 AM PST   SUNSET   530 PM PST
JANUARY 30 2015.......SUNRISE   715 AM PST   SUNSET   531 PM PST


-  INDICATES NEGATIVE NUMBERS.
R  INDICATES RECORD WAS SET OR TIED.
MM INDICATES DATA IS MISSING.
T  INDICATES TRACE AMOUNT.




$$
