000
CDUS46 KMTR 110836
CLISFD


CLIMATE REPORT
NATIONAL WEATHER SERVICE SAN FRANCISCO BAY AREA
1236 AM PST THU FEB 11 2016


...................................

...THE SAN FRANCISCO DWTN CA CLIMATE SUMMARY FOR FEBRUARY 10 2016...

CLIMATE NORMAL PERIOD 1981 TO 2010
CLIMATE RECORD PERIOD 1850 TO 2016


WEATHER ITEM   OBSERVED TIME   RECORD YEAR NORMAL DEPARTURE LAST
                VALUE   (LST)  VALUE       VALUE  FROM      YEAR
                                                  NORMAL
..................................................................
TEMPERATURE (F)
 YESTERDAY
  MAXIMUM         70    243 PM  78    1988  60     10       64
  MINIMUM         53    743 AM  38    1894  47      6       51
  AVERAGE         62                        54      8       58

PRECIPITATION (IN)
  YESTERDAY        0.00          2.86 1919   0.16  -0.16     0.00
  MONTH TO DATE    0.15                      1.65  -1.50     1.47
  SINCE OCT 1     13.70                     14.99  -1.29    15.92
  SINCE JAN 1      7.09                      6.15   0.94     1.47

DEGREE DAYS
 HEATING
  YESTERDAY        3                        MM     MM        7
  MONTH TO DATE   80                        MM     MM       51
  SINCE DEC 1    831                        MM     MM      606
  SINCE JUL 1   1222                        MM     MM      975

 COOLING
  YESTERDAY        0                        MM     MM        0
  MONTH TO DATE    0                         0      0        0
  SINCE DEC 1      0                         0      0        0
  SINCE JAN 1      0                         0      0        0
..................................................................







THE SAN FRANCISCO DWTN CA CLIMATE NORMALS FOR TODAY
                         NORMAL    RECORD    YEAR
 MAXIMUM TEMPERATURE (F)   60        78      1988
 MINIMUM TEMPERATURE (F)   47        36      1884


SUNRISE AND SUNSET
FEBRUARY 11 2016......SUNRISE   704 AM PST   SUNSET   544 PM PST
FEBRUARY 12 2016......SUNRISE   703 AM PST   SUNSET   545 PM PST


-  INDICATES NEGATIVE NUMBERS.
R  INDICATES RECORD WAS SET OR TIED.
MM INDICATES DATA IS MISSING.
T  INDICATES TRACE AMOUNT.




$$
