000
CDUS46 KMTR 250845
CLISFD


CLIMATE REPORT
NATIONAL WEATHER SERVICE SAN FRANCISCO BAY AREA
1245 AM PST SAT NOV 25 2017


...................................

...THE SAN FRANCISCO DWTN CA CLIMATE SUMMARY FOR NOVEMBER 24 2017...

CLIMATE NORMAL PERIOD 1981 TO 2010
CLIMATE RECORD PERIOD 1850 TO 2017


WEATHER ITEM   OBSERVED TIME   RECORD YEAR NORMAL DEPARTURE LAST
                VALUE   (LST)  VALUE       VALUE  FROM      YEAR
                                                  NORMAL
..................................................................
TEMPERATURE (F)
 YESTERDAY
  MAXIMUM         70    243 PM  74    1959  61      9       58
  MINIMUM         56    743 AM  41    2010  49      7       47
                                      1906
  AVERAGE         63                        55      8       53

PRECIPITATION (IN)
  YESTERDAY        0.00          2.58 1885   0.12  -0.12     0.00
  MONTH TO DATE    2.32                      2.40  -0.08     1.52
  SINCE OCT 1      2.63                      3.52  -0.89     3.95
  SINCE JAN 1     26.04                     18.33   7.71    20.44

DEGREE DAYS
 HEATING
  YESTERDAY        2                        MM     MM       12
  MONTH TO DATE  148                        MM     MM      116
  SINCE SEP 1    281                        MM     MM      338
  SINCE JUL 1    503                        MM     MM      646

 COOLING
  YESTERDAY        0                        MM     MM        0
  MONTH TO DATE    0                         0      0        4
  SINCE SEP 1    187                         0    187       62
  SINCE JAN 1    226                         0    226       93
..................................................................







THE SAN FRANCISCO DWTN CA CLIMATE NORMALS FOR TODAY
                         NORMAL    RECORD    YEAR
 MAXIMUM TEMPERATURE (F)   61        76      1975
 MINIMUM TEMPERATURE (F)   49        42      2010
                                             1892


SUNRISE AND SUNSET
NOVEMBER 25 2017......SUNRISE   701 AM PST   SUNSET   453 PM PST
NOVEMBER 26 2017......SUNRISE   702 AM PST   SUNSET   452 PM PST


-  INDICATES NEGATIVE NUMBERS.
R  INDICATES RECORD WAS SET OR TIED.
MM INDICATES DATA IS MISSING.
T  INDICATES TRACE AMOUNT.




$$
