000
CDUS46 KMTR 060845
CLISFD


CLIMATE REPORT
NATIONAL WEATHER SERVICE SAN FRANCISCO BAY AREA
1245 AM PST FRI MAR 6 2015


...................................

...THE SAN FRANCISCO DWTN CA CLIMATE SUMMARY FOR MARCH 5 2015...

CLIMATE NORMAL PERIOD 1981 TO 2010
CLIMATE RECORD PERIOD 1850 TO 2015


WEATHER ITEM   OBSERVED TIME   RECORD YEAR NORMAL DEPARTURE LAST
                VALUE   (LST)  VALUE       VALUE  FROM      YEAR
                                                  NORMAL
..................................................................
TEMPERATURE (F)
 YESTERDAY
  MAXIMUM         70    443 PM  77    1901  62      8       67
  MINIMUM         51    843 AM  40    1880  48      3       54
  AVERAGE         61                        55      6       61

PRECIPITATION (IN)
  YESTERDAY        0.00          2.73 1879   0.13  -0.13     0.23
  MONTH TO DATE    0.00                      0.67  -0.67     0.65
  SINCE OCT 1     15.92                     18.47  -2.55     8.18
  SINCE JAN 1      1.47                      9.63  -8.16     6.53

DEGREE DAYS
 HEATING
  YESTERDAY        4                        MM     MM        4
  MONTH TO DATE   36                        MM     MM       35
  SINCE MAR 1     36                        MM     MM       35
  SINCE JUL 1   1110                        MM     MM     1698

 COOLING
  YESTERDAY        0                        MM     MM        0
  MONTH TO DATE    0                         0      0        0
  SINCE MAR 1      0                         0      0        0
  SINCE JAN 1      0                         0      0        0
..................................................................







THE SAN FRANCISCO DWTN CA CLIMATE NORMALS FOR TODAY
                         NORMAL    RECORD    YEAR
 MAXIMUM TEMPERATURE (F)   62        78      1892
 MINIMUM TEMPERATURE (F)   48        39      1956


SUNRISE AND SUNSET
MARCH  6 2015.........SUNRISE   634 AM PST   SUNSET   608 PM PST
MARCH  7 2015.........SUNRISE   633 AM PST   SUNSET   609 PM PST


-  INDICATES NEGATIVE NUMBERS.
R  INDICATES RECORD WAS SET OR TIED.
MM INDICATES DATA IS MISSING.
T  INDICATES TRACE AMOUNT.




$$
