000
CDUS46 KMTR 270829
CLISFD


CLIMATE REPORT
NATIONAL WEATHER SERVICE SAN FRANCISCO BAY AREA
1229 AM PST SAT DEC 27 2014


...................................

...THE SAN FRANCISCO DWTN CA CLIMATE SUMMARY FOR DECEMBER 26 2014...

CLIMATE NORMAL PERIOD 1981 TO 2010
CLIMATE RECORD PERIOD 1850 TO 2014


WEATHER ITEM   OBSERVED TIME   RECORD YEAR NORMAL DEPARTURE LAST
                VALUE   (LST)  VALUE       VALUE  FROM      YEAR
                                                  NORMAL
..................................................................
TEMPERATURE (F)
 YESTERDAY
  MAXIMUM         58    443 PM  74    1967  56      2       65
  MINIMUM         48   1043 PM  36    1924  45      3       47
  AVERAGE         53                        51      2       56

PRECIPITATION (IN)
  YESTERDAY        0.00          2.03 1921   0.16  -0.16     0.00
  MONTH TO DATE   11.70                      3.82   7.88     0.39
  SINCE JUL 1     15.09                      8.37   6.72     2.08
  SINCE JAN 1     25.55                     22.91   2.64     5.59

DEGREE DAYS
 HEATING
  YESTERDAY       12                        MM     MM        9
  MONTH TO DATE  190                        MM     MM      349
  SINCE DEC 1    190                        MM     MM      349
  SINCE JUL 1    559                        MM     MM     1062

 COOLING
  YESTERDAY        0                        MM     MM        0
  MONTH TO DATE    0                         0      0        0
  SINCE DEC 1      0                         0      0        0
  SINCE JAN 1    163                         0    163       71
..................................................................







THE SAN FRANCISCO DWTN CA CLIMATE NORMALS FOR TODAY
                         NORMAL    RECORD    YEAR
 MAXIMUM TEMPERATURE (F)   56        71      1953
 MINIMUM TEMPERATURE (F)   45        36      1879


SUNRISE AND SUNSET
DECEMBER 27 2014......SUNRISE   724 AM PST   SUNSET   458 PM PST
DECEMBER 28 2014......SUNRISE   724 AM PST   SUNSET   459 PM PST


-  INDICATES NEGATIVE NUMBERS.
R  INDICATES RECORD WAS SET OR TIED.
MM INDICATES DATA IS MISSING.
T  INDICATES TRACE AMOUNT.




$$
