000
CDUS46 KOTX 310832
CLISFF


CLIMATE REPORT
NATIONAL WEATHER SERVICE SPOKANE, WA
130 AM PDT MON AUG 31 2015


...................................

...THE SPOKANE WA FELTS AIRPORT CLIMATE SUMMARY FOR AUGUST 30 2015...

CLIMATE NORMAL PERIOD 1981 TO 2010
CLIMATE RECORD PERIOD 9999 TO 9999


WEATHER ITEM   OBSERVED TIME   RECORD YEAR NORMAL DEPARTURE LAST
                VALUE   (LST)  VALUE       VALUE  FROM      YEAR
                                                  NORMAL
..................................................................
TEMPERATURE (F)
 YESTERDAY
  MAXIMUM         69    518 PM  MM      MM  81    -12       76
  MINIMUM         53    903 PM  MM      MM  52      1       57
  AVERAGE         61                        66     -5       67

PRECIPITATION (IN)
  YESTERDAY        0.18         MM      MM   0.03   0.15     0.00
  MONTH TO DATE    0.21                      0.67  -0.46     0.48
  SINCE OCT 1     13.39                     16.91  -3.52    13.40
  SINCE JAN 1      8.66                     10.71  -2.05    11.12

SNOWFALL (IN)
  YESTERDAY       MM

DEGREE DAYS
 HEATING
  YESTERDAY        4                         2      2        0
  MONTH TO DATE    6                        20    -14        0
  SINCE JUN 1     21                       159   -138       83
  SINCE JUL 1      6                        41    -35        4

 COOLING
  YESTERDAY        0                         3     -3        2
  MONTH TO DATE  248                       155     93      241
  SINCE JUN 1    786                       366    420      600
  SINCE JAN 1    824                       373    451      605
..................................................................


WIND (MPH)
  HIGHEST WIND SPEED    24   HIGHEST WIND DIRECTION    SW (220)
  HIGHEST GUST SPEED    30   HIGHEST GUST DIRECTION    SW (220)
  AVERAGE WIND SPEED     8.2


SKY COVER
  POSSIBLE SUNSHINE  MM
  AVERAGE SKY COVER 0.5


WEATHER CONDITIONS
 THE FOLLOWING WEATHER WAS RECORDED YESTERDAY.
  LIGHT RAIN
  FOG


RELATIVE HUMIDITY (PERCENT)
 HIGHEST    80          1100 AM
 LOWEST     34           600 PM
 AVERAGE    57

..........................................................


THE SPOKANE WA FELTS AIRPORT CLIMATE NORMALS FOR TODAY
                         NORMAL    RECORD    YEAR
 MAXIMUM TEMPERATURE (F)   80        MM        MM
 MINIMUM TEMPERATURE (F)   51        MM        MM


SUNRISE AND SUNSET
AUGUST 31 2015........SUNRISE   606 AM PDT   SUNSET   732 PM PDT
SEPTEMBER  1 2015.....SUNRISE   608 AM PDT   SUNSET   730 PM PDT


-  INDICATES NEGATIVE NUMBERS.
R  INDICATES RECORD WAS SET OR TIED.
MM INDICATES DATA IS MISSING.
T  INDICATES TRACE AMOUNT.




$$
