000
CDUS46 KOTX 250837
CLISFF


CLIMATE REPORT
NATIONAL WEATHER SERVICE SPOKANE, WA
1236 AM PST TUE NOV 25 2014


...................................

...THE SPOKANE WA FELTS AIRPORT CLIMATE SUMMARY FOR NOVEMBER 24 2014...

CLIMATE NORMAL PERIOD 1981 TO 2010
CLIMATE RECORD PERIOD 9999 TO 9999


WEATHER ITEM   OBSERVED TIME   RECORD YEAR NORMAL DEPARTURE LAST
                VALUE   (LST)  VALUE       VALUE  FROM      YEAR
                                                  NORMAL
..................................................................
TEMPERATURE (F)
 YESTERDAY
  MAXIMUM         43   1159 PM  MM      MM  40      3       40
  MINIMUM         25    515 AM  MM      MM  29     -4       20
  AVERAGE         34                        34      0       30

PRECIPITATION (IN)
  YESTERDAY        0.02         MM      MM   0.08  -0.06     0.00
  MONTH TO DATE    1.17                      1.76  -0.59     1.34
  SINCE OCT 1      2.43                      3.13  -0.70     1.52
  SINCE JAN 1     13.84                     14.71  -0.87    13.20

SNOWFALL (IN)
  YESTERDAY       MM

DEGREE DAYS
 HEATING
  YESTERDAY       31                        31      0       35
  MONTH TO DATE  687                       644     43      636
  SINCE SEP 1   1093                      1335   -242     1325
  SINCE JUL 1   1099                      1381   -282     1330

 COOLING
  YESTERDAY        0                         0      0        0
  MONTH TO DATE    0                         0      0        0
  SINCE SEP 1     34                        30      4      101
  SINCE JAN 1    639                       406    233      704
..................................................................


WIND (MPH)
  HIGHEST WIND SPEED    16   HIGHEST WIND DIRECTION    SW (220)
  HIGHEST GUST SPEED    22   HIGHEST GUST DIRECTION     S (180)
  AVERAGE WIND SPEED     4.6


SKY COVER
  POSSIBLE SUNSHINE  MM
  AVERAGE SKY COVER 0.6


WEATHER CONDITIONS
 THE FOLLOWING WEATHER WAS RECORDED YESTERDAY.
  LIGHT RAIN
  FOG


RELATIVE HUMIDITY (PERCENT)
 HIGHEST    92          1200 AM
 LOWEST     65           400 PM
 AVERAGE    79

..........................................................


THE SPOKANE WA FELTS AIRPORT CLIMATE NORMALS FOR TODAY
                         NORMAL    RECORD    YEAR
 MAXIMUM TEMPERATURE (F)   40        MM        MM
 MINIMUM TEMPERATURE (F)   28        MM        MM


SUNRISE AND SUNSET
NOVEMBER 25 2014......SUNRISE   709 AM PST   SUNSET   403 PM PST
NOVEMBER 26 2014......SUNRISE   710 AM PST   SUNSET   403 PM PST


-  INDICATES NEGATIVE NUMBERS.
R  INDICATES RECORD WAS SET OR TIED.
MM INDICATES DATA IS MISSING.
T  INDICATES TRACE AMOUNT.




$$
