000
CDUS46 KOTX 230822
CLISFF


CLIMATE REPORT
NATIONAL WEATHER SERVICE SPOKANE, WA
122 AM PDT SAT SEP 23 2017


...................................

...THE SPOKANE WA FELTS AIRPORT CLIMATE SUMMARY FOR SEPTEMBER 22 2017...

CLIMATE NORMAL PERIOD 1981 TO 2010
CLIMATE RECORD PERIOD 9999 TO 9999


WEATHER ITEM   OBSERVED TIME   RECORD YEAR NORMAL DEPARTURE LAST
                VALUE   (LST)  VALUE       VALUE  FROM      YEAR
                                                  NORMAL
..................................................................
TEMPERATURE (F)
 YESTERDAY
  MAXIMUM         62    135 PM  MM      MM  72    -10       68
  MINIMUM         36    622 AM  MM      MM  44     -8       52
  AVERAGE         49                        58     -9       60

PRECIPITATION (IN)
  YESTERDAY        0.00         MM      MM   0.03  -0.03     0.00
  MONTH TO DATE    1.29                      0.58   0.71     0.34
  SINCE OCT 1     23.32                     17.52   5.80    16.69
  SINCE JAN 1     14.23                     11.32   2.91    11.15

SNOWFALL (IN)
  YESTERDAY       MM

DEGREE DAYS
 HEATING
  YESTERDAY       16                         7      9        5
  MONTH TO DATE  114                        94     20      112
  SINCE SEP 1    114                        94     20      112
  SINCE JUL 1    114                       140    -26      128

 COOLING
  YESTERDAY        0                         0      0        0
  MONTH TO DATE   81                        29     52        2
  SINCE SEP 1     81                        29     52        2
  SINCE JAN 1    753                       405    348      473
..................................................................


WIND (MPH)
  HIGHEST WIND SPEED     8   HIGHEST WIND DIRECTION     N (360)
  HIGHEST GUST SPEED    12   HIGHEST GUST DIRECTION     N (20)
  AVERAGE WIND SPEED     1.3


SKY COVER
  POSSIBLE SUNSHINE  MM
  AVERAGE SKY COVER 0.6


WEATHER CONDITIONS
 THE FOLLOWING WEATHER WAS RECORDED YESTERDAY.
  FOG
  FOG W/VISIBILITY <= 1/4 MILE


RELATIVE HUMIDITY (PERCENT)
 HIGHEST   100           200 AM
 LOWEST     40           300 PM
 AVERAGE    70

..........................................................


THE SPOKANE WA FELTS AIRPORT CLIMATE NORMALS FOR TODAY
                         NORMAL    RECORD    YEAR
 MAXIMUM TEMPERATURE (F)   72        MM        MM
 MINIMUM TEMPERATURE (F)   44        MM        MM


SUNRISE AND SUNSET
SEPTEMBER 23 2017.....SUNRISE   638 AM PDT   SUNSET   644 PM PDT
SEPTEMBER 24 2017.....SUNRISE   639 AM PDT   SUNSET   642 PM PDT


-  INDICATES NEGATIVE NUMBERS.
R  INDICATES RECORD WAS SET OR TIED.
MM INDICATES DATA IS MISSING.
T  INDICATES TRACE AMOUNT.




$$
