834
CDUS46 KOTX 220850
CLISFF


CLIMATE REPORT
NATIONAL WEATHER SERVICE SPOKANE, WA
149 AM PDT WED MAR 22 2017


...................................

...THE SPOKANE WA FELTS AIRPORT CLIMATE SUMMARY FOR MARCH 21 2017...

CLIMATE NORMAL PERIOD 1981 TO 2010
CLIMATE RECORD PERIOD 9999 TO 9999


WEATHER ITEM   OBSERVED TIME   RECORD YEAR NORMAL DEPARTURE LAST
                VALUE   (LST)  VALUE       VALUE  FROM      YEAR
                                                  NORMAL
..................................................................
TEMPERATURE (F)
 YESTERDAY
  MAXIMUM         56    330 PM  MM      MM  52      4       59
  MINIMUM         40    553 AM  MM      MM  33      7       43
  AVERAGE         48                        42      6       51

PRECIPITATION (IN)
  YESTERDAY        0.18         MM      MM   0.06   0.12     0.18
  MONTH TO DATE    2.16                      0.98   1.18     1.99
  SINCE OCT 1     16.75                     10.51   6.24    10.65
  SINCE JAN 1      7.66                      4.31   3.35     5.11

SNOWFALL (IN)
  YESTERDAY       MM

DEGREE DAYS
 HEATING
  YESTERDAY       17                        23     -6       14
  MONTH TO DATE  478                       535    -57      448
  SINCE MAR 1    478                       535    -57      448
  SINCE JUL 1   5074                      5106    -32     4353

 COOLING
  YESTERDAY        0                         0      0        0
  MONTH TO DATE    0                         0      0        0
  SINCE MAR 1      0                         0      0        0
  SINCE JAN 1      0                         0      0        0
..................................................................


WIND (MPH)
  HIGHEST WIND SPEED    21   HIGHEST WIND DIRECTION     S (200)
  HIGHEST GUST SPEED    25   HIGHEST GUST DIRECTION     S (200)
  AVERAGE WIND SPEED     2.7


SKY COVER
  POSSIBLE SUNSHINE  MM
  AVERAGE SKY COVER 1.0


WEATHER CONDITIONS
 THE FOLLOWING WEATHER WAS RECORDED YESTERDAY.
  LIGHT RAIN
  FOG


RELATIVE HUMIDITY (PERCENT)
 HIGHEST   100           600 AM
 LOWEST     65          1200 AM
 AVERAGE    83

..........................................................


THE SPOKANE WA FELTS AIRPORT CLIMATE NORMALS FOR TODAY
                         NORMAL    RECORD    YEAR
 MAXIMUM TEMPERATURE (F)   52        MM        MM
 MINIMUM TEMPERATURE (F)   33        MM        MM


SUNRISE AND SUNSET
MARCH 22 2017.........SUNRISE   648 AM PDT   SUNSET   705 PM PDT
MARCH 23 2017.........SUNRISE   645 AM PDT   SUNSET   707 PM PDT


-  INDICATES NEGATIVE NUMBERS.
R  INDICATES RECORD WAS SET OR TIED.
MM INDICATES DATA IS MISSING.
T  INDICATES TRACE AMOUNT.




$$
