000
CDUS46 KMTR 300034
CLISFO


CLIMATE REPORT
NATIONAL WEATHER SERVICE SAN FRANCISCO BAY AREA
534 PM PDT FRI AUG 29 2014


...................................

...THE SAN FRANCISCO AIRPORT CLIMATE SUMMARY FOR AUGUST 29 2014...
VALID TODAY AS OF 0500 PM LOCAL TIME.

CLIMATE NORMAL PERIOD 1981 TO 2010
CLIMATE RECORD PERIOD 1927 TO 2014


WEATHER ITEM   OBSERVED TIME   RECORD YEAR NORMAL DEPARTURE LAST
                VALUE   (LST)  VALUE       VALUE  FROM      YEAR
                                                  NORMAL
..................................................................
TEMPERATURE (F)
 TODAY
  MAXIMUM         71    109 PM  98    1968  74     -3       74
  MINIMUM         60    551 AM  49    1955  56      4       61
  AVERAGE         66                        65      1       68

PRECIPITATION (IN)
  TODAY            0.00          0.14 1992   0.01  -0.01     0.00
  MONTH TO DATE    T                         0.04  -0.04      T
  SINCE JUL 1      T                         0.04  -0.04      T
  SINCE JAN 1      7.31                     13.12  -5.81     1.89

SNOWFALL (IN)
  TODAY            0.0           0.0
  MONTH TO DATE    0.0
  SINCE JUN 1      0.0
  SINCE JUL 1      0.0
  SNOW DEPTH      MM

DEGREE DAYS
 HEATING
  TODAY            0                         2     -2        0
  MONTH TO DATE    1                        43    -42       36
  SINCE JUN 1     69                       213   -144      202
  SINCE JUL 1     20                       108    -88      114

 COOLING
  TODAY            1                         1      0        3
  MONTH TO DATE   61                        29     32       24
  SINCE JUN 1    179                        74    105       69
  SINCE JAN 1    242                        93    149       96
..................................................................


WIND (MPH)
  RESULTANT WIND SPEED   7   RESULTANT WIND DIRECTION   W (280)
  HIGHEST WIND SPEED    25   HIGHEST WIND DIRECTION     W (280)
  HIGHEST GUST SPEED    32   HIGHEST GUST DIRECTION     W (280)
  AVERAGE WIND SPEED     8.5


SKY COVER
  POSSIBLE SUNSHINE  MM
  AVERAGE SKY COVER 0.8


WEATHER CONDITIONS
 THE FOLLOWING WEATHER WAS RECORDED TODAY.
  NO SIGNIFICANT WEATHER WAS OBSERVED.


RELATIVE HUMIDITY (PERCENT)
 HIGHEST    97          1200 AM
 LOWEST     68          1200 PM
 AVERAGE    83

..........................................................


THE SAN FRANCISCO AIRPORT CLIMATE NORMALS FOR TOMORROW
                         NORMAL    RECORD    YEAR
 MAXIMUM TEMPERATURE (F)   74        87      2005
 MINIMUM TEMPERATURE (F)   56        45      1955
                                             1952


SUNRISE AND SUNSET
AUGUST 29 2014........SUNRISE   637 AM PDT   SUNSET   743 PM PDT
AUGUST 30 2014........SUNRISE   638 AM PDT   SUNSET   741 PM PDT


-  INDICATES NEGATIVE NUMBERS.
R  INDICATES RECORD WAS SET OR TIED.
MM INDICATES DATA IS MISSING.
T  INDICATES TRACE AMOUNT.




$$
