000
CDUS43 KSGF 280626
CLISGF


CLIMATE REPORT
NATIONAL WEATHER SERVICE SPRINGFIELD MO
1226 AM CST WED JAN 28 2015


...................................

...THE SPRINGFIELD MO CLIMATE SUMMARY FOR JANUARY 27 2015...

CLIMATE NORMAL PERIOD 1981 TO 2010
CLIMATE RECORD PERIOD 1888 TO 2015


WEATHER ITEM   OBSERVED TIME   RECORD YEAR NORMAL DEPARTURE LAST
                VALUE   (LST)  VALUE       VALUE  FROM      YEAR
                                                  NORMAL
..................................................................
TEMPERATURE (F)
 YESTERDAY
  MAXIMUM         60    430 PM  67    1914  44     16       33
  MINIMUM         29    734 AM  -7    1963  22      7       12
  AVERAGE         45                        33     12       23

PRECIPITATION (IN)
  YESTERDAY        0.00          1.49 1968   0.07  -0.07     0.00
  MONTH TO DATE    0.78                      2.16  -1.38     1.26
  SINCE DEC 1      2.55                      5.20  -2.65     3.82
  SINCE JAN 1      0.78                      2.16  -1.38     1.26

SNOWFALL (IN)
  YESTERDAY        0.0
  MONTH TO DATE    0.3
  SINCE DEC 1      0.8
  SINCE JUL 1      2.5
  SNOW DEPTH       0

DEGREE DAYS
 HEATING
  YESTERDAY       20                        32    -12       42
  MONTH TO DATE  850                       879    -29      958
  SINCE DEC 1   1670                      1810   -140     1944
  SINCE JUL 1   2620                      2689    -69     2881

 COOLING
  YESTERDAY        0                         0      0        0
  MONTH TO DATE    0                         0      0        0
  SINCE DEC 1      0                         0      0        0
  SINCE JAN 1      0                         0      0        0
..................................................................


WIND (MPH)
  HIGHEST WIND SPEED    15   HIGHEST WIND DIRECTION    SE (140)
  HIGHEST GUST SPEED    18   HIGHEST GUST DIRECTION    SE (140)
  AVERAGE WIND SPEED     4.3


SKY COVER
  AVERAGE SKY COVER 0.0


WEATHER CONDITIONS
 THE FOLLOWING WEATHER WAS RECORDED YESTERDAY.
  NO SIGNIFICANT WEATHER WAS OBSERVED.


RELATIVE HUMIDITY (PERCENT)
 HIGHEST    85           700 AM
 LOWEST     28           400 PM
 AVERAGE    57

..........................................................


THE SPRINGFIELD MO CLIMATE NORMALS FOR TODAY
                         NORMAL    RECORD    YEAR
 MAXIMUM TEMPERATURE (F)   44        74      2013
 MINIMUM TEMPERATURE (F)   23        -4      1977
                                             1948


SUNRISE AND SUNSET
JANUARY 28 2015.......SUNRISE   720 AM CST   SUNSET   534 PM CST
JANUARY 29 2015.......SUNRISE   719 AM CST   SUNSET   535 PM CST


-  INDICATES NEGATIVE NUMBERS.
R  INDICATES RECORD WAS SET OR TIED.
MM INDICATES DATA IS MISSING.
T  INDICATES TRACE AMOUNT.




$$
