000
CDUS43 KSGF 060657
CLISGF


CLIMATE REPORT
NATIONAL WEATHER SERVICE SPRINGFIELD MO
1257 AM CST FRI MAR 6 2015


...................................

...THE SPRINGFIELD MO CLIMATE SUMMARY FOR MARCH 5 2015...

CLIMATE NORMAL PERIOD 1981 TO 2010
CLIMATE RECORD PERIOD 1888 TO 2015


WEATHER ITEM   OBSERVED TIME   RECORD YEAR NORMAL DEPARTURE LAST
                VALUE   (LST)  VALUE       VALUE  FROM      YEAR
                                                  NORMAL
..................................................................
TEMPERATURE (F)
 YESTERDAY
  MAXIMUM         33    524 PM  82    1908  54    -21       49
  MINIMUM         12    627 AM   2    1960  32    -20       21
  AVERAGE         23                        43    -20       35

PRECIPITATION (IN)
  YESTERDAY        0.00          2.87 1961   0.11  -0.11     0.00
  MONTH TO DATE    0.12                      0.52  -0.40     0.21
  SINCE MAR 1      0.12                      0.52  -0.40     0.21
  SINCE JAN 1      2.72                      5.51  -2.79     2.00

SNOWFALL (IN)
  YESTERDAY        0.0
  MONTH TO DATE    1.2
  SINCE MAR 1      1.2
  SINCE JUL 1     15.8
  SNOW DEPTH       1

DEGREE DAYS
 HEATING
  YESTERDAY       42                        22     20       30
  MONTH TO DATE  172                       113     59      196
  SINCE MAR 1    172                       113     59      196
  SINCE JUL 1   3879                      3706    173     4151

 COOLING
  YESTERDAY        0                         0      0        0
  MONTH TO DATE    0                         0      0        0
  SINCE MAR 1      0                         0      0        0
  SINCE JAN 1      0                         0      0        0
..................................................................


WIND (MPH)
  HIGHEST WIND SPEED    16   HIGHEST WIND DIRECTION    NW (330)
  HIGHEST GUST SPEED    18   HIGHEST GUST DIRECTION    NW (330)
  AVERAGE WIND SPEED     6.7


SKY COVER
  AVERAGE SKY COVER 0.1


WEATHER CONDITIONS
 THE FOLLOWING WEATHER WAS RECORDED YESTERDAY.
  NO SIGNIFICANT WEATHER WAS OBSERVED.


RELATIVE HUMIDITY (PERCENT)
 HIGHEST    76           700 AM
 LOWEST     36           600 PM
 AVERAGE    56

..........................................................


THE SPRINGFIELD MO CLIMATE NORMALS FOR TODAY
                         NORMAL    RECORD    YEAR
 MAXIMUM TEMPERATURE (F)   54        83      1974
                                             1956
 MINIMUM TEMPERATURE (F)   32         0      1943


SUNRISE AND SUNSET
MARCH  6 2015.........SUNRISE   638 AM CST   SUNSET   612 PM CST
MARCH  7 2015.........SUNRISE   637 AM CST   SUNSET   613 PM CST


-  INDICATES NEGATIVE NUMBERS.
R  INDICATES RECORD WAS SET OR TIED.
MM INDICATES DATA IS MISSING.
T  INDICATES TRACE AMOUNT.




$$
