000
CDUS43 KSGF 310627
CLISGF


CLIMATE REPORT
NATIONAL WEATHER SERVICE SPRINGFIELD MO
126 AM CDT TUE MAY 31 2016


...................................

...THE SPRINGFIELD MO CLIMATE SUMMARY FOR MAY 30 2016...

CLIMATE NORMAL PERIOD 1981 TO 2010
CLIMATE RECORD PERIOD 1888 TO 2016


WEATHER ITEM   OBSERVED TIME   RECORD YEAR NORMAL DEPARTURE LAST
                VALUE   (LST)  VALUE       VALUE  FROM      YEAR
                                                  NORMAL
..................................................................
TEMPERATURE (F)
 YESTERDAY
  MAXIMUM         82   1057 AM  94    1934  79      3       73
  MINIMUM         63    512 AM  38    1984  59      4       60
                                      1889
  AVERAGE         73                        69      4       67

PRECIPITATION (IN)
  YESTERDAY        0.01          2.50 2013   0.15  -0.14     0.04
  MONTH TO DATE    4.52                      4.95  -0.43     6.23
  SINCE MAR 1      9.96                     12.89  -2.93    12.80
  SINCE JAN 1     11.24                     17.88  -6.64    15.40

SNOWFALL (IN)
  YESTERDAY        0.0
  MONTH TO DATE    0.0
  SINCE MAR 1      T
  SINCE JUL 1      3.0
  SNOW DEPTH       0

DEGREE DAYS
 HEATING
  YESTERDAY        0                         1     -1        0
  MONTH TO DATE  129                        93     36       60
  SINCE MAR 1    716                       974   -258      825
  SINCE JUL 1   3629                      4567   -938     4532

 COOLING
  YESTERDAY        8                         5      3        2
  MONTH TO DATE   85                        84      1      120
  SINCE MAR 1    112                       109      3      142
  SINCE JAN 1    112                       109      3      142
..................................................................


WIND (MPH)
  HIGHEST WIND SPEED    21   HIGHEST WIND DIRECTION    SW (230)
  HIGHEST GUST SPEED    26   HIGHEST GUST DIRECTION    SW (240)
  AVERAGE WIND SPEED     6.8


SKY COVER
  AVERAGE SKY COVER 0.4


WEATHER CONDITIONS
 THE FOLLOWING WEATHER WAS RECORDED YESTERDAY.
  LIGHT RAIN


RELATIVE HUMIDITY (PERCENT)
 HIGHEST    87           100 AM
 LOWEST     51          1000 AM
 AVERAGE    69

..........................................................


THE SPRINGFIELD MO CLIMATE NORMALS FOR TODAY
                         NORMAL    RECORD    YEAR
 MAXIMUM TEMPERATURE (F)   79        95      1934
 MINIMUM TEMPERATURE (F)   59        40      1889


SUNRISE AND SUNSET
MAY 31 2016...........SUNRISE   555 AM CDT   SUNSET   828 PM CDT
JUNE  1 2016..........SUNRISE   555 AM CDT   SUNSET   829 PM CDT


-  INDICATES NEGATIVE NUMBERS.
R  INDICATES RECORD WAS SET OR TIED.
MM INDICATES DATA IS MISSING.
T  INDICATES TRACE AMOUNT.




$$
