891
CDUS43 KSGF 260645
CLISGF


CLIMATE REPORT
NATIONAL WEATHER SERVICE SPRINGFIELD MO
145 AM CDT MON SEP 26 2016


...................................

...THE SPRINGFIELD MO CLIMATE SUMMARY FOR SEPTEMBER 25 2016...

CLIMATE NORMAL PERIOD 1981 TO 2010
CLIMATE RECORD PERIOD 1888 TO 2016


WEATHER ITEM   OBSERVED TIME   RECORD YEAR NORMAL DEPARTURE LAST
                VALUE   (LST)  VALUE       VALUE  FROM      YEAR
                                                  NORMAL
..................................................................
TEMPERATURE (F)
 YESTERDAY
  MAXIMUM         86   1109 AM  95    1939  76     10       83
  MINIMUM         60   1159 PM  36    1989  54      6       58
  AVERAGE         73                        65      8       71

PRECIPITATION (IN)
  YESTERDAY        0.12          3.27 1993   0.16  -0.04     0.00
  MONTH TO DATE    3.82                      3.87  -0.05     4.05
  SINCE SEP 1      3.82                      3.87  -0.05     4.05
  SINCE JAN 1     29.44                     33.98  -4.54    39.57

SNOWFALL (IN)
  YESTERDAY        0.0
  MONTH TO DATE    0.0
  SINCE SEP 1      0.0
  SINCE JUL 1      0.0
  SNOW DEPTH       0

DEGREE DAYS
 HEATING
  YESTERDAY        0                         3     -3        0
  MONTH TO DATE    0                        32    -32        9
  SINCE SEP 1      0                        32    -32        9
  SINCE JUL 1      0                        34    -34       12

 COOLING
  YESTERDAY        8                         3      5        6
  MONTH TO DATE  266                       158    108      233
  SINCE SEP 1    266                       158    108      233
  SINCE JAN 1   1698                      1344    354     1502
..................................................................


WIND (MPH)
  HIGHEST WIND SPEED    22   HIGHEST WIND DIRECTION     N (340)
  HIGHEST GUST SPEED    26   HIGHEST GUST DIRECTION    NW (330)
  AVERAGE WIND SPEED     7.9


SKY COVER
  AVERAGE SKY COVER 0.4


WEATHER CONDITIONS
 THE FOLLOWING WEATHER WAS RECORDED YESTERDAY.
  THUNDERSTORM
  HEAVY RAIN
  LIGHT RAIN
  FOG


RELATIVE HUMIDITY (PERCENT)
 HIGHEST    90           400 AM
 LOWEST     51          1100 AM
 AVERAGE    71

..........................................................


THE SPRINGFIELD MO CLIMATE NORMALS FOR TODAY
                         NORMAL    RECORD    YEAR
 MAXIMUM TEMPERATURE (F)   76        92      1953
                                             1938
 MINIMUM TEMPERATURE (F)   53        34      1975


SUNRISE AND SUNSET
SEPTEMBER 26 2016.....SUNRISE   705 AM CDT   SUNSET   703 PM CDT
SEPTEMBER 27 2016.....SUNRISE   706 AM CDT   SUNSET   702 PM CDT


-  INDICATES NEGATIVE NUMBERS.
R  INDICATES RECORD WAS SET OR TIED.
MM INDICATES DATA IS MISSING.
T  INDICATES TRACE AMOUNT.




$$
