000
CDUS43 KSGF 022225
CLISGF


CLIMATE REPORT
NATIONAL WEATHER SERVICE SPRINGFIELD MO
525 PM CDT TUE SEP 2 2014


...................................

...THE SPRINGFIELD MO CLIMATE SUMMARY FOR SEPTEMBER 2 2014...
VALID TODAY AS OF 0500 PM LOCAL TIME.

CLIMATE NORMAL PERIOD 1981 TO 2010
CLIMATE RECORD PERIOD 1888 TO 2014


WEATHER ITEM   OBSERVED TIME   RECORD YEAR NORMAL DEPARTURE LAST
                VALUE   (LST)  VALUE       VALUE  FROM      YEAR
                                                  NORMAL
..................................................................
TEMPERATURE (F)
 TODAY
  MAXIMUM         82    354 PM 101    2000  86     -4       85
  MINIMUM         67    750 AM  49    1974  63      4       61
                                      1952
  AVERAGE         75                        74      1       73

PRECIPITATION (IN)
  TODAY            0.52          2.36 1933   0.15   0.37     0.00
  MONTH TO DATE    1.48                      0.31   1.17     0.04
  SINCE SEP 1      1.48                      0.31   1.17     0.04
  SINCE JAN 1     23.45                     30.42  -6.97    38.19

SNOWFALL (IN)
  TODAY            0.0
  MONTH TO DATE    0.0
  SINCE SEP 1      0.0
  SINCE JUL 1      0.0
  SNOW DEPTH       0

DEGREE DAYS
 HEATING
  TODAY            0                         0      0        0
  MONTH TO DATE    0                         0      0        0
  SINCE SEP 1      0                         0      0        0
  SINCE JUL 1      0                         2     -2        0

 COOLING
  TODAY           10                        10      0        8
  MONTH TO DATE   20                        20      0       23
  SINCE SEP 1     20                        20      0       23
  SINCE JAN 1   1266                      1206     60     1166
..................................................................


WIND (MPH)
  HIGHEST WIND SPEED    22   HIGHEST WIND DIRECTION     S (190)
  HIGHEST GUST SPEED    28   HIGHEST GUST DIRECTION     S (190)


SKY COVER
  AVERAGE SKY COVER 0.2


WEATHER CONDITIONS
 THE FOLLOWING WEATHER WAS RECORDED TODAY.
  THUNDERSTORM
  RAIN
  LIGHT RAIN
  FOG


RELATIVE HUMIDITY (PERCENT)
 HIGHEST    93           600 AM
 LOWEST     55           400 PM
 AVERAGE    74

..........................................................


THE SPRINGFIELD MO CLIMATE NORMALS FOR TOMORROW
                         NORMAL    RECORD    YEAR
 MAXIMUM TEMPERATURE (F)   86       102      2000
                                             1939
 MINIMUM TEMPERATURE (F)   63        41      1974


SUNRISE AND SUNSET
SEPTEMBER  2 2014.....SUNRISE   645 AM CDT   SUNSET   741 PM CDT
SEPTEMBER  3 2014.....SUNRISE   646 AM CDT   SUNSET   739 PM CDT


-  INDICATES NEGATIVE NUMBERS.
R  INDICATES RECORD WAS SET OR TIED.
MM INDICATES DATA IS MISSING.
T  INDICATES TRACE AMOUNT.




$$
