000
CDUS43 KSGF 192327
CLISGF


CLIMATE REPORT
NATIONAL WEATHER SERVICE SPRINGFIELD MO
526 PM CST SUN FEB 19 2017


...................................

...THE SPRINGFIELD MO CLIMATE SUMMARY FOR FEBRUARY 19 2017...
VALID TODAY AS OF 0500 PM LOCAL TIME.

CLIMATE NORMAL PERIOD 1981 TO 2010
CLIMATE RECORD PERIOD 1888 TO 2017


WEATHER ITEM   OBSERVED TIME   RECORD YEAR NORMAL DEPARTURE LAST
                VALUE   (LST)  VALUE       VALUE  FROM      YEAR
                                                  NORMAL
..................................................................
TEMPERATURE (F)
 TODAY
  MAXIMUM         75R   419 PM  72    2016  49     26       72
  MINIMUM         42    624 AM  -5    2015  27     15       47
  AVERAGE         59                        38     21       60

PRECIPITATION (IN)
  TODAY            0.00          2.07 1955   0.10  -0.10     0.00
  MONTH TO DATE    0.15                      1.62  -1.47     0.11
  SINCE DEC 1      4.84                      7.13  -2.29    12.46
  SINCE JAN 1      4.22                      4.09   0.13     1.03

SNOWFALL (IN)
  TODAY            0.0
  MONTH TO DATE    0.0
  SINCE DEC 1      1.7
  SINCE JUL 1      1.7
  SNOW DEPTH       0

DEGREE DAYS
 HEATING
  TODAY            6                        27    -21        5
  MONTH TO DATE  372                       554   -182      488
  SINCE DEC 1   2066                      2488   -422     2082
  SINCE JUL 1   2582                      3367   -785     2727

 COOLING
  TODAY            0                         0      0        0
  MONTH TO DATE    3                         0      3        0
  SINCE DEC 1      3                         0      3        0
  SINCE JAN 1      3                         0      3        0
..................................................................


WIND (MPH)
  HIGHEST WIND SPEED    17   HIGHEST WIND DIRECTION    SE (130)
  HIGHEST GUST SPEED    20   HIGHEST GUST DIRECTION     S (190)


SKY COVER
  AVERAGE SKY COVER 0.0


WEATHER CONDITIONS
 THE FOLLOWING WEATHER WAS RECORDED TODAY.
  FOG


RELATIVE HUMIDITY (PERCENT)
 HIGHEST    93           200 AM
 LOWEST     50           400 PM
 AVERAGE    72

..........................................................


THE SPRINGFIELD MO CLIMATE NORMALS FOR TOMORROW
                         NORMAL    RECORD    YEAR
 MAXIMUM TEMPERATURE (F)   50        77      2016
 MINIMUM TEMPERATURE (F)   28         7      1918


SUNRISE AND SUNSET
FEBRUARY 19 2017......SUNRISE   657 AM CST   SUNSET   558 PM CST
FEBRUARY 20 2017......SUNRISE   656 AM CST   SUNSET   559 PM CST


-  INDICATES NEGATIVE NUMBERS.
R  INDICATES RECORD WAS SET OR TIED.
MM INDICATES DATA IS MISSING.
T  INDICATES TRACE AMOUNT.




$$
