000
CDUS43 KSGF 290629
CLISGF


CLIMATE REPORT
NATIONAL WEATHER SERVICE SPRINGFIELD MO
129 AM CDT FRI JUL 29 2016


...................................

...THE SPRINGFIELD MO CLIMATE SUMMARY FOR JULY 28 2016...

CLIMATE NORMAL PERIOD 1981 TO 2010
CLIMATE RECORD PERIOD 1888 TO 2016


WEATHER ITEM   OBSERVED TIME   RECORD YEAR NORMAL DEPARTURE LAST
                VALUE   (LST)  VALUE       VALUE  FROM      YEAR
                                                  NORMAL
..................................................................
TEMPERATURE (F)
 YESTERDAY
  MAXIMUM         90    135 PM 102    1986  90      0       93
  MINIMUM         70    540 AM  53    1994  68      2       77
  AVERAGE         80                        79      1       85

PRECIPITATION (IN)
  YESTERDAY        T             2.02 1895   0.09  -0.09     0.00
  MONTH TO DATE    7.15                      3.38   3.77     9.21
  SINCE JUN 1     11.57                      8.23   3.34    13.99
  SINCE JAN 1     22.82                     26.26  -3.44    29.39

SNOWFALL (IN)
  YESTERDAY        0.0
  MONTH TO DATE    0.0
  SINCE JUN 1      0.0
  SINCE JUL 1      0.0
  SNOW DEPTH       0

DEGREE DAYS
 HEATING
  YESTERDAY        0                         0      0        0
  MONTH TO DATE    0                         0      0        0
  SINCE JUN 1      0                         9     -9        1
  SINCE JUL 1      0                         0      0        0

 COOLING
  YESTERDAY       15                        14      1       20
  MONTH TO DATE  436                       369     67      416
  SINCE JUN 1    832                       632    200      766
  SINCE JAN 1    952                       747    205      908
..................................................................


WIND (MPH)
  HIGHEST WIND SPEED    21   HIGHEST WIND DIRECTION     W (250)
  HIGHEST GUST SPEED    27   HIGHEST GUST DIRECTION     W (250)
  AVERAGE WIND SPEED     4.2


SKY COVER
  AVERAGE SKY COVER 0.1


WEATHER CONDITIONS
 THE FOLLOWING WEATHER WAS RECORDED YESTERDAY.
  THUNDERSTORM
  LIGHT RAIN


RELATIVE HUMIDITY (PERCENT)
 HIGHEST    93           300 AM
 LOWEST     48           400 PM
 AVERAGE    71

..........................................................


THE SPRINGFIELD MO CLIMATE NORMALS FOR TODAY
                         NORMAL    RECORD    YEAR
 MAXIMUM TEMPERATURE (F)   90       106      2012
                                             1986
 MINIMUM TEMPERATURE (F)   68        52      1965


SUNRISE AND SUNSET
JULY 29 2016..........SUNRISE   616 AM CDT   SUNSET   823 PM CDT
JULY 30 2016..........SUNRISE   617 AM CDT   SUNSET   822 PM CDT


-  INDICATES NEGATIVE NUMBERS.
R  INDICATES RECORD WAS SET OR TIED.
MM INDICATES DATA IS MISSING.
T  INDICATES TRACE AMOUNT.




$$
