000
CDUS45 KBYZ 271035
CLISHR


CLIMATE REPORT
NATIONAL WEATHER SERVICE BILLINGS MT
334 AM MST TUE JAN 27 2015


...................................

...THE SHERIDAN WY CLIMATE SUMMARY FOR JANUARY 26 2015...

CLIMATE NORMAL PERIOD 1981 TO 2010
CLIMATE RECORD PERIOD 1907 TO 2015


WEATHER ITEM   OBSERVED TIME   RECORD YEAR NORMAL DEPARTURE LAST
                VALUE   (LST)  VALUE       VALUE  FROM      YEAR
                                                  NORMAL
..................................................................
TEMPERATURE (F)
 YESTERDAY
  MAXIMUM         66R   301 PM  61    2002  37     29       44
  MINIMUM         33    408 AM -28    1972  12     21       13
  AVERAGE         50                        24     26       29

PRECIPITATION (IN)
  YESTERDAY        0.00          0.35        0.02  -0.02     0.17
  MONTH TO DATE    0.45                      0.46  -0.01     0.59
  SINCE OCT 1      2.84                      3.14  -0.30     4.35
  SINCE JAN 1      0.45                      0.46  -0.01     0.59

DEGREE DAYS
 HEATING
  YESTERDAY       15                        41    -26       36
  MONTH TO DATE 1059                      1075    -16      936
  SINCE DEC 1   2288                      2380    -92     2351
  SINCE JUL 1   4114                      4258   -144     4156

 COOLING
  YESTERDAY        0                         0      0        0
  MONTH TO DATE    0                         0      0        0
  SINCE DEC 1      0                         0      0        0
  SINCE JAN 1      0                         0      0        0
..................................................................


WIND (MPH)
  HIGHEST WIND SPEED    12   HIGHEST WIND DIRECTION     S (190)
  HIGHEST GUST SPEED    13   HIGHEST GUST DIRECTION     S (190)
  AVERAGE WIND SPEED     3.5


SKY COVER
  POSSIBLE SUNSHINE  MM
  AVERAGE SKY COVER 0.0


WEATHER CONDITIONS
 THE FOLLOWING WEATHER WAS RECORDED YESTERDAY.
  HAZE


RELATIVE HUMIDITY (PERCENT)
 HIGHEST    75           400 AM
 LOWEST     28          1200 PM
 AVERAGE    52

..........................................................


THE SHERIDAN WY CLIMATE NORMALS FOR TODAY
                         NORMAL    RECORD    YEAR
 MAXIMUM TEMPERATURE (F)   37        58      1988
 MINIMUM TEMPERATURE (F)   12       -28      1918


SUNRISE AND SUNSET
JANUARY 27 2015.......SUNRISE   733 AM MST   SUNSET   509 PM MST
JANUARY 28 2015.......SUNRISE   732 AM MST   SUNSET   511 PM MST


-  INDICATES NEGATIVE NUMBERS.
R  INDICATES RECORD WAS SET OR TIED.
MM INDICATES DATA IS MISSING.
T  INDICATES TRACE AMOUNT.




$$
