000
CDUS45 KBYZ 290942
CLISHR


CLIMATE REPORT
NATIONAL WEATHER SERVICE BILLINGS MT
339 AM MDT THU SEP 29 2016


...................................

...THE SHERIDAN WY CLIMATE SUMMARY FOR SEPTEMBER 28 2016...

CLIMATE NORMAL PERIOD 1981 TO 2010
CLIMATE RECORD PERIOD 1907 TO 2016


WEATHER ITEM   OBSERVED TIME   RECORD YEAR NORMAL DEPARTURE LAST
                VALUE   (LST)  VALUE       VALUE  FROM      YEAR
                                                  NORMAL
..................................................................
TEMPERATURE (F)
 YESTERDAY
  MAXIMUM         81    156 PM  92    2010  68     13       69
                                      2001
  MINIMUM         43    553 AM  19    1984  37      6       43
  AVERAGE         62                        52     10       56

PRECIPITATION (IN)
  YESTERDAY        0.00          2.23 1923   0.05  -0.05     0.00
  MONTH TO DATE    3.71                      1.32   2.39     0.27
  SINCE OCT 1     15.37                     14.05   1.32    16.13
  SINCE JAN 1     13.22                     11.37   1.85    13.74

DEGREE DAYS
 HEATING
  YESTERDAY        3                        13    -10        9
  MONTH TO DATE  176                       214    -38       81
  SINCE SEP 1    176                       214    -38       81
  SINCE JUL 1    219                       276    -57      145

 COOLING
  YESTERDAY        0                         0      0        0
  MONTH TO DATE   30                        26      4       65
  SINCE SEP 1     30                        26      4       65
  SINCE JAN 1    549                       416    133      474
..................................................................


WIND (MPH)
  HIGHEST WIND SPEED    23   HIGHEST WIND DIRECTION    SE (140)
  HIGHEST GUST SPEED    33   HIGHEST GUST DIRECTION    SE (140)
  AVERAGE WIND SPEED     8.0


SKY COVER
  POSSIBLE SUNSHINE  MM
  AVERAGE SKY COVER 0.0


WEATHER CONDITIONS
 THE FOLLOWING WEATHER WAS RECORDED YESTERDAY.
  NO SIGNIFICANT WEATHER WAS OBSERVED.


RELATIVE HUMIDITY (PERCENT)
 HIGHEST    89           600 AM
 LOWEST     21           200 PM
 AVERAGE    55

..........................................................


THE SHERIDAN WY CLIMATE NORMALS FOR TODAY
                         NORMAL    RECORD    YEAR
 MAXIMUM TEMPERATURE (F)   67        91      1989
 MINIMUM TEMPERATURE (F)   37        20      1985
                                             1984


SUNRISE AND SUNSET
SEPTEMBER 29 2016.....SUNRISE   704 AM MDT   SUNSET   651 PM MDT
SEPTEMBER 30 2016.....SUNRISE   705 AM MDT   SUNSET   649 PM MDT


-  INDICATES NEGATIVE NUMBERS.
R  INDICATES RECORD WAS SET OR TIED.
MM INDICATES DATA IS MISSING.
T  INDICATES TRACE AMOUNT.




$$
