000
CDUS45 KBYZ 190933
CLISHR


CLIMATE REPORT
NATIONAL WEATHER SERVICE BILLINGS MT
332 AM MDT FRI SEP 19 2014


...................................

...THE SHERIDAN WY CLIMATE SUMMARY FOR SEPTEMBER 18 2014...

CLIMATE NORMAL PERIOD 1981 TO 2010
CLIMATE RECORD PERIOD 1907 TO 2014


WEATHER ITEM   OBSERVED TIME   RECORD YEAR NORMAL DEPARTURE LAST
                VALUE   (LST)  VALUE       VALUE  FROM      YEAR
                                                  NORMAL
..................................................................
TEMPERATURE (F)
 YESTERDAY
  MAXIMUM         84   1259 PM  94    1984  73     11       76
                                      1914
  MINIMUM         52    619 AM  15    1965  41     11       44
  AVERAGE         68                        57     11       60

PRECIPITATION (IN)
  YESTERDAY        0.02          0.92 1967   0.05  -0.03     0.05
  MONTH TO DATE    1.54                      0.77   0.77     2.76
  SINCE OCT 1     16.37                     13.50   2.87    15.29
  SINCE JAN 1     12.61                     10.82   1.79    12.75

SNOWFALL (IN)
  YESTERDAY       MM             0.6  1942   0.1   MM       MM
  MONTH TO DATE   MM                         1.1   MM       MM
  SINCE SEP 1     MM                         1.1   MM       MM
  SINCE JUL 1     MM                         1.1   MM       MM
  SNOW DEPTH      MM

DEGREE DAYS
 HEATING
  YESTERDAY        0                         9     -9        5
  MONTH TO DATE  184                       104     80       10
  SINCE SEP 1    184                       104     80       10
  SINCE JUL 1    234                       166     68       11

 COOLING
  YESTERDAY        3                         1      2        0
  MONTH TO DATE   15                        26    -11       82
  SINCE SEP 1     15                        26    -11       82
  SINCE JAN 1    333                       416    -83      592
..................................................................


WIND (MPH)
  HIGHEST WIND SPEED    31   HIGHEST WIND DIRECTION    NW (320)
  HIGHEST GUST SPEED    39   HIGHEST GUST DIRECTION    NW (310)
  AVERAGE WIND SPEED     5.9


SKY COVER
  POSSIBLE SUNSHINE  MM
  AVERAGE SKY COVER 0.1


WEATHER CONDITIONS
 THE FOLLOWING WEATHER WAS RECORDED YESTERDAY.
  THUNDERSTORM
  LIGHT RAIN


RELATIVE HUMIDITY (PERCENT)
 HIGHEST    84          1100 PM
 LOWEST     31           300 PM
 AVERAGE    58

..........................................................


THE SHERIDAN WY CLIMATE NORMALS FOR TODAY
                         NORMAL    RECORD    YEAR
 MAXIMUM TEMPERATURE (F)   72        95      1981
 MINIMUM TEMPERATURE (F)   40        24      1965


SUNRISE AND SUNSET
SEPTEMBER 19 2014.....SUNRISE   651 AM MDT   SUNSET   711 PM MDT
SEPTEMBER 20 2014.....SUNRISE   653 AM MDT   SUNSET   709 PM MDT


-  INDICATES NEGATIVE NUMBERS.
R  INDICATES RECORD WAS SET OR TIED.
MM INDICATES DATA IS MISSING.
T  INDICATES TRACE AMOUNT.




$$
