157
CDUS45 KBYZ 171032
CLISHR


CLIMATE REPORT
NATIONAL WEATHER SERVICE BILLINGS MT
331 AM MST TUE JAN 17 2017


...................................

...THE SHERIDAN WY CLIMATE SUMMARY FOR JANUARY 16 2017...

CLIMATE NORMAL PERIOD 1981 TO 2010
CLIMATE RECORD PERIOD 1907 TO 2017


WEATHER ITEM   OBSERVED TIME   RECORD YEAR NORMAL DEPARTURE LAST
                VALUE   (LST)  VALUE       VALUE  FROM      YEAR
                                                  NORMAL
..................................................................
TEMPERATURE (F)
 YESTERDAY
  MAXIMUM         34    231 PM  64    1974  36     -2       25
  MINIMUM          4    137 AM -35    1930  12     -8       10
  AVERAGE         19                        24     -5       18

PRECIPITATION (IN)
  YESTERDAY        0.00          0.26 1920   0.02  -0.02     0.08
  MONTH TO DATE    0.32                      0.27   0.05     0.09
  SINCE OCT 1      4.05                      2.95   1.10     2.24
  SINCE JAN 1      0.32                      0.27   0.05     0.09

DEGREE DAYS
 HEATING
  YESTERDAY       46                        41      5       47
  MONTH TO DATE  922                       665    257      645
  SINCE DEC 1   2450                      1970    480     1858
  SINCE JUL 1   3927                      3848     79     3410

 COOLING
  YESTERDAY        0                         0      0        0
  MONTH TO DATE    0                         0      0        0
  SINCE DEC 1      0                         0      0        0
  SINCE JAN 1      0                         0      0        0
..................................................................


WIND (MPH)
  HIGHEST WIND SPEED    14   HIGHEST WIND DIRECTION     S (190)
  HIGHEST GUST SPEED    17   HIGHEST GUST DIRECTION     S (200)
  AVERAGE WIND SPEED     7.3


SKY COVER
  POSSIBLE SUNSHINE  MM
  AVERAGE SKY COVER 0.0


WEATHER CONDITIONS
 THE FOLLOWING WEATHER WAS RECORDED YESTERDAY.
  NO SIGNIFICANT WEATHER WAS OBSERVED.


RELATIVE HUMIDITY (PERCENT)
 HIGHEST    73           900 PM
 LOWEST     42           300 AM
 AVERAGE    58

..........................................................


THE SHERIDAN WY CLIMATE NORMALS FOR TODAY
                         NORMAL    RECORD    YEAR
 MAXIMUM TEMPERATURE (F)   36        64      1923
 MINIMUM TEMPERATURE (F)   12       -36      1930


SUNRISE AND SUNSET
JANUARY 17 2017.......SUNRISE   740 AM MST   SUNSET   456 PM MST
JANUARY 18 2017.......SUNRISE   740 AM MST   SUNSET   458 PM MST


-  INDICATES NEGATIVE NUMBERS.
R  INDICATES RECORD WAS SET OR TIED.
MM INDICATES DATA IS MISSING.
T  INDICATES TRACE AMOUNT.




$$
