000
CDUS45 KBYZ 220723
CLISHR


CLIMATE REPORT
NATIONAL WEATHER SERVICE BILLINGS MT
1223 AM MST WED NOV 22 2017


...................................

...THE SHERIDAN WY CLIMATE SUMMARY FOR NOVEMBER 21 2017...

CLIMATE NORMAL PERIOD 1981 TO 2010
CLIMATE RECORD PERIOD 1907 TO 2017


WEATHER ITEM   OBSERVED TIME   RECORD YEAR NORMAL DEPARTURE LAST
                VALUE   (LST)  VALUE       VALUE  FROM      YEAR
                                                  NORMAL
..................................................................
TEMPERATURE (F)
 YESTERDAY
  MAXIMUM         44    309 PM  67    2012  43      1       44
  MINIMUM         26    621 AM -17    1977  17      9       24
  AVERAGE         35                        30      5       34

PRECIPITATION (IN)
  YESTERDAY        0.06          0.31 1983   0.02   0.04     0.08
  MONTH TO DATE    1.35                      0.52   0.83     1.24
  SINCE OCT 1      1.69                      1.93  -0.24     2.69
  SINCE JAN 1     17.47                     13.41   4.06    15.91

DEGREE DAYS
 HEATING
  YESTERDAY       30                        35     -5       31
  MONTH TO DATE  676                       635     41      458
  SINCE SEP 1   1555                      1481     74     1143
  SINCE JUL 1   1579                      1543     36     1186

 COOLING
  YESTERDAY        0                         0      0        0
  MONTH TO DATE    0                         0      0        0
  SINCE SEP 1     52                        29     23       30
  SINCE JAN 1    481                       419     62      549
..................................................................


WIND (MPH)
  HIGHEST WIND SPEED    13   HIGHEST WIND DIRECTION    SE (140)
  HIGHEST GUST SPEED    15   HIGHEST GUST DIRECTION    SE (140)
  AVERAGE WIND SPEED     3.8


SKY COVER
  POSSIBLE SUNSHINE  MM
  AVERAGE SKY COVER 0.4


WEATHER CONDITIONS
 THE FOLLOWING WEATHER WAS RECORDED YESTERDAY.
  LIGHT SNOW
  FOG


RELATIVE HUMIDITY (PERCENT)
 HIGHEST   100           200 AM
 LOWEST     70           300 PM
 AVERAGE    85

..........................................................


THE SHERIDAN WY CLIMATE NORMALS FOR TODAY
                         NORMAL    RECORD    YEAR
 MAXIMUM TEMPERATURE (F)   42        74      1954
 MINIMUM TEMPERATURE (F)   17       -12      1985


SUNRISE AND SUNSET
NOVEMBER 22 2017......SUNRISE   715 AM MST   SUNSET   433 PM MST
NOVEMBER 23 2017......SUNRISE   716 AM MST   SUNSET   433 PM MST


-  INDICATES NEGATIVE NUMBERS.
R  INDICATES RECORD WAS SET OR TIED.
MM INDICATES DATA IS MISSING.
T  INDICATES TRACE AMOUNT.




$$
