000
CDUS45 KBYZ 260933
CLISHR


CLIMATE REPORT
NATIONAL WEATHER SERVICE BILLINGS MT
332 AM MDT SAT JUL 26 2014


...................................

...THE SHERIDAN WY CLIMATE SUMMARY FOR JULY 25 2014...

CLIMATE NORMAL PERIOD 1981 TO 2010
CLIMATE RECORD PERIOD 1907 TO 2014


WEATHER ITEM   OBSERVED TIME   RECORD YEAR NORMAL DEPARTURE LAST
                VALUE   (LST)  VALUE       VALUE  FROM      YEAR
                                                  NORMAL
..................................................................
TEMPERATURE (F)
 YESTERDAY
  MAXIMUM         90    400 PM 102    1933  89      1       83
  MINIMUM         49    501 AM  37    1911  54     -5       57
  AVERAGE         70                        72     -2       70

PRECIPITATION (IN)
  YESTERDAY        0.00          0.98 1981   0.04  -0.04      T
                                      1923
  MONTH TO DATE    1.01                      0.98   0.03     0.37
  SINCE OCT 1     13.78                     11.81   1.97    12.42
  SINCE JAN 1     10.02                      9.13   0.89     9.88

SNOWFALL (IN)
  YESTERDAY       MM             0.0  2001   0.0   MM       MM
                                      2000
  MONTH TO DATE   MM                         0.0   MM       MM
  SINCE JUN 1     MM                         T     MM       MM
  SINCE JUL 1     MM                         0.0   MM       MM
  SNOW DEPTH      MM

DEGREE DAYS
 HEATING
  YESTERDAY        0                         0      0        0
  MONTH TO DATE    9                        24    -15        0
  SINCE JUN 1    191                       173     18      120
  SINCE JUL 1      9                        24    -15        0

 COOLING
  YESTERDAY        5                         7     -2        5
  MONTH TO DATE  153                       142     11      198
  SINCE JUN 1    161                       188    -27      246
  SINCE JAN 1    169                       192    -23      254
..................................................................


WIND (MPH)
  HIGHEST WIND SPEED    17   HIGHEST WIND DIRECTION    NW (330)
  HIGHEST GUST SPEED    21   HIGHEST GUST DIRECTION    NW (330)
  AVERAGE WIND SPEED     5.2


SKY COVER
  POSSIBLE SUNSHINE  MM
  AVERAGE SKY COVER 0.0


WEATHER CONDITIONS
 THE FOLLOWING WEATHER WAS RECORDED YESTERDAY.
  NO SIGNIFICANT WEATHER WAS OBSERVED.


RELATIVE HUMIDITY (PERCENT)
 HIGHEST    86           500 AM
 LOWEST     23           300 PM
 AVERAGE    55

..........................................................


THE SHERIDAN WY CLIMATE NORMALS FOR TODAY
                         NORMAL    RECORD    YEAR
 MAXIMUM TEMPERATURE (F)   89       103      1929
 MINIMUM TEMPERATURE (F)   54        41      1971


SUNRISE AND SUNSET
JULY 26 2014..........SUNRISE   547 AM MDT   SUNSET   841 PM MDT
JULY 27 2014..........SUNRISE   548 AM MDT   SUNSET   840 PM MDT


-  INDICATES NEGATIVE NUMBERS.
R  INDICATES RECORD WAS SET OR TIED.
MM INDICATES DATA IS MISSING.
T  INDICATES TRACE AMOUNT.




$$
