000
CDUS45 KBYZ 050933
CLISHR


CLIMATE REPORT
NATIONAL WEATHER SERVICE BILLINGS MT
331 AM MDT SAT SEP 5 2015


...................................

...THE SHERIDAN WY CLIMATE SUMMARY FOR SEPTEMBER 4 2015...

CLIMATE NORMAL PERIOD 1981 TO 2010
CLIMATE RECORD PERIOD 1907 TO 2015


WEATHER ITEM   OBSERVED TIME   RECORD YEAR NORMAL DEPARTURE LAST
                VALUE   (LST)  VALUE       VALUE  FROM      YEAR
                                                  NORMAL
..................................................................
TEMPERATURE (F)
 YESTERDAY
  MAXIMUM         84    306 PM 101    1998  80      4       64
  MINIMUM         52    607 AM  31    1962  46      6       39
  AVERAGE         68                        63      5       52

PRECIPITATION (IN)
  YESTERDAY        0.01          1.00 1999   0.03  -0.02     0.00
  MONTH TO DATE    0.01                      0.14  -0.13     0.16
  SINCE OCT 1     15.87                     12.87   3.00    14.99
  SINCE JAN 1     13.48                     10.19   3.29    11.23

DEGREE DAYS
 HEATING
  YESTERDAY        0                         4     -4       13
  MONTH TO DATE    0                        14    -14       24
  SINCE SEP 1      0                        14    -14       24
  SINCE JUL 1     64                        76    -12       74

 COOLING
  YESTERDAY        3                         2      1        0
  MONTH TO DATE   27                         9     18        3
  SINCE SEP 1     27                         9     18        3
  SINCE JAN 1    436                       399     37      321
..................................................................


WIND (MPH)
  HIGHEST WIND SPEED    28   HIGHEST WIND DIRECTION    NW (320)
  HIGHEST GUST SPEED    34   HIGHEST GUST DIRECTION    NW (320)
  AVERAGE WIND SPEED     8.1


SKY COVER
  POSSIBLE SUNSHINE  MM
  AVERAGE SKY COVER 0.0


WEATHER CONDITIONS
 THE FOLLOWING WEATHER WAS RECORDED YESTERDAY.
  THUNDERSTORM
  LIGHT RAIN


RELATIVE HUMIDITY (PERCENT)
 HIGHEST    72          1100 PM
 LOWEST     28           300 PM
 AVERAGE    50

..........................................................


THE SHERIDAN WY CLIMATE NORMALS FOR TODAY
                         NORMAL    RECORD    YEAR
 MAXIMUM TEMPERATURE (F)   80        99      1978
 MINIMUM TEMPERATURE (F)   46        33      1918


SUNRISE AND SUNSET
SEPTEMBER  5 2015.....SUNRISE   635 AM MDT   SUNSET   738 PM MDT
SEPTEMBER  6 2015.....SUNRISE   636 AM MDT   SUNSET   736 PM MDT


-  INDICATES NEGATIVE NUMBERS.
R  INDICATES RECORD WAS SET OR TIED.
MM INDICATES DATA IS MISSING.
T  INDICATES TRACE AMOUNT.




$$
