000
CDUS45 KBYZ 300932
CLISHR


CLIMATE REPORT
NATIONAL WEATHER SERVICE BILLINGS MT
331 AM MDT SAT AUG 30 2014


...................................

...THE SHERIDAN WY CLIMATE SUMMARY FOR AUGUST 29 2014...

CLIMATE NORMAL PERIOD 1981 TO 2010
CLIMATE RECORD PERIOD 1907 TO 2014


WEATHER ITEM   OBSERVED TIME   RECORD YEAR NORMAL DEPARTURE LAST
                VALUE   (LST)  VALUE       VALUE  FROM      YEAR
                                                  NORMAL
..................................................................
TEMPERATURE (F)
 YESTERDAY
  MAXIMUM         77    507 PM 102    2012  83     -6       94
  MINIMUM         53   1121 PM  32    1920  48      5       56
  AVERAGE         65                        66     -1       75

PRECIPITATION (IN)
  YESTERDAY        0.01          0.74 1964   0.03  -0.02      T
  MONTH TO DATE    0.90                      0.66   0.24     0.05
  SINCE OCT 1     14.68                     12.67   2.01    12.53
  SINCE JAN 1     10.92                      9.99   0.93     9.99

SNOWFALL (IN)
  YESTERDAY       MM             0.0  2000   0.0   MM       MM
  MONTH TO DATE   MM                         0.0   MM       MM
  SINCE JUN 1     MM                         T     MM       MM
  SINCE JUL 1     MM                         0.0   MM       MM
  SNOW DEPTH      MM

DEGREE DAYS
 HEATING
  YESTERDAY        0                         3     -3        0
  MONTH TO DATE   34                        30      4        0
  SINCE JUN 1    225                       205     20      121
  SINCE JUL 1     43                        56    -13        1

 COOLING
  YESTERDAY        0                         3     -3       10
  MONTH TO DATE  127                       153    -26      216
  SINCE JUN 1    310                       381    -71      486
  SINCE JAN 1    318                       385    -67      494
..................................................................


WIND (MPH)
  HIGHEST WIND SPEED    36   HIGHEST WIND DIRECTION    NW (330)
  HIGHEST GUST SPEED    43   HIGHEST GUST DIRECTION    NW (330)
  AVERAGE WIND SPEED     8.2


SKY COVER
  POSSIBLE SUNSHINE  MM
  AVERAGE SKY COVER 0.5


WEATHER CONDITIONS
 THE FOLLOWING WEATHER WAS RECORDED YESTERDAY.
  LIGHT RAIN


RELATIVE HUMIDITY (PERCENT)
 HIGHEST    87           700 AM
 LOWEST     38           400 PM
 AVERAGE    63

..........................................................


THE SHERIDAN WY CLIMATE NORMALS FOR TODAY
                         NORMAL    RECORD    YEAR
 MAXIMUM TEMPERATURE (F)   82       101      1948
 MINIMUM TEMPERATURE (F)   48        32      1910


SUNRISE AND SUNSET
AUGUST 30 2014........SUNRISE   628 AM MDT   SUNSET   748 PM MDT
AUGUST 31 2014........SUNRISE   629 AM MDT   SUNSET   746 PM MDT


-  INDICATES NEGATIVE NUMBERS.
R  INDICATES RECORD WAS SET OR TIED.
MM INDICATES DATA IS MISSING.
T  INDICATES TRACE AMOUNT.




$$
