000
CDUS45 KBYZ 222223
CLISHR


CLIMATE REPORT
NATIONAL WEATHER SERVICE BILLINGS MT
422 PM MDT WED MAR 22 2017


...................................

...THE SHERIDAN WY CLIMATE SUMMARY FOR MARCH 22 2017...
VALID TODAY AS OF 0400 PM LOCAL TIME.

CLIMATE NORMAL PERIOD 1981 TO 2010
CLIMATE RECORD PERIOD 1907 TO 2017


WEATHER ITEM   OBSERVED TIME   RECORD YEAR NORMAL DEPARTURE LAST
                VALUE   (LST)  VALUE       VALUE  FROM      YEAR
                                                  NORMAL
..................................................................
TEMPERATURE (F)
 TODAY
  MAXIMUM         60    259 PM  78    1928  51      9       52
                                      1910
  MINIMUM         33    153 AM  -3    1965  24      9       30
  AVERAGE         47                        37     10       41

PRECIPITATION (IN)
  TODAY            0.00          0.91 1931   0.03  -0.03     0.77
  MONTH TO DATE    0.84                      0.63   0.21     0.79
  SINCE OCT 1      6.27                      4.41   1.86     4.39
  SINCE JAN 1      2.54                      1.73   0.81     2.24

DEGREE DAYS
 HEATING
  TODAY           18                        28    -10       24
  MONTH TO DATE  548                       686   -138      527
  SINCE MAR 1    548                       686   -138      527
  SINCE JUL 1   6070                      6221   -151     5273

 COOLING
  TODAY            0                         0      0        0
  MONTH TO DATE    0                         0      0        0
  SINCE MAR 1      0                         0      0        0
  SINCE JAN 1      0                         0      0        0
..................................................................


WIND (MPH)
  HIGHEST WIND SPEED    10   HIGHEST WIND DIRECTION     W (260)
  HIGHEST GUST SPEED    12   HIGHEST GUST DIRECTION     W (260)
  AVERAGE WIND SPEED     4.2


SKY COVER
  POSSIBLE SUNSHINE  MM
  AVERAGE SKY COVER 0.7


WEATHER CONDITIONS
 THE FOLLOWING WEATHER WAS RECORDED TODAY.
  FOG
  FOG W/VISIBILITY <= 1/4 MILE


RELATIVE HUMIDITY (PERCENT)
 HIGHEST   100           500 AM
 LOWEST     47           300 PM
 AVERAGE    74

..........................................................


THE SHERIDAN WY CLIMATE NORMALS FOR TOMORROW
                         NORMAL    RECORD    YEAR
 MAXIMUM TEMPERATURE (F)   51        76      2012
                                             1993
 MINIMUM TEMPERATURE (F)   24       -16      1965


SUNRISE AND SUNSET
MARCH 22 2017.........SUNRISE   707 AM MDT   SUNSET   723 PM MDT
MARCH 23 2017.........SUNRISE   705 AM MDT   SUNSET   725 PM MDT


-  INDICATES NEGATIVE NUMBERS.
R  INDICATES RECORD WAS SET OR TIED.
MM INDICATES DATA IS MISSING.
T  INDICATES TRACE AMOUNT.




$$
