000
CDUS45 KBYZ 101035
CLISHR


CLIMATE REPORT
NATIONAL WEATHER SERVICE BILLINGS MT
333 AM MST SAT DEC 10 2016


...................................

...THE SHERIDAN WY CLIMATE SUMMARY FOR DECEMBER 9 2016...

CLIMATE NORMAL PERIOD 1981 TO 2010
CLIMATE RECORD PERIOD 1907 TO 2016


WEATHER ITEM   OBSERVED TIME   RECORD YEAR NORMAL DEPARTURE LAST
                VALUE   (LST)  VALUE       VALUE  FROM      YEAR
                                                  NORMAL
..................................................................
TEMPERATURE (F)
 YESTERDAY
  MAXIMUM         12    941 PM  69    2015  35    -23       69
                                      1957
  MINIMUM          1    233 AM -41    1919  11    -10       39
  AVERAGE          7                        23    -16       54

PRECIPITATION (IN)
  YESTERDAY        0.01          0.28 1938   0.02  -0.01     0.00
  MONTH TO DATE    0.13                      0.18  -0.05      T
  SINCE OCT 1      2.86                      2.30   0.56     1.91
  SINCE JAN 1     16.08                     13.78   2.30    15.65

DEGREE DAYS
 HEATING
  YESTERDAY       58                        42     16       11
  MONTH TO DATE  437                       368     69      254
  SINCE DEC 1    437                       368     69      254
  SINCE JUL 1   1914                      2246   -332     1806

 COOLING
  YESTERDAY        0                         0      0        0
  MONTH TO DATE    0                         0      0        0
  SINCE DEC 1      0                         0      0        0
  SINCE JAN 1    549                       419    130      479
..................................................................


WIND (MPH)
  HIGHEST WIND SPEED     9   HIGHEST WIND DIRECTION     W (290)
  HIGHEST GUST SPEED    12   HIGHEST GUST DIRECTION    SE (120)
  AVERAGE WIND SPEED     2.9


SKY COVER
  POSSIBLE SUNSHINE  MM
  AVERAGE SKY COVER 0.7


WEATHER CONDITIONS
 THE FOLLOWING WEATHER WAS RECORDED YESTERDAY.
  LIGHT SNOW


RELATIVE HUMIDITY (PERCENT)
 HIGHEST    87           200 AM
 LOWEST     63          1100 AM
 AVERAGE    75

..........................................................


THE SHERIDAN WY CLIMATE NORMALS FOR TODAY
                         NORMAL    RECORD    YEAR
 MAXIMUM TEMPERATURE (F)   35        70      1981
 MINIMUM TEMPERATURE (F)   11       -21      1932


SUNRISE AND SUNSET
DECEMBER 10 2016......SUNRISE   735 AM MST   SUNSET   427 PM MST
DECEMBER 11 2016......SUNRISE   736 AM MST   SUNSET   427 PM MST


-  INDICATES NEGATIVE NUMBERS.
R  INDICATES RECORD WAS SET OR TIED.
MM INDICATES DATA IS MISSING.
T  INDICATES TRACE AMOUNT.




$$
