000
CDUS45 KBYZ 102226
CLISHR


CLIMATE REPORT
NATIONAL WEATHER SERVICE BILLINGS MT
426 PM MDT THU JUL 10 2014


...................................

...THE SHERIDAN WY CLIMATE SUMMARY FOR JULY 10 2014...
VALID TODAY AS OF 0400 PM LOCAL TIME.

CLIMATE NORMAL PERIOD 1981 TO 2010
CLIMATE RECORD PERIOD 1907 TO 2014


WEATHER ITEM   OBSERVED TIME   RECORD YEAR NORMAL DEPARTURE LAST
                VALUE   (LST)  VALUE       VALUE  FROM      YEAR
                                                  NORMAL
..................................................................
TEMPERATURE (F)
 TODAY
  MAXIMUM         88    110 PM 106    1954  86      2       94
  MINIMUM         61    401 AM  40    1910  52      9       53
  AVERAGE         75                        69      6       74

PRECIPITATION (IN)
  TODAY            0.00          1.17 1951   0.04  -0.04     0.00
  MONTH TO DATE    0.08                      0.40  -0.32     0.36
  SINCE OCT 1     12.85                     11.23   1.62    12.41
  SINCE JAN 1      9.09                      8.55   0.54     9.87

SNOWFALL (IN)
  TODAY           MM             0.0  2001   0.0   MM       MM
                                      2000
  MONTH TO DATE   MM                         0.0   MM       MM
  SINCE JUN 1     MM                         T     MM       MM
  SINCE JUL 1     MM                         0.0   MM       MM
  SNOW DEPTH      MM

DEGREE DAYS
 HEATING
  TODAY            0                         1     -1        0
  MONTH TO DATE    7                        14     -7        0
  SINCE JUN 1    189                       163     26      120
  SINCE JUL 1      7                        14     -7        0

 COOLING
  TODAY           10                         5      5        9
  MONTH TO DATE   51                        45      6       71
  SINCE JUN 1     59                        91    -32      119
  SINCE JAN 1     67                        95    -28      127
..................................................................


WIND (MPH)
  HIGHEST WIND SPEED    14   HIGHEST WIND DIRECTION    NW (310)
  HIGHEST GUST SPEED    19   HIGHEST GUST DIRECTION    NW (330)
  AVERAGE WIND SPEED     4.7


SKY COVER
  POSSIBLE SUNSHINE  MM
  AVERAGE SKY COVER 0.1


WEATHER CONDITIONS
 THE FOLLOWING WEATHER WAS RECORDED TODAY.
  NO SIGNIFICANT WEATHER WAS OBSERVED.


RELATIVE HUMIDITY (PERCENT)
 HIGHEST    72           300 AM
 LOWEST     27           100 PM
 AVERAGE    50

..........................................................


THE SHERIDAN WY CLIMATE NORMALS FOR TOMORROW
                         NORMAL    RECORD    YEAR
 MAXIMUM TEMPERATURE (F)   87       101      1939
 MINIMUM TEMPERATURE (F)   53        40      1987


SUNRISE AND SUNSET
JULY 10 2014..........SUNRISE   532 AM MDT   SUNSET   854 PM MDT
JULY 11 2014..........SUNRISE   533 AM MDT   SUNSET   853 PM MDT


-  INDICATES NEGATIVE NUMBERS.
R  INDICATES RECORD WAS SET OR TIED.
MM INDICATES DATA IS MISSING.
T  INDICATES TRACE AMOUNT.




$$
