000
CDUS45 KBYZ 282324
CLISHR


CLIMATE REPORT
NATIONAL WEATHER SERVICE BILLINGS MT
424 PM MST SAT FEB 28 2015


...................................

...THE SHERIDAN WY CLIMATE SUMMARY FOR FEBRUARY 28 2015...
VALID TODAY AS OF 0400 PM LOCAL TIME.

CLIMATE NORMAL PERIOD 1981 TO 2010
CLIMATE RECORD PERIOD 1907 TO 2015


WEATHER ITEM   OBSERVED TIME   RECORD YEAR NORMAL DEPARTURE LAST
                VALUE   (LST)  VALUE       VALUE  FROM      YEAR
                                                  NORMAL
..................................................................
TEMPERATURE (F)
 TODAY
  MAXIMUM         21    316 PM  68    2006  43    -22       33
                                      1992
  MINIMUM         12    254 AM -22    1962  17     -5        1
  AVERAGE         17                        30    -13       17

PRECIPITATION (IN)
  TODAY            T             0.76        0.02  -0.02     0.22
  MONTH TO DATE    1.28                      0.54   0.74     1.21
  SINCE OCT 1      4.12                      3.78   0.34     5.61
  SINCE JAN 1      1.73                      1.10   0.63     1.85

DEGREE DAYS
 HEATING
  TODAY           48                        35     13       48
  MONTH TO DATE  973                      1073   -100     1350
  SINCE DEC 1   3400                      3657   -257     3945
  SINCE JUL 1   5226                      5535   -309     5750

 COOLING
  TODAY            0                         0      0        0
  MONTH TO DATE    0                         0      0        0
  SINCE DEC 1      0                         0      0        0
  SINCE JAN 1      0                         0      0        0
..................................................................


WIND (MPH)
  HIGHEST WIND SPEED    17   HIGHEST WIND DIRECTION    NW (310)
  HIGHEST GUST SPEED    20   HIGHEST GUST DIRECTION    NW (300)
  AVERAGE WIND SPEED     7.4


SKY COVER
  POSSIBLE SUNSHINE  MM
  AVERAGE SKY COVER 0.9


WEATHER CONDITIONS
 THE FOLLOWING WEATHER WAS RECORDED TODAY.
  LIGHT SNOW


RELATIVE HUMIDITY (PERCENT)
 HIGHEST    73           800 AM
 LOWEST     56           200 PM
 AVERAGE    65

..........................................................


THE SHERIDAN WY CLIMATE NORMALS FOR TOMORROW
                         NORMAL    RECORD    YEAR
 MAXIMUM TEMPERATURE (F)   43        69      1992
 MINIMUM TEMPERATURE (F)   18       -15      1960


SUNRISE AND SUNSET
FEBRUARY 28 2015......SUNRISE   647 AM MST   SUNSET   554 PM MST
MARCH  1 2015.........SUNRISE   646 AM MST   SUNSET   555 PM MST


-  INDICATES NEGATIVE NUMBERS.
R  INDICATES RECORD WAS SET OR TIED.
MM INDICATES DATA IS MISSING.
T  INDICATES TRACE AMOUNT.




$$
