717
CDUS45 KBYZ 220947
CLISHR


CLIMATE REPORT
NATIONAL WEATHER SERVICE BILLINGS MT
344 AM MDT FRI MAY 22 2015


...................................

...THE SHERIDAN WY CLIMATE SUMMARY FOR MAY 21 2015...

CLIMATE NORMAL PERIOD 1981 TO 2010
CLIMATE RECORD PERIOD 1907 TO 2015


WEATHER ITEM   OBSERVED TIME   RECORD YEAR NORMAL DEPARTURE LAST
                VALUE   (LST)  VALUE       VALUE  FROM      YEAR
                                                  NORMAL
..................................................................
TEMPERATURE (F)
 YESTERDAY
  MAXIMUM         63    314 PM  88    1986  68     -5       68
                                      1960
                                      1948
  MINIMUM         31    407 AM  26    1963  40     -9       42
                                      1931
  AVERAGE         47                        54     -7       55

PRECIPITATION (IN)
  YESTERDAY        0.00          1.31        0.08  -0.08      T
  MONTH TO DATE    2.55                      1.60   0.95     1.58
  SINCE OCT 1      8.50                      7.96   0.54    10.42
  SINCE JAN 1      6.11                      5.28   0.83     6.66

DEGREE DAYS
 HEATING
  YESTERDAY       18                        11      7       10
  MONTH TO DATE  345                       295     50      336
  SINCE MAR 1   1664                      1861   -197     1953
  SINCE JUL 1   6894                      7396   -502     7703

 COOLING
  YESTERDAY        0                         0      0        0
  MONTH TO DATE    0                         0      0        0
  SINCE MAR 1      0                         0      0        0
  SINCE JAN 1      0                         0      0        0
..................................................................


WIND (MPH)
  HIGHEST WIND SPEED    22   HIGHEST WIND DIRECTION    SE (140)
  HIGHEST GUST SPEED    28   HIGHEST GUST DIRECTION    SE (140)
  AVERAGE WIND SPEED    10.4


SKY COVER
  POSSIBLE SUNSHINE  MM
  AVERAGE SKY COVER 0.3


WEATHER CONDITIONS
 THE FOLLOWING WEATHER WAS RECORDED YESTERDAY.
  NO SIGNIFICANT WEATHER WAS OBSERVED.


RELATIVE HUMIDITY (PERCENT)
 HIGHEST    92           400 AM
 LOWEST     43           100 PM
 AVERAGE    68

..........................................................


THE SHERIDAN WY CLIMATE NORMALS FOR TODAY
                         NORMAL    RECORD    YEAR
 MAXIMUM TEMPERATURE (F)   68        91      2006
 MINIMUM TEMPERATURE (F)   40        28      1915


SUNRISE AND SUNSET
MAY 22 2015...........SUNRISE   533 AM MDT   SUNSET   837 PM MDT
MAY 23 2015...........SUNRISE   532 AM MDT   SUNSET   838 PM MDT


-  INDICATES NEGATIVE NUMBERS.
R  INDICATES RECORD WAS SET OR TIED.
MM INDICATES DATA IS MISSING.
T  INDICATES TRACE AMOUNT.




$$
