000
CDUS45 KBYZ 042224
CLISHR


CLIMATE REPORT
NATIONAL WEATHER SERVICE BILLINGS MT
423 PM MDT TUE AUG 4 2015


...................................

...THE SHERIDAN WY CLIMATE SUMMARY FOR AUGUST 4 2015...
VALID TODAY AS OF 0400 PM LOCAL TIME.

CLIMATE NORMAL PERIOD 1981 TO 2010
CLIMATE RECORD PERIOD 1907 TO 2015


WEATHER ITEM   OBSERVED TIME   RECORD YEAR NORMAL DEPARTURE LAST
                VALUE   (LST)  VALUE       VALUE  FROM      YEAR
                                                  NORMAL
..................................................................
TEMPERATURE (F)
 TODAY
  MAXIMUM         82   1150 AM 100    1964  89     -7       82
                                      1961
                                      1941
  MINIMUM         60    520 AM  39    1980  54      6       56
  AVERAGE         71                        71      0       69

PRECIPITATION (IN)
  TODAY            T             0.16 1977   0.03  -0.03     0.01
  MONTH TO DATE    T                         0.11  -0.11     0.01
  SINCE OCT 1     15.26                     12.12   3.14    13.79
  SINCE JAN 1     12.87                      9.44   3.43    10.03

DEGREE DAYS
 HEATING
  TODAY            0                         0      0        0
  MONTH TO DATE    0                         0      0        0
  SINCE JUN 1     64                       175   -111      191
  SINCE JUL 1     20                        26     -6        9

 COOLING
  TODAY            6                         7     -1        4
  MONTH TO DATE   31                        28      3       27
  SINCE JUN 1    257                       256      1      210
  SINCE JAN 1    257                       260     -3      218
..................................................................


WIND (MPH)
  HIGHEST WIND SPEED    22   HIGHEST WIND DIRECTION    NW (320)
  HIGHEST GUST SPEED    29   HIGHEST GUST DIRECTION    NW (320)
  AVERAGE WIND SPEED     9.9


SKY COVER
  POSSIBLE SUNSHINE  MM
  AVERAGE SKY COVER 0.3


WEATHER CONDITIONS
 THE FOLLOWING WEATHER WAS RECORDED TODAY.
  LIGHT RAIN


RELATIVE HUMIDITY (PERCENT)
 HIGHEST    64           400 AM
 LOWEST     26          1200 AM
 AVERAGE    45

..........................................................


THE SHERIDAN WY CLIMATE NORMALS FOR TOMORROW
                         NORMAL    RECORD    YEAR
 MAXIMUM TEMPERATURE (F)   89       102      1961
 MINIMUM TEMPERATURE (F)   54        37      1980


SUNRISE AND SUNSET
AUGUST  4 2015........SUNRISE   557 AM MDT   SUNSET   830 PM MDT
AUGUST  5 2015........SUNRISE   558 AM MDT   SUNSET   829 PM MDT


-  INDICATES NEGATIVE NUMBERS.
R  INDICATES RECORD WAS SET OR TIED.
MM INDICATES DATA IS MISSING.
T  INDICATES TRACE AMOUNT.




$$
