000
CDUS44 KSHV 240746
CLISHV


CLIMATE REPORT
NATIONAL WEATHER SERVICE SHREVEPORT, LA
246 AM CDT THU APR 24 2014


...................................

...THE SHREVEPORT CLIMATE SUMMARY FOR APRIL 23 2014...

CLIMATE NORMAL PERIOD 1981 TO 2010
CLIMATE RECORD PERIOD 1874 TO 2014


WEATHER ITEM   OBSERVED TIME   RECORD YEAR NORMAL DEPARTURE LAST
                VALUE   (LST)  VALUE       VALUE  FROM      YEAR
                                                  NORMAL
..................................................................
TEMPERATURE (F)
 YESTERDAY
  MAXIMUM         86    223 PM  89    2011  79      7       81
                                      1988
  MINIMUM         58    625 AM  40    1884  56      2       53
  AVERAGE         72                        67      5       67

PRECIPITATION (IN)
  YESTERDAY        0.00          1.92 1879   0.15  -0.15      T
  MONTH TO DATE    3.96                      3.19   0.77     3.18
  SINCE DEC 1     16.40                     21.05  -4.65    19.86
  SINCE JAN 1     11.42                     16.28  -4.86    14.20

SNOWFALL (IN)
  YESTERDAY        0.0
  MONTH TO DATE    0.0
  SINCE MAR 1      T
  SINCE JUL 1      1.0
  SNOW DEPTH       0

DEGREE DAYS
 HEATING
  YESTERDAY        0                         2     -2        0
  MONTH TO DATE  102                        78     24      110
  SINCE MAR 1    424                       329     95      416
  SINCE JUL 1   2535                      2211    324     2030

 COOLING
  YESTERDAY        7                         4      3        2
  MONTH TO DATE   67                        63      4       66
  SINCE MAR 1     80                        94    -14       83
  SINCE JAN 1     86                       104    -18       91
..................................................................


WIND (MPH)
  HIGHEST WIND SPEED    14   HIGHEST WIND DIRECTION    SE (150)
  HIGHEST GUST SPEED    17   HIGHEST GUST DIRECTION    SE (120)
  AVERAGE WIND SPEED     5.5


SKY COVER
  POSSIBLE SUNSHINE  MM
  AVERAGE SKY COVER 0.3


WEATHER CONDITIONS
 THE FOLLOWING WEATHER WAS RECORDED YESTERDAY.
  FOG


RELATIVE HUMIDITY (PERCENT)
 HIGHEST    93           300 AM
 LOWEST     40           200 PM
 AVERAGE    67

..........................................................


THE SHREVEPORT CLIMATE NORMALS FOR TODAY
                         NORMAL    RECORD    YEAR
 MAXIMUM TEMPERATURE (F)   79        89      2011
                                             1999
 MINIMUM TEMPERATURE (F)   56        39      1910


SUNRISE AND SUNSET
APRIL 24 2014.........SUNRISE   636 AM CDT   SUNSET   751 PM CDT
APRIL 25 2014.........SUNRISE   635 AM CDT   SUNSET   752 PM CDT


-  INDICATES NEGATIVE NUMBERS.
R  INDICATES RECORD WAS SET OR TIED.
MM INDICATES DATA IS MISSING.
T  INDICATES TRACE AMOUNT.




$$
