215
CDUS44 KSHV 312213
CLISHV


CLIMATE REPORT
NATIONAL WEATHER SERVICE SHREVEPORT, LA
513 PM CDT TUE MAY 31 2016


...................................

...THE SHREVEPORT CLIMATE SUMMARY FOR MAY 31 2016...
VALID TODAY AS OF 0500 PM LOCAL TIME.

CLIMATE NORMAL PERIOD 1981 TO 2010
CLIMATE RECORD PERIOD 1874 TO 2016


WEATHER ITEM   OBSERVED TIME   RECORD YEAR NORMAL DEPARTURE LAST
                VALUE   (LST)  VALUE       VALUE  FROM      YEAR
                                                  NORMAL
..................................................................
TEMPERATURE (F)
 TODAY
  MAXIMUM         89    214 PM 102    1998  87      2       81
  MINIMUM         67    529 AM  47    1984  67      0       67
  AVERAGE         78                        77      1       74

PRECIPITATION (IN)
  TODAY            0.00          4.41 1967   0.15  -0.15      T
  MONTH TO DATE    3.08                      4.93  -1.85    10.97
  SINCE DEC 1     37.12                     26.98  10.14    39.92
  SINCE JAN 1     34.23                     22.21  12.02    36.17

DEGREE DAYS
 HEATING
  TODAY            0                         0      0        0
  MONTH TO DATE    2                         5     -3        0
  SINCE MAR 1    148                       344   -196      291
  SINCE JUL 1   1451                      2226   -775     2291

 COOLING
  TODAY           13                        12      1        9
  MONTH TO DATE  261                       263     -2      305
  SINCE MAR 1    442                       388     54      472
  SINCE JAN 1    460                       398     62      472
..................................................................


WIND (MPH)
  HIGHEST WIND SPEED    15   HIGHEST WIND DIRECTION    SE (140)
  HIGHEST GUST SPEED    18   HIGHEST GUST DIRECTION    SE (150)
  AVERAGE WIND SPEED     4.2


SKY COVER
  POSSIBLE SUNSHINE  MM
  AVERAGE SKY COVER 0.6


WEATHER CONDITIONS
 THE FOLLOWING WEATHER WAS RECORDED TODAY.
  FOG


RELATIVE HUMIDITY (PERCENT)
 HIGHEST    97           400 AM
 LOWEST     55           300 PM
 AVERAGE    76

..........................................................


THE SHREVEPORT CLIMATE NORMALS FOR TOMORROW
                         NORMAL    RECORD    YEAR
 MAXIMUM TEMPERATURE (F)   88       102      1998
 MINIMUM TEMPERATURE (F)   67        53      1903


SUNRISE AND SUNSET
MAY 31 2016...........SUNRISE   609 AM CDT   SUNSET   817 PM CDT
JUNE  1 2016..........SUNRISE   609 AM CDT   SUNSET   818 PM CDT


-  INDICATES NEGATIVE NUMBERS.
R  INDICATES RECORD WAS SET OR TIED.
MM INDICATES DATA IS MISSING.
T  INDICATES TRACE AMOUNT.




$$

20
