000
CDUS44 KSHV 300731
CLISHV


CLIMATE REPORT
NATIONAL WEATHER SERVICE SHREVEPORT, LA
231 AM CDT SAT AUG 30 2014


...................................

...THE SHREVEPORT CLIMATE SUMMARY FOR AUGUST 29 2014...

CLIMATE NORMAL PERIOD 1981 TO 2010
CLIMATE RECORD PERIOD 1874 TO 2014


WEATHER ITEM   OBSERVED TIME   RECORD YEAR NORMAL DEPARTURE LAST
                VALUE   (LST)  VALUE       VALUE  FROM      YEAR
                                                  NORMAL
..................................................................
TEMPERATURE (F)
 YESTERDAY
  MAXIMUM         97    238 PM 104    1884  93      4      100
  MINIMUM         75   1159 PM  56    1986  71      4       73
  AVERAGE         86                        82      4       87

PRECIPITATION (IN)
  YESTERDAY        0.38          3.67 1911   0.08   0.30     0.00
  MONTH TO DATE    0.56                      2.56  -2.00     0.18
  SINCE DEC 1     30.97                     38.59  -7.62    32.62
  SINCE JAN 1     25.99                     33.82  -7.83    26.96

SNOWFALL (IN)
  YESTERDAY        0.0
  MONTH TO DATE    0.0
  SINCE JUN 1      0.0
  SINCE JUL 1      0.0
  SNOW DEPTH       0

DEGREE DAYS
 HEATING
  YESTERDAY        0                         0      0        0
  MONTH TO DATE    0                         0      0        0
  SINCE JUN 1      0                         0      0        0
  SINCE JUL 1      0                         0      0        0

 COOLING
  YESTERDAY       21                        17      4       22
  MONTH TO DATE  532                       531      1      585
  SINCE JUN 1   1487                      1534    -47     1614
  SINCE JAN 1   1857                      1932    -75     2001
..................................................................


WIND (MPH)
  HIGHEST WIND SPEED    31   HIGHEST WIND DIRECTION     S (180)
  HIGHEST GUST SPEED    38   HIGHEST GUST DIRECTION     S (180)
  AVERAGE WIND SPEED     5.8


SKY COVER
  POSSIBLE SUNSHINE  MM
  AVERAGE SKY COVER 0.7


WEATHER CONDITIONS
 THE FOLLOWING WEATHER WAS RECORDED YESTERDAY.
  THUNDERSTORM
  HEAVY RAIN
  LIGHT RAIN


RELATIVE HUMIDITY (PERCENT)
 HIGHEST    88           900 PM
 LOWEST     38           100 PM
 AVERAGE    63

..........................................................


THE SHREVEPORT CLIMATE NORMALS FOR TODAY
                         NORMAL    RECORD    YEAR
 MAXIMUM TEMPERATURE (F)   93       107      2000
 MINIMUM TEMPERATURE (F)   71        54      1986


SUNRISE AND SUNSET
AUGUST 30 2014........SUNRISE   649 AM CDT   SUNSET   742 PM CDT
AUGUST 31 2014........SUNRISE   650 AM CDT   SUNSET   741 PM CDT


-  INDICATES NEGATIVE NUMBERS.
R  INDICATES RECORD WAS SET OR TIED.
MM INDICATES DATA IS MISSING.
T  INDICATES TRACE AMOUNT.




$$
