000
CDUS44 KSHV 260752
CLISHV


CLIMATE REPORT
NATIONAL WEATHER SERVICE SHREVEPORT, LA
251 AM CDT SUN MAR 26 2017


...................................

...THE SHREVEPORT CLIMATE SUMMARY FOR MARCH 25 2017...

CLIMATE NORMAL PERIOD 1981 TO 2010
CLIMATE RECORD PERIOD 1874 TO 2017


WEATHER ITEM   OBSERVED TIME   RECORD YEAR NORMAL DEPARTURE LAST
                VALUE   (LST)  VALUE       VALUE  FROM      YEAR
                                                  NORMAL
..................................................................
TEMPERATURE (F)
 YESTERDAY
  MAXIMUM         78    224 PM  89    1928  72      6       68
  MINIMUM         55   1120 PM  29    1940  48      7       38
  AVERAGE         67                        60      7       53

PRECIPITATION (IN)
  YESTERDAY        0.01          2.44 1943   0.13  -0.12     0.00
  MONTH TO DATE    1.24                      3.31  -2.07    12.46
  SINCE DEC 1      8.52                     17.03  -8.51    20.37
  SINCE JAN 1      5.38                     12.26  -6.88    17.48

SNOWFALL (IN)
  YESTERDAY        0.0
  MONTH TO DATE    0.0
  SINCE MAR 1      0.0
  SINCE JUL 1      0.0
  SNOW DEPTH       0

DEGREE DAYS
 HEATING
  YESTERDAY        0                         6     -6       12
  MONTH TO DATE  134                       217    -83      103
  SINCE MAR 1    134                       217    -83      103
  SINCE JUL 1   1165                      2099   -934     1406

 COOLING
  YESTERDAY        2                         1      1        0
  MONTH TO DATE   68                        23     45       37
  SINCE MAR 1     68                        23     45       37
  SINCE JAN 1    138                        33    105       55
..................................................................


WIND (MPH)
  HIGHEST WIND SPEED    20   HIGHEST WIND DIRECTION     W (290)
  HIGHEST GUST SPEED    27   HIGHEST GUST DIRECTION     W (270)
  AVERAGE WIND SPEED     9.5


SKY COVER
  POSSIBLE SUNSHINE  MM
  AVERAGE SKY COVER 0.3


WEATHER CONDITIONS
 THE FOLLOWING WEATHER WAS RECORDED YESTERDAY.
  LIGHT RAIN


RELATIVE HUMIDITY (PERCENT)
 HIGHEST    93           600 AM
 LOWEST     36           300 PM
 AVERAGE    65

..........................................................


THE SHREVEPORT CLIMATE NORMALS FOR TODAY
                         NORMAL    RECORD    YEAR
 MAXIMUM TEMPERATURE (F)   72        88      2011
 MINIMUM TEMPERATURE (F)   48        25      1955


SUNRISE AND SUNSET
MARCH 26 2017.........SUNRISE   711 AM CDT   SUNSET   731 PM CDT
MARCH 27 2017.........SUNRISE   710 AM CDT   SUNSET   732 PM CDT


-  INDICATES NEGATIVE NUMBERS.
R  INDICATES RECORD WAS SET OR TIED.
MM INDICATES DATA IS MISSING.
T  INDICATES TRACE AMOUNT.




$$

19
