000
CDUS44 KSHV 180836
CLISHV


CLIMATE REPORT
NATIONAL WEATHER SERVICE SHREVEPORT, LA
235 AM CST THU DEC 18 2014


...................................

...THE SHREVEPORT CLIMATE SUMMARY FOR DECEMBER 17 2014...

CLIMATE NORMAL PERIOD 1981 TO 2010
CLIMATE RECORD PERIOD 1874 TO 2014


WEATHER ITEM   OBSERVED TIME   RECORD YEAR NORMAL DEPARTURE LAST
                VALUE   (LST)  VALUE       VALUE  FROM      YEAR
                                                  NORMAL
..................................................................
TEMPERATURE (F)
 YESTERDAY
  MAXIMUM         49    434 PM  79    1984  58     -9       71
  MINIMUM         35   1247 AM  19    1901  37     -2       32
  AVERAGE         42                        48     -6       52

PRECIPITATION (IN)
  YESTERDAY        0.13          1.32 1934   0.16  -0.03     0.00
  MONTH TO DATE    1.45                      2.72  -1.27     2.19
  SINCE DEC 1      1.45                      2.72  -1.27     2.19
  SINCE JAN 1     38.92                     49.36 -10.44    50.66

SNOWFALL (IN)
  YESTERDAY        0.0
  MONTH TO DATE    0.0
  SINCE DEC 1      0.0
  SINCE JUL 1      T
  SNOW DEPTH       0

DEGREE DAYS
 HEATING
  YESTERDAY       23                        18      5       13
  MONTH TO DATE  186                       273    -87      323
  SINCE DEC 1    186                       273    -87      323
  SINCE JUL 1    590                       644    -54      734

 COOLING
  YESTERDAY        0                         0      0        0
  MONTH TO DATE    2                         0      2        6
  SINCE DEC 1      2                         0      2        6
  SINCE JAN 1   2498                      2474     24     2712
..................................................................


WIND (MPH)
  HIGHEST WIND SPEED    13   HIGHEST WIND DIRECTION    NE (60)
  HIGHEST GUST SPEED    17   HIGHEST GUST DIRECTION    SE (120)
  AVERAGE WIND SPEED     6.0


SKY COVER
  POSSIBLE SUNSHINE  MM
  AVERAGE SKY COVER 0.9


WEATHER CONDITIONS
 THE FOLLOWING WEATHER WAS RECORDED YESTERDAY.
  RAIN
  LIGHT RAIN
  FOG


RELATIVE HUMIDITY (PERCENT)
 HIGHEST    92           100 AM
 LOWEST     65           100 PM
 AVERAGE    79

..........................................................


THE SHREVEPORT CLIMATE NORMALS FOR TODAY
                         NORMAL    RECORD    YEAR
 MAXIMUM TEMPERATURE (F)   58        80      1980
 MINIMUM TEMPERATURE (F)   37        16      1979


SUNRISE AND SUNSET
DECEMBER 18 2014......SUNRISE   711 AM CST   SUNSET   513 PM CST
DECEMBER 19 2014......SUNRISE   712 AM CST   SUNSET   513 PM CST


-  INDICATES NEGATIVE NUMBERS.
R  INDICATES RECORD WAS SET OR TIED.
MM INDICATES DATA IS MISSING.
T  INDICATES TRACE AMOUNT.




$$
