000
CDUS44 KSHV 302151
CLISHV


CLIMATE REPORT
NATIONAL WEATHER SERVICE SHREVEPORT, LA
431 PM CDT SUN APR 30 2017


...................................

...THE SHREVEPORT CLIMATE SUMMARY FOR APRIL 30 2017...
VALID TODAY AS OF 0400 PM LOCAL TIME.

CLIMATE NORMAL PERIOD 1981 TO 2010
CLIMATE RECORD PERIOD 1874 TO 2017


WEATHER ITEM   OBSERVED TIME   RECORD YEAR NORMAL DEPARTURE LAST
                VALUE   (LST)  VALUE       VALUE  FROM      YEAR
                                                  NORMAL
..................................................................
TEMPERATURE (F)
 TODAY
  MAXIMUM         76   1226 AM  94    1887  80     -4       85
  MINIMUM         57   1133 AM  39    1996  58     -1       65
  AVERAGE         67                        69     -2       75

PRECIPITATION (IN)
  TODAY            0.10          2.20 2016   0.15  -0.05     2.20
  MONTH TO DATE    4.26                      4.19   0.07    13.30
  SINCE DEC 1     12.99                     22.05  -9.06    34.04
  SINCE JAN 1      9.85                     17.28  -7.43    31.15

SNOWFALL (IN)
  TODAY            0.0
  MONTH TO DATE    0.0
  SINCE MAR 1      0.0
  SINCE JUL 1      0.0
  SNOW DEPTH       0

DEGREE DAYS
 HEATING
  TODAY            0                         1     -1        0
  MONTH TO DATE   30                        86    -56       33
  SINCE MAR 1    164                       337   -173      146
  SINCE JUL 1   1195                      2219  -1024     1449

 COOLING
  TODAY            2                         5     -3       10
  MONTH TO DATE  156                        94     62      127
  SINCE MAR 1    257                       125    132      181
  SINCE JAN 1    327                       135    192      199
..................................................................


WIND (MPH)
  HIGHEST WIND SPEED    33   HIGHEST WIND DIRECTION     W (270)
  HIGHEST GUST SPEED    43   HIGHEST GUST DIRECTION     W (290)
  AVERAGE WIND SPEED    10.5


SKY COVER
  POSSIBLE SUNSHINE  MM
  AVERAGE SKY COVER 0.6


WEATHER CONDITIONS
 THE FOLLOWING WEATHER WAS RECORDED TODAY.
  THUNDERSTORM
  RAIN
  LIGHT RAIN
  FOG


RELATIVE HUMIDITY (PERCENT)
 HIGHEST    93           500 AM
 LOWEST     45           300 PM
 AVERAGE    69

..........................................................


THE SHREVEPORT CLIMATE NORMALS FOR TOMORROW
                         NORMAL    RECORD    YEAR
 MAXIMUM TEMPERATURE (F)   80        95      1887
 MINIMUM TEMPERATURE (F)   58        41      2014


SUNRISE AND SUNSET
APRIL 30 2017.........SUNRISE   629 AM CDT   SUNSET   756 PM CDT
MAY  1 2017...........SUNRISE   628 AM CDT   SUNSET   757 PM CDT


-  INDICATES NEGATIVE NUMBERS.
R  INDICATES RECORD WAS SET OR TIED.
MM INDICATES DATA IS MISSING.
T  INDICATES TRACE AMOUNT.




$$
