000
CDUS44 KSHV 250735
CLISHV


CLIMATE REPORT
NATIONAL WEATHER SERVICE SHREVEPORT, LA
234 AM CDT SUN SEP 25 2016


...................................

...THE SHREVEPORT CLIMATE SUMMARY FOR SEPTEMBER 24 2016...

CLIMATE NORMAL PERIOD 1981 TO 2010
CLIMATE RECORD PERIOD 1874 TO 2016


WEATHER ITEM   OBSERVED TIME   RECORD YEAR NORMAL DEPARTURE LAST
                VALUE   (LST)  VALUE       VALUE  FROM      YEAR
                                                  NORMAL
..................................................................
TEMPERATURE (F)
 YESTERDAY
  MAXIMUM         93    343 PM  98    1931  86      7       90
                                      1907
  MINIMUM         70    613 AM  46    1990  63      7       71
  AVERAGE         82                        74      8       81

PRECIPITATION (IN)
  YESTERDAY        0.00          5.52 2005   0.12  -0.12     0.00
  MONTH TO DATE    0.16                      2.44  -2.28     0.06
  SINCE DEC 1     53.42                     41.20  12.22    48.67
  SINCE JAN 1     50.53                     36.43  14.10    44.92

SNOWFALL (IN)
  YESTERDAY        0.0
  MONTH TO DATE    0.0
  SINCE SEP 1      0.0
  SINCE JUL 1      0.0
  SNOW DEPTH       0

DEGREE DAYS
 HEATING
  YESTERDAY        0                         0      0        0
  MONTH TO DATE    0                         0      0        0
  SINCE SEP 1      0                         0      0        0
  SINCE JUL 1      0                         0      0        0

 COOLING
  YESTERDAY       17                         9      8       16
  MONTH TO DATE  430                       313    117      397
  SINCE SEP 1    430                       313    117      397
  SINCE JAN 1   2671                      2275    396     2673
..................................................................


WIND (MPH)
  HIGHEST WIND SPEED    16   HIGHEST WIND DIRECTION    SE (150)
  HIGHEST GUST SPEED    21   HIGHEST GUST DIRECTION    SE (150)
  AVERAGE WIND SPEED     5.7


SKY COVER
  POSSIBLE SUNSHINE  MM
  AVERAGE SKY COVER 0.2


WEATHER CONDITIONS
 THE FOLLOWING WEATHER WAS RECORDED YESTERDAY.
  FOG


RELATIVE HUMIDITY (PERCENT)
 HIGHEST   100           100 AM
 LOWEST     49          1200 PM
 AVERAGE    75

..........................................................


THE SHREVEPORT CLIMATE NORMALS FOR TODAY
                         NORMAL    RECORD    YEAR
 MAXIMUM TEMPERATURE (F)   85        98      2011
                                             1931
 MINIMUM TEMPERATURE (F)   62        46      1994


SUNRISE AND SUNSET
SEPTEMBER 25 2016.....SUNRISE   706 AM CDT   SUNSET   707 PM CDT
SEPTEMBER 26 2016.....SUNRISE   706 AM CDT   SUNSET   706 PM CDT


-  INDICATES NEGATIVE NUMBERS.
R  INDICATES RECORD WAS SET OR TIED.
MM INDICATES DATA IS MISSING.
T  INDICATES TRACE AMOUNT.




$$
