000
CDUS44 KSHV 271245
CLISHV


CLIMATE REPORT
NATIONAL WEATHER SERVICE SHREVEPORT, LA
745 AM CDT FRI MAR 27 2015


...................................

...THE SHREVEPORT CLIMATE SUMMARY FOR MARCH 26 2015...

CLIMATE NORMAL PERIOD 1981 TO 2010
CLIMATE RECORD PERIOD 1874 TO 2015


WEATHER ITEM   OBSERVED TIME   RECORD YEAR NORMAL DEPARTURE LAST
                VALUE   (LST)  VALUE       VALUE  FROM      YEAR
                                                  NORMAL
..................................................................
TEMPERATURE (F)
 YESTERDAY
  MAXIMUM         67    856 AM  88    2011  72     -5       64
  MINIMUM         47   1119 PM  25    1955  48     -1       37
  AVERAGE         57                        60     -3       51

PRECIPITATION (IN)
  YESTERDAY        T             2.65 1886   0.13  -0.13      T
  MONTH TO DATE    8.02                      3.44   4.58     1.88
  SINCE DEC 1     23.50                     17.16   6.34    10.30
  SINCE JAN 1     19.75                     12.39   7.36     5.32

SNOWFALL (IN)
  YESTERDAY        0.0
  MONTH TO DATE    0.4
  SINCE MAR 1      0.4
  SINCE JUL 1      4.5
  SNOW DEPTH       0

DEGREE DAYS
 HEATING
  YESTERDAY        8                         6      2       14
  MONTH TO DATE  239                       223     16      307
  SINCE MAR 1    239                       223     16      307
  SINCE JUL 1   2239                      2105    134     2418

 COOLING
  YESTERDAY        0                         1     -1        0
  MONTH TO DATE   15                        24     -9        5
  SINCE MAR 1     15                        24     -9        5
  SINCE JAN 1     15                        34    -19       11
..................................................................


WIND (MPH)
  HIGHEST WIND SPEED    25   HIGHEST WIND DIRECTION    NW (320)
  HIGHEST GUST SPEED    31   HIGHEST GUST DIRECTION    NW (330)
  AVERAGE WIND SPEED    10.5


SKY COVER
  POSSIBLE SUNSHINE  MM
  AVERAGE SKY COVER 0.7


WEATHER CONDITIONS
 THE FOLLOWING WEATHER WAS RECORDED YESTERDAY.
  LIGHT RAIN
  FOG


RELATIVE HUMIDITY (PERCENT)
 HIGHEST    93          1100 PM
 LOWEST     55           500 PM
 AVERAGE    74

..........................................................


THE SHREVEPORT CLIMATE NORMALS FOR TODAY
                         NORMAL    RECORD    YEAR
 MAXIMUM TEMPERATURE (F)   73        89      1935
 MINIMUM TEMPERATURE (F)   49        27      1955


SUNRISE AND SUNSET
MARCH 27 2015.........SUNRISE   710 AM CDT   SUNSET   732 PM CDT
MARCH 28 2015.........SUNRISE   709 AM CDT   SUNSET   732 PM CDT


-  INDICATES NEGATIVE NUMBERS.
R  INDICATES RECORD WAS SET OR TIED.
MM INDICATES DATA IS MISSING.
T  INDICATES TRACE AMOUNT.




$$
