000
CDUS46 KMFR 140837
CLISIY


CLIMATE REPORT
NATIONAL WEATHER SERVICE MEDFORD, OR
1237 AM PST THU DEC 14 2017


...................................

...THE MONTAGUE CA CLIMATE SUMMARY FOR DECEMBER 13 2017...

CLIMATE NORMAL PERIOD 1981 TO 2010
CLIMATE RECORD PERIOD 1948 TO 2017


WEATHER ITEM   OBSERVED TIME   RECORD YEAR NORMAL DEPARTURE LAST
                VALUE   (LST)  VALUE       VALUE  FROM      YEAR
                                                  NORMAL
..................................................................
TEMPERATURE (F)
 YESTERDAY
  MAXIMUM         44    322 PM  59    1956  44      0       38
  MINIMUM         18    755 AM   1    1972  26     -8       20
  AVERAGE         31                        35     -4       29

PRECIPITATION (IN)
  YESTERDAY        0.00          1.00 2001   0.09  -0.09     0.07
  MONTH TO DATE    0.17                      1.03  -0.86     0.51
  SINCE OCT 1      2.18                      5.20  -3.02     6.49
  SINCE JAN 1      9.95                     16.84  -6.89    16.72

SNOWFALL (IN)
  YESTERDAY       MM                        MM     MM       MM
  MONTH TO DATE   MM                        MM     MM       MM
  SINCE JUL 1     MM                        MM     MM       MM
  SNOW DEPTH      MM

DEGREE DAYS
 HEATING
  YESTERDAY       34                        30      4       36
  MONTH TO DATE  439                       388     51      393
  SINCE DEC 1    439                       388     51      393
  SINCE JUL 1   1669                      1694    -25     1523

 COOLING
  YESTERDAY        0                         0      0        0
  MONTH TO DATE    0                         0      0        0
  SINCE DEC 1      0                         0      0        0
  SINCE JAN 1    902                       544    358      689
..................................................................


WIND (MPH)
  HIGHEST WIND SPEED     9   HIGHEST WIND DIRECTION    SW (220)
  HIGHEST GUST SPEED    10   HIGHEST GUST DIRECTION    SW (210)
  AVERAGE WIND SPEED     2.1


SKY COVER
  POSSIBLE SUNSHINE  MM
  AVERAGE SKY COVER 0.0


WEATHER CONDITIONS
 THE FOLLOWING WEATHER WAS RECORDED YESTERDAY.
  NO SIGNIFICANT WEATHER WAS OBSERVED.


RELATIVE HUMIDITY (PERCENT)
 HIGHEST    92           200 AM
 LOWEST     53           200 PM

..........................................................


THE MONTAGUE CA CLIMATE NORMALS FOR TODAY
                         NORMAL    RECORD    YEAR
 MAXIMUM TEMPERATURE (F)   44        64      1962
 MINIMUM TEMPERATURE (F)   26         8      2011
                                             1967


SUNRISE AND SUNSET
DECEMBER 14 2017......SUNRISE   730 AM PST   SUNSET   440 PM PST
DECEMBER 15 2017......SUNRISE   730 AM PST   SUNSET   440 PM PST


-  INDICATES NEGATIVE NUMBERS.
R  INDICATES RECORD WAS SET OR TIED.
MM INDICATES DATA IS MISSING.
T  INDICATES TRACE AMOUNT.




$$
