000
CDUS46 KMFR 280836
CLISIY


CLIMATE REPORT
NATIONAL WEATHER SERVICE MEDFORD, OR
1235 AM PST FRI NOV 28 2014


...................................

...THE MONTAGUE CA CLIMATE SUMMARY FOR NOVEMBER 27 2014...

CLIMATE NORMAL PERIOD 1981 TO 2010
CLIMATE RECORD PERIOD 1948 TO 2014


WEATHER ITEM   OBSERVED TIME   RECORD YEAR NORMAL DEPARTURE LAST
                VALUE   (LST)  VALUE       VALUE  FROM      YEAR
                                                  NORMAL
..................................................................
TEMPERATURE (F)
 YESTERDAY
  MAXIMUM         60R   259 PM  60    1986  46     14       53
  MINIMUM         32    757 AM  16    2003  27      5       26
                                      1959
  AVERAGE         46                        36     10       40

PRECIPITATION (IN)
  YESTERDAY        T             1.35 1962   0.10  -0.10     0.00
  MONTH TO DATE    0.74                      2.58  -1.84     0.47
  SINCE SEP 1      4.15                      4.42  -0.27     1.29
  SINCE JAN 1     10.32                     15.42  -5.10     5.62

SNOWFALL (IN)
  YESTERDAY       MM                        MM     MM       MM
  MONTH TO DATE   MM                        MM     MM       MM
  SINCE JUL 1     MM                        MM     MM        0.0
  SNOW DEPTH      MM

DEGREE DAYS
 HEATING
  YESTERDAY       19                        29    -10       25
  MONTH TO DATE  606                       666    -60      604
  SINCE SEP 1    941                      1202   -261     1244
  SINCE JUL 1    941                      1219   -278     1244

 COOLING
  YESTERDAY        0                         0      0        0
  MONTH TO DATE    0                         0      0        0
  SINCE SEP 1    112                        43     69       87
  SINCE JAN 1    913                       544    369      776
..................................................................


WIND (MPH)
  HIGHEST WIND SPEED    14   HIGHEST WIND DIRECTION     S (180)
  HIGHEST GUST SPEED    17   HIGHEST GUST DIRECTION     S (180)
  AVERAGE WIND SPEED     4.8


SKY COVER
  POSSIBLE SUNSHINE  MM
  AVERAGE SKY COVER 0.1


WEATHER CONDITIONS
 THE FOLLOWING WEATHER WAS RECORDED YESTERDAY.
  LIGHT SNOW
  FOG


RELATIVE HUMIDITY (PERCENT)
 HIGHEST   100           200 AM
 LOWEST     36           300 PM

..........................................................


THE MONTAGUE CA CLIMATE NORMALS FOR TODAY
                         NORMAL    RECORD    YEAR
 MAXIMUM TEMPERATURE (F)   46        61      1959
 MINIMUM TEMPERATURE (F)   27        12      1952


SUNRISE AND SUNSET
NOVEMBER 28 2014......SUNRISE   715 AM PST   SUNSET   441 PM PST
NOVEMBER 29 2014......SUNRISE   716 AM PST   SUNSET   441 PM PST


-  INDICATES NEGATIVE NUMBERS.
R  INDICATES RECORD WAS SET OR TIED.
MM INDICATES DATA IS MISSING.
T  INDICATES TRACE AMOUNT.




$$
