000
CDUS46 KMFR 060837
CLISIY


CLIMATE REPORT
NATIONAL WEATHER SERVICE MEDFORD, OR
137 AM PDT FRI MAY 6 2016


...................................

...THE MONTAGUE CA CLIMATE SUMMARY FOR MAY 5 2016...

CLIMATE NORMAL PERIOD 1981 TO 2010
CLIMATE RECORD PERIOD 1948 TO 2016


WEATHER ITEM   OBSERVED TIME   RECORD YEAR NORMAL DEPARTURE LAST
                VALUE   (LST)  VALUE       VALUE  FROM      YEAR
                                                  NORMAL
..................................................................
TEMPERATURE (F)
 YESTERDAY
  MAXIMUM         69    143 PM  96    1992  68      1       68
  MINIMUM         45    341 AM  26    1988  38      7       41
  AVERAGE         57                        53      4       55

PRECIPITATION (IN)
  YESTERDAY        0.02          0.67 1979   0.06  -0.04     0.00
  MONTH TO DATE    0.11                      0.33  -0.22     0.00
  SINCE OCT 1     13.22                     15.24  -2.02    11.04
  SINCE JAN 1      8.13                      8.41  -0.28     5.13

SNOWFALL (IN)
  YESTERDAY       MM                        MM     MM       MM
  MONTH TO DATE   MM                        MM     MM       MM
  SINCE JUL 1     MM                        MM     MM       MM
  SNOW DEPTH      MM

DEGREE DAYS
 HEATING
  YESTERDAY        8                        12     -4       10
  MONTH TO DATE   35                        62    -27       27
  SINCE MAR 1    979                      1283   -304     1007
  SINCE JUL 1   4396                      5160   -764     4149

 COOLING
  YESTERDAY        0                         0      0        0
  MONTH TO DATE    0                         0      0        0
  SINCE MAR 1      0                         0      0        0
  SINCE JAN 1      0                         0      0        0
..................................................................


WIND (MPH)
  HIGHEST WIND SPEED    22   HIGHEST WIND DIRECTION     N (340)
  HIGHEST GUST SPEED    28   HIGHEST GUST DIRECTION     N (340)
  AVERAGE WIND SPEED     6.5


SKY COVER
  POSSIBLE SUNSHINE  MM
  AVERAGE SKY COVER 0.4


WEATHER CONDITIONS
 THE FOLLOWING WEATHER WAS RECORDED YESTERDAY.
  LIGHT RAIN


RELATIVE HUMIDITY (PERCENT)
 HIGHEST    93           100 AM
 LOWEST     52           200 PM

..........................................................


THE MONTAGUE CA CLIMATE NORMALS FOR TODAY
                         NORMAL    RECORD    YEAR
 MAXIMUM TEMPERATURE (F)   69        96      1992
 MINIMUM TEMPERATURE (F)   38        24      1968


SUNRISE AND SUNSET
MAY  6 2016...........SUNRISE   559 AM PDT   SUNSET   814 PM PDT
MAY  7 2016...........SUNRISE   558 AM PDT   SUNSET   815 PM PDT


-  INDICATES NEGATIVE NUMBERS.
R  INDICATES RECORD WAS SET OR TIED.
MM INDICATES DATA IS MISSING.
T  INDICATES TRACE AMOUNT.




$$
