000
CDUS46 KMFR 010838
CLISIY


CLIMATE REPORT
NATIONAL WEATHER SERVICE MEDFORD, OR
138 AM PDT MON SEP 1 2014


...................................

...THE MONTAGUE CA CLIMATE SUMMARY FOR AUGUST 31 2014...

CLIMATE NORMAL PERIOD 1981 TO 2010
CLIMATE RECORD PERIOD 1948 TO 2014


WEATHER ITEM   OBSERVED TIME   RECORD YEAR NORMAL DEPARTURE LAST
                VALUE   (LST)  VALUE       VALUE  FROM      YEAR
                                                  NORMAL
..................................................................
TEMPERATURE (F)
 YESTERDAY
  MAXIMUM         83    400 PM 102    1950  86     -3       95
  MINIMUM         50    523 AM  37    2008  48      2       51
  AVERAGE         67                        67      0       73

PRECIPITATION (IN)
  YESTERDAY        0.00          0.50 1963   0.00   0.00     0.00
  MONTH TO DATE    T                         0.34  -0.34     0.50
  SINCE SEP 1      7.55                     18.47 -10.92     9.15
  SINCE JAN 1      6.17                     11.00  -4.83     4.33

SNOWFALL (IN)
  YESTERDAY       MM                        MM     MM       MM
  MONTH TO DATE   MM                        MM     MM       MM
  SINCE JUL 1     MM                        MM     MM       MM
  SNOW DEPTH      MM

DEGREE DAYS
 HEATING
  YESTERDAY        0                         1     -1        0
  MONTH TO DATE    0                         9     -9        0
  SINCE JUN 1     46                       110    -64       70
  SINCE JUL 1      0                        17    -17        0

 COOLING
  YESTERDAY        2                         3     -1        8
  MONTH TO DATE  280                       188     92      190
  SINCE JUN 1    794                       488    306      677
  SINCE JAN 1    801                       501    300      689
..................................................................


WIND (MPH)
  HIGHEST WIND SPEED    21   HIGHEST WIND DIRECTION     N (360)
  HIGHEST GUST SPEED    25   HIGHEST GUST DIRECTION     N (360)
  AVERAGE WIND SPEED     9.8


SKY COVER
  POSSIBLE SUNSHINE  MM
  AVERAGE SKY COVER 0.2


WEATHER CONDITIONS
 THE FOLLOWING WEATHER WAS RECORDED YESTERDAY.
  HAZE


RELATIVE HUMIDITY (PERCENT)
 HIGHEST    77           400 AM
 LOWEST     17           300 PM

..........................................................


THE MONTAGUE CA CLIMATE NORMALS FOR TODAY
                         NORMAL    RECORD    YEAR
 MAXIMUM TEMPERATURE (F)   86       102      1988
 MINIMUM TEMPERATURE (F)   48        38      2008


SUNRISE AND SUNSET
SEPTEMBER  1 2014.....SUNRISE   636 AM PDT   SUNSET   743 PM PDT
SEPTEMBER  2 2014.....SUNRISE   637 AM PDT   SUNSET   741 PM PDT


-  INDICATES NEGATIVE NUMBERS.
R  INDICATES RECORD WAS SET OR TIED.
MM INDICATES DATA IS MISSING.
T  INDICATES TRACE AMOUNT.




$$
