957
CDUS46 KMFR 070841
CLISIY


CLIMATE REPORT
NATIONAL WEATHER SERVICE MEDFORD, OR
1241 AM PST WED DEC 7 2016


...................................

...THE MONTAGUE CA CLIMATE SUMMARY FOR DECEMBER 6 2016...

CLIMATE NORMAL PERIOD 1981 TO 2010
CLIMATE RECORD PERIOD 1948 TO 2016


WEATHER ITEM   OBSERVED TIME   RECORD YEAR NORMAL DEPARTURE LAST
                VALUE   (LST)  VALUE       VALUE  FROM      YEAR
                                                  NORMAL
..................................................................
TEMPERATURE (F)
 YESTERDAY
  MAXIMUM         42    140 PM  57    1988  44     -2       50
  MINIMUM         23   1155 PM  12    2009  26     -3       36
  AVERAGE         33                        35     -2       43

PRECIPITATION (IN)
  YESTERDAY        T             1.01 1952   0.08  -0.08     0.19
  MONTH TO DATE    0.03                      0.47  -0.44     0.53
  SINCE OCT 1      6.01                      4.64   1.37     1.54
  SINCE JAN 1     16.24                     16.28  -0.04     8.76

SNOWFALL (IN)
  YESTERDAY       MM                        MM     MM       MM
  MONTH TO DATE   MM                        MM     MM       MM
  SINCE JUL 1     MM                        MM     MM       MM
  SNOW DEPTH      MM

DEGREE DAYS
 HEATING
  YESTERDAY       32                        30      2       22
  MONTH TO DATE  182                       178      4      149
  SINCE DEC 1    182                       178      4      149
  SINCE JUL 1   1312                      1484   -172     1232

 COOLING
  YESTERDAY        0                         0      0        0
  MONTH TO DATE    0                         0      0        0
  SINCE DEC 1      0                         0      0        0
  SINCE JAN 1    689                       544    145      922
..................................................................


WIND (MPH)
  HIGHEST WIND SPEED    17   HIGHEST WIND DIRECTION     N (20)
  HIGHEST GUST SPEED    22   HIGHEST GUST DIRECTION     W (260)
  AVERAGE WIND SPEED     6.1


SKY COVER
  POSSIBLE SUNSHINE  MM
  AVERAGE SKY COVER 0.7


WEATHER CONDITIONS
 THE FOLLOWING WEATHER WAS RECORDED YESTERDAY.
  LIGHT SNOW
  FOG


RELATIVE HUMIDITY (PERCENT)
 HIGHEST   100           500 AM
 LOWEST     46           300 PM

..........................................................


THE MONTAGUE CA CLIMATE NORMALS FOR TODAY
                         NORMAL    RECORD    YEAR
 MAXIMUM TEMPERATURE (F)   44        57      2010
                                             1977
 MINIMUM TEMPERATURE (F)   26         0      2013


SUNRISE AND SUNSET
DECEMBER  7 2016......SUNRISE   724 AM PST   SUNSET   439 PM PST
DECEMBER  8 2016......SUNRISE   725 AM PST   SUNSET   439 PM PST


-  INDICATES NEGATIVE NUMBERS.
R  INDICATES RECORD WAS SET OR TIED.
MM INDICATES DATA IS MISSING.
T  INDICATES TRACE AMOUNT.




$$
