000
CDUS46 KMFR 220837
CLISIY


CLIMATE REPORT
NATIONAL WEATHER SERVICE MEDFORD, OR
1236 AM PST MON DEC 22 2014


...................................

...THE MONTAGUE CA CLIMATE SUMMARY FOR DECEMBER 21 2014...

CLIMATE NORMAL PERIOD 1981 TO 2010
CLIMATE RECORD PERIOD 1948 TO 2014


WEATHER ITEM   OBSERVED TIME   RECORD YEAR NORMAL DEPARTURE LAST
                VALUE   (LST)  VALUE       VALUE  FROM      YEAR
                                                  NORMAL
..................................................................
TEMPERATURE (F)
 YESTERDAY
  MAXIMUM         60R   308 PM  58    1955  44     16       54
  MINIMUM         45   1010 PM  -3    1990  26     19       24
  AVERAGE         53                        35     18       39

PRECIPITATION (IN)
  YESTERDAY        0.01          2.16 1969   0.10  -0.09     0.00
  MONTH TO DATE    2.44                      1.82   0.62     0.09
  SINCE SEP 1      7.01                      6.63   0.38     1.38
  SINCE JAN 1     13.18                     17.63  -4.45     5.71

SNOWFALL (IN)
  YESTERDAY       MM                        MM     MM       MM
  MONTH TO DATE   MM                        MM     MM       MM
  SINCE JUL 1     MM                        MM     MM        0.0
  SNOW DEPTH      MM

DEGREE DAYS
 HEATING
  YESTERDAY       12                        30    -18       26
  MONTH TO DATE  442                       628   -186      833
  SINCE DEC 1    442                       628   -186      833
  SINCE JUL 1   1447                      1934   -487     2153

 COOLING
  YESTERDAY        0                         0      0        0
  MONTH TO DATE    0                         0      0        0
  SINCE DEC 1      0                         0      0        0
  SINCE JAN 1    913                       544    369      776
..................................................................


WIND (MPH)
  HIGHEST WIND SPEED    18   HIGHEST WIND DIRECTION     W (270)
  HIGHEST GUST SPEED    24   HIGHEST GUST DIRECTION     W (270)
  AVERAGE WIND SPEED     6.5


SKY COVER
  POSSIBLE SUNSHINE  MM
  AVERAGE SKY COVER 0.8


WEATHER CONDITIONS
 THE FOLLOWING WEATHER WAS RECORDED YESTERDAY.
  LIGHT RAIN


RELATIVE HUMIDITY (PERCENT)
 HIGHEST    86           900 AM
 LOWEST     72           100 PM

..........................................................


THE MONTAGUE CA CLIMATE NORMALS FOR TODAY
                         NORMAL    RECORD    YEAR
 MAXIMUM TEMPERATURE (F)   44        58      1980
 MINIMUM TEMPERATURE (F)   26        -5      1990


SUNRISE AND SUNSET
DECEMBER 22 2014......SUNRISE   734 AM PST   SUNSET   443 PM PST
DECEMBER 23 2014......SUNRISE   735 AM PST   SUNSET   443 PM PST


-  INDICATES NEGATIVE NUMBERS.
R  INDICATES RECORD WAS SET OR TIED.
MM INDICATES DATA IS MISSING.
T  INDICATES TRACE AMOUNT.




$$
