000
CDUS46 KMFR 300037
CLISIY


CLIMATE REPORT
NATIONAL WEATHER SERVICE MEDFORD, OR
437 PM PST THU JAN 29 2015


...................................

...THE MONTAGUE CA CLIMATE SUMMARY FOR JANUARY 29 2015...
VALID TODAY AS OF 0400 PM LOCAL TIME.

CLIMATE NORMAL PERIOD 1981 TO 2010
CLIMATE RECORD PERIOD 1948 TO 2015


WEATHER ITEM   OBSERVED TIME   RECORD YEAR NORMAL DEPARTURE LAST
                VALUE   (LST)  VALUE       VALUE  FROM      YEAR
                                                  NORMAL
..................................................................
TEMPERATURE (F)
 TODAY
  MAXIMUM         56    303 PM  58    1995  46     10       53
  MINIMUM         25    402 AM  -7    1957  26     -1       39
  AVERAGE         41                        36      5       46

PRECIPITATION (IN)
  TODAY            0.00          0.62 1958   0.04  -0.04     0.05
  MONTH TO DATE    0.71                      2.12  -1.41     0.19
  SINCE OCT 1      6.62                      8.95  -2.33     0.83
  SINCE JAN 1      0.71                      2.12  -1.41     0.19

SNOWFALL (IN)
  TODAY           MM                        MM     MM       MM
  MONTH TO DATE   MM                        MM     MM       MM
  SINCE JUL 1     MM                        MM     MM        0.0
  SNOW DEPTH      MM

DEGREE DAYS
 HEATING
  TODAY           24                        29     -5       19
  MONTH TO DATE  759                       865   -106      864
  SINCE DEC 1   1492                      1792   -300     2022
  SINCE JUL 1   2497                      3098   -601     3342

 COOLING
  TODAY            0                         0      0        0
  MONTH TO DATE    0                         0      0        0
  SINCE DEC 1      0                         0      0        0
  SINCE JAN 1      0                         0      0        0
..................................................................


WIND (MPH)
  HIGHEST WIND SPEED     7   HIGHEST WIND DIRECTION     W (250)
  HIGHEST GUST SPEED     9   HIGHEST GUST DIRECTION    SW (230)
  AVERAGE WIND SPEED     1.2


SKY COVER
  POSSIBLE SUNSHINE  MM
  AVERAGE SKY COVER 0.3


WEATHER CONDITIONS
 THE FOLLOWING WEATHER WAS RECORDED TODAY.
  FOG
  FOG W/VISIBILITY <= 1/4 MILE


RELATIVE HUMIDITY (PERCENT)
 HIGHEST   100           600 AM
 LOWEST     51           200 PM

..........................................................


THE MONTAGUE CA CLIMATE NORMALS FOR TOMORROW
                         NORMAL    RECORD    YEAR
 MAXIMUM TEMPERATURE (F)   46        62      1992
 MINIMUM TEMPERATURE (F)   26        -5      1957


SUNRISE AND SUNSET
JANUARY 29 2015.......SUNRISE   725 AM PST   SUNSET   521 PM PST
JANUARY 30 2015.......SUNRISE   724 AM PST   SUNSET   523 PM PST


-  INDICATES NEGATIVE NUMBERS.
R  INDICATES RECORD WAS SET OR TIED.
MM INDICATES DATA IS MISSING.
T  INDICATES TRACE AMOUNT.




$$
