000
CDUS46 KMFR 300840
CLISIY


CLIMATE REPORT
NATIONAL WEATHER SERVICE MEDFORD, OR
139 AM PDT TUE SEP 30 2014


...................................

...THE MONTAGUE CA CLIMATE SUMMARY FOR SEPTEMBER 29 2014...

CLIMATE NORMAL PERIOD 1981 TO 2010
CLIMATE RECORD PERIOD 1948 TO 2014


WEATHER ITEM   OBSERVED TIME   RECORD YEAR NORMAL DEPARTURE LAST
                VALUE   (LST)  VALUE       VALUE  FROM      YEAR
                                                  NORMAL
..................................................................
TEMPERATURE (F)
 YESTERDAY
  MAXIMUM         76    446 PM  93    1967  77     -1       63
  MINIMUM         44    636 AM  28    2007  39      5       54
  AVERAGE         60                        58      2       59

PRECIPITATION (IN)
  YESTERDAY        0.00          0.72 1962   0.03  -0.03     0.24
  MONTH TO DATE    1.38                      0.61   0.77     0.47
  SINCE SEP 1      1.38                      0.61   0.77     0.47
  SINCE JAN 1      7.55                     11.61  -4.06     4.80

SNOWFALL (IN)
  YESTERDAY       MM                        MM     MM       MM
  MONTH TO DATE   MM                        MM     MM       MM
  SINCE JUL 1     MM                        MM     MM       MM
  SNOW DEPTH      MM

DEGREE DAYS
 HEATING
  YESTERDAY        5                         7     -2        6
  MONTH TO DATE   37                       117    -80      136
  SINCE SEP 1     37                       117    -80      136
  SINCE JUL 1     37                       134    -97      136

 COOLING
  YESTERDAY        0                         0      0        0
  MONTH TO DATE  112                        42     70       87
  SINCE SEP 1    112                        42     70       87
  SINCE JAN 1    913                       543    370      776
..................................................................


WIND (MPH)
  HIGHEST WIND SPEED    15   HIGHEST WIND DIRECTION     N (10)
  HIGHEST GUST SPEED    18   HIGHEST GUST DIRECTION     N (10)
  AVERAGE WIND SPEED     5.2


SKY COVER
  POSSIBLE SUNSHINE  MM
  AVERAGE SKY COVER 0.1


WEATHER CONDITIONS
 THE FOLLOWING WEATHER WAS RECORDED YESTERDAY.
  FOG


RELATIVE HUMIDITY (PERCENT)
 HIGHEST   100           600 AM
 LOWEST     29           500 PM

..........................................................


THE MONTAGUE CA CLIMATE NORMALS FOR TODAY
                         NORMAL    RECORD    YEAR
 MAXIMUM TEMPERATURE (F)   76        95      1966
 MINIMUM TEMPERATURE (F)   39        27      1950


SUNRISE AND SUNSET
SEPTEMBER 30 2014.....SUNRISE   706 AM PDT   SUNSET   653 PM PDT
OCTOBER  1 2014.......SUNRISE   707 AM PDT   SUNSET   651 PM PDT


-  INDICATES NEGATIVE NUMBERS.
R  INDICATES RECORD WAS SET OR TIED.
MM INDICATES DATA IS MISSING.
T  INDICATES TRACE AMOUNT.




$$
