000
CDUS46 KMTR 220026
CLISJC


CLIMATE REPORT
NATIONAL WEATHER SERVICE SAN FRANCISCO BAY AREA
525 PM PDT THU SEP 21 2017


...................................

...THE SAN JOSE CA CLIMATE SUMMARY FOR SEPTEMBER 21 2017...
VALID TODAY AS OF 0500 PM LOCAL TIME.

CLIMATE NORMAL PERIOD 1981 TO 2010
CLIMATE RECORD PERIOD 1893 TO 2017


WEATHER ITEM   OBSERVED TIME   RECORD YEAR NORMAL DEPARTURE LAST
                VALUE   (LST)  VALUE       VALUE  FROM      YEAR
                                                  NORMAL
..................................................................
TEMPERATURE (F)
 TODAY
  MAXIMUM         72    217 PM 101    1939  80     -8       76
  MINIMUM         56    605 AM  39    1893  56      0       58
  AVERAGE         64                        68     -4       67

PRECIPITATION (IN)
  TODAY            0.00          0.66 2013   0.01  -0.01     0.00
  MONTH TO DATE    0.04                      0.10  -0.06      T
  SINCE OCT 1     18.46                     15.74   2.72    14.91
  SINCE JAN 1     14.08                     10.65   3.43    10.21

SNOWFALL (IN)
  TODAY            0.0           0.0  1947
  MONTH TO DATE    0.0
  SINCE SEP 1      0.0
  SINCE JUL 1      0.0

DEGREE DAYS
 HEATING
  TODAY            1                         1      0        0
  MONTH TO DATE    1                         1      0        0
  SINCE SEP 1      1                         1      0        0
  SINCE JUL 1      1                         7     -6        0

 COOLING
  TODAY            0                         3     -3        2
  MONTH TO DATE  219                        90    129       91
  SINCE SEP 1    219                        90    129       91
  SINCE JAN 1    864                       573    291      612
..................................................................


WIND (MPH)
  RESULTANT WIND SPEED  10   RESULTANT WIND DIRECTION   W (280)
  HIGHEST WIND SPEED    20   HIGHEST WIND DIRECTION     W (250)
  HIGHEST GUST SPEED    29   HIGHEST GUST DIRECTION    NW (300)
  AVERAGE WIND SPEED    10.8


SKY COVER
  POSSIBLE SUNSHINE  MM
  AVERAGE SKY COVER 0.2


WEATHER CONDITIONS
 THE FOLLOWING WEATHER WAS RECORDED TODAY.
  NO SIGNIFICANT WEATHER WAS OBSERVED.


RELATIVE HUMIDITY (PERCENT)
 HIGHEST    72           300 AM
 LOWEST     40           100 PM
 AVERAGE    56

..........................................................


THE SAN JOSE CA CLIMATE NORMALS FOR TOMORROW
                         NORMAL    RECORD    YEAR
 MAXIMUM TEMPERATURE (F)   79       101      1939
 MINIMUM TEMPERATURE (F)   56        36      1895


SUNRISE AND SUNSET
SEPTEMBER 21 2017.....SUNRISE   655 AM PDT   SUNSET   706 PM PDT
SEPTEMBER 22 2017.....SUNRISE   656 AM PDT   SUNSET   704 PM PDT


-  INDICATES NEGATIVE NUMBERS.
R  INDICATES RECORD WAS SET OR TIED.
MM INDICATES DATA IS MISSING.
T  INDICATES TRACE AMOUNT.




$$
